205.169.39.116 - - [01/Feb/2023:07:13:29 -0800] "GET / HTTP/1.1" 200 570 "-" "Mozilla/5.0 (Windows NT 10.0; Win64; x64) AppleWebKit/537.36 (KHTML, like Gecko) Chrome/79.0.3945.79 Safari/537.36" "erctherapy.com"
40.77.167.165 - - [01/Feb/2023:07:19:37 -0800] "GET /cruise/large-100.html HTTP/1.1" 200 881 "-" "Mozilla/5.0 AppleWebKit/537.36 (KHTML, like Gecko; compatible; bingbot/2.0; +http://www.bing.com/bingbot.htm) Chrome/103.0.5060.134 Safari/537.36" "erctherapy.com"
51.222.253.16 - - [01/Feb/2023:07:24:45 -0800] "GET /cruise/large-95.html HTTP/1.1" 200 907 "-" "Mozilla/5.0 (compatible; AhrefsBot/7.0; +http://ahrefs.com/robot/)" "erctherapy.com"
52.167.144.41 - - [01/Feb/2023:08:12:17 -0800] "GET /cruise/large-76.html HTTP/1.1" 200 904 "-" "Mozilla/5.0 AppleWebKit/537.36 (KHTML, like Gecko; compatible; bingbot/2.0; +http://www.bing.com/bingbot.htm) Chrome/103.0.5060.134 Safari/537.36" "erctherapy.com"
51.222.253.20 - - [01/Feb/2023:08:30:54 -0800] "GET /cruise/large-124.html HTTP/1.1" 200 892 "-" "Mozilla/5.0 (compatible; AhrefsBot/7.0; +http://ahrefs.com/robot/)" "erctherapy.com"
114.119.137.124 - - [01/Feb/2023:09:13:53 -0800] "GET /robots.txt HTTP/1.1" 404 88 "-" "Mozilla/5.0 (compatible;PetalBot;+https://webmaster.petalsearch.com/site/petalbot)" "erctherapy.com"
51.222.253.11 - - [01/Feb/2023:09:28:49 -0800] "GET /robots.txt HTTP/1.1" 404 88 "-" "Mozilla/5.0 (compatible; AhrefsBot/7.0; +http://ahrefs.com/robot/)" "erctherapy.com"
51.222.253.4 - - [01/Feb/2023:09:28:51 -0800] "GET /?C=D;O=D HTTP/1.1" 200 568 "-" "Mozilla/5.0 (compatible; AhrefsBot/7.0; +http://ahrefs.com/robot/)" "erctherapy.com"
51.222.253.12 - - [01/Feb/2023:10:21:20 -0800] "GET /cruise/large-163.html HTTP/1.1" 200 913 "-" "Mozilla/5.0 (compatible; AhrefsBot/7.0; +http://ahrefs.com/robot/)" "erctherapy.com"
51.222.253.14 - - [01/Feb/2023:11:22:29 -0800] "GET /cruise/large-28.html HTTP/1.1" 200 900 "-" "Mozilla/5.0 (compatible; AhrefsBot/7.0; +http://ahrefs.com/robot/)" "www.erctherapy.com"
51.222.253.16 - - [01/Feb/2023:11:57:27 -0800] "GET /cruise/index7.html HTTP/1.1" 200 1485 "-" "Mozilla/5.0 (compatible; AhrefsBot/7.0; +http://ahrefs.com/robot/)" "erctherapy.com"
51.222.253.13 - - [01/Feb/2023:12:32:08 -0800] "GET /cruise/large-125.html HTTP/1.1" 200 893 "-" "Mozilla/5.0 (compatible; AhrefsBot/7.0; +http://ahrefs.com/robot/)" "erctherapy.com"
114.119.136.217 - - [01/Feb/2023:13:01:24 -0800] "GET /robots.txt HTTP/1.1" 404 88 "-" "Mozilla/5.0 (compatible;PetalBot;+https://webmaster.petalsearch.com/site/petalbot)" "www.erctherapy.com"
51.222.253.20 - - [01/Feb/2023:13:03:55 -0800] "GET /clipart/backgrounds/?C=N;O=D HTTP/1.1" 200 364 "-" "Mozilla/5.0 (compatible; AhrefsBot/7.0; +http://ahrefs.com/robot/)" "erctherapy.com"
51.222.253.10 - - [01/Feb/2023:13:52:48 -0800] "GET /cruise/large-186.html HTTP/1.1" 200 904 "-" "Mozilla/5.0 (compatible; AhrefsBot/7.0; +http://ahrefs.com/robot/)" "erctherapy.com"
23.152.225.2 - - [01/Feb/2023:14:08:08 -0800] "GET / HTTP/1.1" 200 570 "http://erctherapy.com" "Mozilla/5.0 (Macintosh; Intel Mac OS X 10_14_6) AppleWebKit/605.1.15 (KHTML, like Gecko) Version/13.1.1 Safari/605.1.15" "erctherapy.com"
51.222.253.7 - - [01/Feb/2023:14:27:36 -0800] "GET /cruise/large-191.html HTTP/1.1" 200 895 "-" "Mozilla/5.0 (compatible; AhrefsBot/7.0; +http://ahrefs.com/robot/)" "erctherapy.com"
51.222.253.18 - - [01/Feb/2023:14:55:46 -0800] "GET /robots.txt HTTP/1.1" 404 88 "-" "Mozilla/5.0 (compatible; AhrefsBot/7.0; +http://ahrefs.com/robot/)" "www.erctherapy.com"
51.222.253.1 - - [01/Feb/2023:14:55:47 -0800] "GET /docs/ HTTP/1.1" 200 363 "-" "Mozilla/5.0 (compatible; AhrefsBot/7.0; +http://ahrefs.com/robot/)" "www.erctherapy.com"
142.4.5.242 - - [01/Feb/2023:15:10:16 -0800] "POST / HTTP/1.1" 404 88 "-" "Mozilla/5.0 (X11; Linux x86_64) AppleWebKit/537.36 (KHTML, like Gecko) Chrome/81.0.4044.129 Safari/537.36" "erctherapy.com"
51.222.253.9 - - [01/Feb/2023:15:18:12 -0800] "GET /cruise/large-126.html HTTP/1.1" 200 903 "-" "Mozilla/5.0 (compatible; AhrefsBot/7.0; +http://ahrefs.com/robot/)" "erctherapy.com"
157.90.181.151 - - [01/Feb/2023:15:19:09 -0800] "GET /robots.txt HTTP/1.1" 404 88 "-" "Mozilla/5.0 (compatible; BLEXBot/1.0; +http://webmeup-crawler.com/)" "erctherapy.com"
157.90.181.151 - - [01/Feb/2023:15:19:10 -0800] "GET /sitemap HTTP/1.1" 404 88 "-" "Mozilla/5.0 (compatible; BLEXBot/1.0; +http://webmeup-crawler.com/)" "erctherapy.com"
157.90.181.151 - - [01/Feb/2023:15:19:33 -0800] "GET /sitemap.txt HTTP/1.1" 404 88 "-" "Mozilla/5.0 (compatible; BLEXBot/1.0; +http://webmeup-crawler.com/)" "erctherapy.com"
157.90.181.151 - - [01/Feb/2023:15:19:56 -0800] "GET /?C=D;O=A HTTP/1.1" 200 570 "-" "Mozilla/5.0 (compatible; BLEXBot/1.0; +http://webmeup-crawler.com/)" "erctherapy.com"
157.90.181.151 - - [01/Feb/2023:15:20:20 -0800] "GET /?C=M;O=A HTTP/1.1" 200 568 "-" "Mozilla/5.0 (compatible; BLEXBot/1.0; +http://webmeup-crawler.com/)" "erctherapy.com"
157.90.181.151 - - [01/Feb/2023:15:20:43 -0800] "GET /?C=N;O=D HTTP/1.1" 200 568 "-" "Mozilla/5.0 (compatible; BLEXBot/1.0; +http://webmeup-crawler.com/)" "erctherapy.com"
157.90.181.151 - - [01/Feb/2023:15:21:06 -0800] "GET /?C=S;O=A HTTP/1.1" 200 556 "-" "Mozilla/5.0 (compatible; BLEXBot/1.0; +http://webmeup-crawler.com/)" "erctherapy.com"
157.90.181.151 - - [01/Feb/2023:15:21:30 -0800] "GET /about.html HTTP/1.1" 200 1660 "-" "Mozilla/5.0 (compatible; BLEXBot/1.0; +http://webmeup-crawler.com/)" "erctherapy.com"
157.90.181.151 - - [01/Feb/2023:15:21:53 -0800] "GET /buttons/ HTTP/1.1" 200 313 "-" "Mozilla/5.0 (compatible; BLEXBot/1.0; +http://webmeup-crawler.com/)" "erctherapy.com"
157.90.181.151 - - [01/Feb/2023:15:22:16 -0800] "GET /clipart/ HTTP/1.1" 200 369 "-" "Mozilla/5.0 (compatible; BLEXBot/1.0; +http://webmeup-crawler.com/)" "erctherapy.com"
157.90.181.151 - - [01/Feb/2023:15:23:33 -0800] "GET /cruise/ HTTP/1.1" 200 1485 "-" "Mozilla/5.0 (compatible; BLEXBot/1.0; +http://webmeup-crawler.com/)" "erctherapy.com"
157.90.181.151 - - [01/Feb/2023:15:23:56 -0800] "GET /docs/ HTTP/1.1" 200 363 "-" "Mozilla/5.0 (compatible; BLEXBot/1.0; +http://webmeup-crawler.com/)" "erctherapy.com"
157.90.181.151 - - [01/Feb/2023:15:24:20 -0800] "GET /images/ HTTP/1.1" 200 753 "-" "Mozilla/5.0 (compatible; BLEXBot/1.0; +http://webmeup-crawler.com/)" "erctherapy.com"
157.90.181.151 - - [01/Feb/2023:15:24:43 -0800] "GET /news.html HTTP/1.1" 200 2265 "-" "Mozilla/5.0 (compatible; BLEXBot/1.0; +http://webmeup-crawler.com/)" "erctherapy.com"
157.90.181.151 - - [01/Feb/2023:15:25:06 -0800] "GET /philippines.html HTTP/1.1" 200 2786 "-" "Mozilla/5.0 (compatible; BLEXBot/1.0; +http://webmeup-crawler.com/)" "erctherapy.com"
157.90.181.151 - - [01/Feb/2023:15:25:30 -0800] "GET /sitebuilder/ HTTP/1.1" 200 355 "-" "Mozilla/5.0 (compatible; BLEXBot/1.0; +http://webmeup-crawler.com/)" "erctherapy.com"
157.90.181.151 - - [01/Feb/2023:15:25:53 -0800] "GET /storm/ HTTP/1.1" 200 408 "-" "Mozilla/5.0 (compatible; BLEXBot/1.0; +http://webmeup-crawler.com/)" "erctherapy.com"
51.222.253.4 - - [01/Feb/2023:15:42:35 -0800] "GET /cruise/large-214.html HTTP/1.1" 200 909 "-" "Mozilla/5.0 (compatible; AhrefsBot/7.0; +http://ahrefs.com/robot/)" "erctherapy.com"
51.222.253.3 - - [01/Feb/2023:15:42:41 -0800] "GET /cruise/assets/css/global.css HTTP/1.1" 200 1339 "-" "Mozilla/5.0 (compatible; AhrefsBot/7.0; +http://ahrefs.com/robot/)" "erctherapy.com"
51.222.253.9 - - [01/Feb/2023:16:08:14 -0800] "GET /sitebuilder/?C=M;O=D HTTP/1.1" 200 353 "-" "Mozilla/5.0 (compatible; AhrefsBot/7.0; +http://ahrefs.com/robot/)" "erctherapy.com"
54.218.17.47 - - [01/Feb/2023:16:16:30 -0800] "GET / HTTP/1.1" 200 570 "-" "Mozilla/5.0 (X11; Linux x86_64) AppleWebKit/537.36 (KHTML, like Gecko) Chrome/83.0.4103.97 Safari/537.36" "erctherapy.com"
35.90.51.106 - - [01/Feb/2023:16:17:13 -0800] "GET / HTTP/1.1" 200 570 "-" "Mozilla/5.0 (X11; Linux x86_64) AppleWebKit/537.36 (KHTML, like Gecko) Chrome/83.0.4103.97 Safari/537.36" "erctherapy.com"
52.33.210.17 - - [01/Feb/2023:16:23:34 -0800] "GET / HTTP/1.1" 200 570 "-" "Mozilla/5.0 (X11; Linux x86_64) AppleWebKit/537.36 (KHTML, like Gecko) Chrome/83.0.4103.97 Safari/537.36" "erctherapy.com"
54.71.21.217 - - [01/Feb/2023:16:26:53 -0800] "GET /favicon.ico HTTP/1.1" 404 88 "-" "Mozilla/5.0 (X11; Linux x86_64) AppleWebKit/537.36 (KHTML, like Gecko) Chrome/83.0.4103.97 Safari/537.36" "erctherapy.com"
54.71.21.217 - - [01/Feb/2023:16:26:53 -0800] "GET / HTTP/1.1" 200 570 "-" "Mozilla/5.0 (X11; Linux x86_64) AppleWebKit/537.36 (KHTML, like Gecko) Chrome/83.0.4103.97 Safari/537.36" "erctherapy.com"
34.222.171.18 - - [01/Feb/2023:16:27:09 -0800] "GET /favicon.ico HTTP/1.1" 404 88 "-" "Mozilla/5.0 (X11; Linux x86_64) AppleWebKit/537.36 (KHTML, like Gecko) Chrome/83.0.4103.97 Safari/537.36" "erctherapy.com"
34.222.171.18 - - [01/Feb/2023:16:27:11 -0800] "GET / HTTP/1.1" 200 570 "-" "Mozilla/5.0 (X11; Linux x86_64) AppleWebKit/537.36 (KHTML, like Gecko) Chrome/83.0.4103.97 Safari/537.36" "erctherapy.com"
194.63.142.248 - - [01/Feb/2023:16:29:11 -0800] "GET /sitemap.php HTTP/1.1" 404 88 "-" "Mozilla/4.0 (compatible; MSIE 6.0; Windows NT 5.1; SV1)" "erctherapy.com"
51.222.253.8 - - [01/Feb/2023:16:33:17 -0800] "GET / HTTP/1.1" 200 570 "-" "Mozilla/5.0 (compatible; AhrefsBot/7.0; +http://ahrefs.com/robot/)" "www.erctherapy.com"
51.222.253.7 - - [01/Feb/2023:17:16:27 -0800] "GET /cruise/large-190.html HTTP/1.1" 200 905 "-" "Mozilla/5.0 (compatible; AhrefsBot/7.0; +http://ahrefs.com/robot/)" "erctherapy.com"
51.222.253.15 - - [01/Feb/2023:17:16:42 -0800] "GET /cruise/pictures/picture-190.jpg HTTP/1.1" 200 310842 "-" "Mozilla/5.0 (compatible; AhrefsBot/7.0; +http://ahrefs.com/robot/)" "erctherapy.com"
193.169.253.80 - - [01/Feb/2023:17:40:52 -0800] "GET / HTTP/1.1" 200 2041 "-" "Mozilla/5.0 (Windows NT 10.0; Win64; x64) AppleWebKit/537.36 (KHTML, like Gecko) Chrome/79.0 Safari/537.36" "erctherapy.com"
51.222.253.4 - - [01/Feb/2023:18:38:52 -0800] "GET /cruise/large-189.html HTTP/1.1" 200 900 "-" "Mozilla/5.0 (compatible; AhrefsBot/7.0; +http://ahrefs.com/robot/)" "erctherapy.com"
51.222.253.16 - - [01/Feb/2023:18:38:54 -0800] "GET /cruise/pictures/picture-189.jpg HTTP/1.1" 200 323781 "-" "Mozilla/5.0 (compatible; AhrefsBot/7.0; +http://ahrefs.com/robot/)" "erctherapy.com"
170.64.149.214 - - [01/Feb/2023:19:15:17 -0800] "HEAD / HTTP/1.1" 200 - "-" "curl/7.64.0" "erctherapy.com"
170.64.149.214 - - [01/Feb/2023:19:15:19 -0800] "GET / HTTP/1.1" 200 2041 "-" "Mozilla/5.0 (Windows NT 10.0; Win64; x64) AppleWebKit/537.36 (KHTML, like Gecko) Chrome/99.0.4859.172 Safari/537.36" "erctherapy.com"
170.64.149.214 - - [01/Feb/2023:19:15:29 -0800] "GET /kcfinder/upload.php HTTP/1.1" 404 73 "-" "Mozilla/5.0 (Windows NT 10.0; Win64; x64) AppleWebKit/537.36 (KHTML, like Gecko) Chrome/99.0.4859.172 Safari/537.36" "erctherapy.com"
170.64.149.214 - - [01/Feb/2023:19:15:33 -0800] "GET /asset/kcfinder/upload.php HTTP/1.1" 404 73 "-" "Mozilla/5.0 (Windows NT 10.0; Win64; x64) AppleWebKit/537.36 (KHTML, like Gecko) Chrome/99.0.4859.172 Safari/537.36" "erctherapy.com"
170.64.149.214 - - [01/Feb/2023:19:15:35 -0800] "GET /assets/kcfinder/upload.php HTTP/1.1" 404 73 "-" "Mozilla/5.0 (Windows NT 10.0; Win64; x64) AppleWebKit/537.36 (KHTML, like Gecko) Chrome/99.0.4859.172 Safari/537.36" "erctherapy.com"
170.64.149.214 - - [01/Feb/2023:19:15:39 -0800] "GET /js/kcfinder/upload.php HTTP/1.1" 404 73 "-" "Mozilla/5.0 (Windows NT 10.0; Win64; x64) AppleWebKit/537.36 (KHTML, like Gecko) Chrome/99.0.4859.172 Safari/537.36" "erctherapy.com"
170.64.149.214 - - [01/Feb/2023:19:15:43 -0800] "GET /assets/js/kcfinder/upload.php HTTP/1.1" 404 73 "-" "Mozilla/5.0 (Windows NT 10.0; Win64; x64) AppleWebKit/537.36 (KHTML, like Gecko) Chrome/99.0.4859.172 Safari/537.36" "erctherapy.com"
170.64.149.214 - - [01/Feb/2023:19:15:49 -0800] "GET /assets/plugins/kcfinder/upload.php HTTP/1.1" 404 73 "-" "Mozilla/5.0 (Windows NT 10.0; Win64; x64) AppleWebKit/537.36 (KHTML, like Gecko) Chrome/99.0.4859.172 Safari/537.36" "erctherapy.com"
170.64.149.214 - - [01/Feb/2023:19:15:53 -0800] "GET /plugins/kcfinder/upload.php HTTP/1.1" 404 73 "-" "Mozilla/5.0 (Windows NT 10.0; Win64; x64) AppleWebKit/537.36 (KHTML, like Gecko) Chrome/99.0.4859.172 Safari/537.36" "erctherapy.com"
170.64.149.214 - - [01/Feb/2023:19:15:58 -0800] "GET /filemanager/dialog.php HTTP/1.1" 404 73 "-" "Mozilla/5.0 (Windows NT 10.0; Win64; x64) AppleWebKit/537.36 (KHTML, like Gecko) Chrome/99.0.4859.172 Safari/537.36" "erctherapy.com"
170.64.149.214 - - [01/Feb/2023:19:16:02 -0800] "GET /assets/filemanager/dialog.php HTTP/1.1" 404 73 "-" "Mozilla/5.0 (Windows NT 10.0; Win64; x64) AppleWebKit/537.36 (KHTML, like Gecko) Chrome/99.0.4859.172 Safari/537.36" "erctherapy.com"
170.64.149.214 - - [01/Feb/2023:19:16:05 -0800] "GET /assets/plugins/filemanager/dialog.php HTTP/1.1" 404 73 "-" "Mozilla/5.0 (Windows NT 10.0; Win64; x64) AppleWebKit/537.36 (KHTML, like Gecko) Chrome/99.0.4859.172 Safari/537.36" "erctherapy.com"
170.64.149.214 - - [01/Feb/2023:19:16:11 -0800] "GET /phpformbuilder/plugins/filemanager/dialog.php HTTP/1.1" 404 73 "-" "Mozilla/5.0 (Windows NT 10.0; Win64; x64) AppleWebKit/537.36 (KHTML, like Gecko) Chrome/99.0.4859.172 Safari/537.36" "erctherapy.com"
170.64.149.214 - - [01/Feb/2023:19:16:14 -0800] "GET /assets/tinymce/plugins/filemanager/dialog.php HTTP/1.1" 404 73 "-" "Mozilla/5.0 (Windows NT 10.0; Win64; x64) AppleWebKit/537.36 (KHTML, like Gecko) Chrome/99.0.4859.172 Safari/537.36" "erctherapy.com"
51.222.253.12 - - [01/Feb/2023:20:36:44 -0800] "GET /cruise/large-188.html HTTP/1.1" 200 894 "-" "Mozilla/5.0 (compatible; AhrefsBot/7.0; +http://ahrefs.com/robot/)" "erctherapy.com"
51.222.253.2 - - [01/Feb/2023:20:36:52 -0800] "GET /cruise/pictures/picture-188.jpg HTTP/1.1" 200 345100 "-" "Mozilla/5.0 (compatible; AhrefsBot/7.0; +http://ahrefs.com/robot/)" "erctherapy.com"
34.136.195.127 - - [01/Feb/2023:21:26:59 -0800] "GET / HTTP/1.1" 200 570 "-" "python-requests/2.27.1" "erctherapy.com"
213.180.203.174 - - [01/Feb/2023:21:37:39 -0800] "GET /robots.txt HTTP/1.1" 404 73 "-" "Mozilla/5.0 (compatible; YandexBot/3.0; +http://yandex.com/bots)" "erctherapy.com"
54.36.148.218 - - [01/Feb/2023:22:16:40 -0800] "GET /robots.txt HTTP/1.1" 404 88 "-" "Mozilla/5.0 (compatible; AhrefsBot/7.0; +http://ahrefs.com/robot/)" "erctherapy.com"
51.222.253.16 - - [01/Feb/2023:22:16:42 -0800] "GET /cruise/large-213.html HTTP/1.1" 200 899 "-" "Mozilla/5.0 (compatible; AhrefsBot/7.0; +http://ahrefs.com/robot/)" "erctherapy.com"
5.255.231.16 - - [01/Feb/2023:22:19:45 -0800] "GET /cruise/large-185.html HTTP/1.1" 200 895 "-" "Mozilla/5.0 (compatible; YandexBot/3.0; +http://yandex.com/bots)" "erctherapy.com"
213.180.203.136 - - [01/Feb/2023:22:20:20 -0800] "GET /cruise/pictures/picture-185.jpg HTTP/1.1" 200 204018 "-" "Mozilla/5.0 (compatible; YandexImages/3.0; +http://yandex.com/bots)" "erctherapy.com"
40.77.167.165 - - [01/Feb/2023:22:48:25 -0800] "GET /cruise/large-63.html HTTP/1.1" 200 892 "-" "Mozilla/5.0 AppleWebKit/537.36 (KHTML, like Gecko; compatible; bingbot/2.0; +http://www.bing.com/bingbot.htm) Chrome/103.0.5060.134 Safari/537.36" "erctherapy.com"
54.36.148.172 - - [01/Feb/2023:23:51:39 -0800] "GET /robots.txt HTTP/1.1" 404 88 "-" "Mozilla/5.0 (compatible; AhrefsBot/7.0; +http://ahrefs.com/robot/)" "erctherapy.com"
51.222.253.14 - - [01/Feb/2023:23:51:55 -0800] "GET /cruise/large-187.html HTTP/1.1" 200 915 "-" "Mozilla/5.0 (compatible; AhrefsBot/7.0; +http://ahrefs.com/robot/)" "erctherapy.com"
45.41.141.52 - - [01/Feb/2023:23:54:33 -0800] "GET / HTTP/1.1" 200 570 "-" "Mozilla/5.0 (Macintosh; Intel Mac OS X 10_15_7) AppleWebKit/537.36 (KHTML like Gecko) Chrome/99.0.4844.83 Safari/537.36" "www.erctherapy.com"
45.41.143.94 - - [01/Feb/2023:23:54:40 -0800] "GET /?C=M;O=A HTTP/1.1" 200 568 "-" "Mozilla/5.0 (Macintosh; Intel Mac OS X 10_15_7) AppleWebKit/537.36 (KHTML like Gecko) Chrome/100.0.4896.75 Safari/537.36" "www.erctherapy.com"
209.99.146.65 - - [01/Feb/2023:23:54:42 -0800] "GET /?C=D;O=A HTTP/1.1" 200 570 "-" "Mozilla/5.0 (Macintosh; Intel Mac OS X 10_15_7) AppleWebKit/537.36 (KHTML like Gecko) Chrome/100.0.4896.75 Safari/537.36" "www.erctherapy.com"
168.151.58.217 - - [01/Feb/2023:23:54:45 -0800] "GET /about.html HTTP/1.1" 200 1660 "-" "Mozilla/5.0 (Macintosh; Intel Mac OS X 10_13_6) AppleWebKit/537.36 (KHTML like Gecko) Chrome/100.0.4896.127 Safari/537.36" "www.erctherapy.com"
168.151.58.217 - - [01/Feb/2023:23:54:45 -0800] "GET /images/ERC_Logo2.png HTTP/1.1" 200 5315 "http://www.erctherapy.com/about.html" "Mozilla/5.0 (Macintosh; Intel Mac OS X 10_13_6) AppleWebKit/537.36 (KHTML like Gecko) Chrome/100.0.4896.127 Safari/537.36" "www.erctherapy.com"
168.151.58.217 - - [01/Feb/2023:23:54:45 -0800] "GET /sitebuilder/images/sidenavNews-114x23.jpg HTTP/1.1" 200 1358 "http://www.erctherapy.com/about.html" "Mozilla/5.0 (Macintosh; Intel Mac OS X 10_13_6) AppleWebKit/537.36 (KHTML like Gecko) Chrome/100.0.4896.127 Safari/537.36" "www.erctherapy.com"
104.194.194.12 - - [01/Feb/2023:23:54:45 -0800] "GET /buttons/ HTTP/1.1" 200 313 "-" "Mozilla/5.0 (Windows NT 10.0; Win64; x64) AppleWebKit/537.36 (KHTML like Gecko) Chrome/100.0.4896.60 Safari/537.36" "www.erctherapy.com"
168.151.58.217 - - [01/Feb/2023:23:54:45 -0800] "GET /sitebuilder/images/IMG_0292-375x105.jpg HTTP/1.1" 200 7671 "http://www.erctherapy.com/about.html" "Mozilla/5.0 (Macintosh; Intel Mac OS X 10_13_6) AppleWebKit/537.36 (KHTML like Gecko) Chrome/100.0.4896.127 Safari/537.36" "www.erctherapy.com"
168.151.58.217 - - [01/Feb/2023:23:54:45 -0800] "GET /sitebuilder/images/sidenavHome-114x23.jpg HTTP/1.1" 200 1351 "http://www.erctherapy.com/about.html" "Mozilla/5.0 (Macintosh; Intel Mac OS X 10_13_6) AppleWebKit/537.36 (KHTML like Gecko) Chrome/100.0.4896.127 Safari/537.36" "www.erctherapy.com"
168.151.58.217 - - [01/Feb/2023:23:54:45 -0800] "GET /sitebuilder/images/sidenavAboutUs-114x23.jpg HTTP/1.1" 200 1486 "http://www.erctherapy.com/about.html" "Mozilla/5.0 (Macintosh; Intel Mac OS X 10_13_6) AppleWebKit/537.36 (KHTML like Gecko) Chrome/100.0.4896.127 Safari/537.36" "www.erctherapy.com"
168.151.58.217 - - [01/Feb/2023:23:54:45 -0800] "GET /sitebuilder/images/sidenavContacUs-114x23.jpg HTTP/1.1" 200 1570 "http://www.erctherapy.com/about.html" "Mozilla/5.0 (Macintosh; Intel Mac OS X 10_13_6) AppleWebKit/537.36 (KHTML like Gecko) Chrome/100.0.4896.127 Safari/537.36" "www.erctherapy.com"
209.99.150.223 - - [01/Feb/2023:23:54:51 -0800] "GET /cruise/ HTTP/1.1" 200 1485 "-" "Mozilla/5.0 (Macintosh; Intel Mac OS X 10_14_6) AppleWebKit/537.36 (KHTML like Gecko) Chrome/100.0.4896.127 Safari/537.36" "www.erctherapy.com"
209.99.150.223 - - [01/Feb/2023:23:54:51 -0800] "GET /cruise/assets/css/global.css HTTP/1.1" 200 1339 "http://www.erctherapy.com/cruise/" "Mozilla/5.0 (Macintosh; Intel Mac OS X 10_14_6) AppleWebKit/537.36 (KHTML like Gecko) Chrome/100.0.4896.127 Safari/537.36" "www.erctherapy.com"
209.99.150.223 - - [01/Feb/2023:23:54:51 -0800] "GET /cruise/thumbnails/thumb-1.jpg HTTP/1.1" 200 14893 "http://www.erctherapy.com/cruise/" "Mozilla/5.0 (Macintosh; Intel Mac OS X 10_14_6) AppleWebKit/537.36 (KHTML like Gecko) Chrome/100.0.4896.127 Safari/537.36" "www.erctherapy.com"
209.99.150.223 - - [01/Feb/2023:23:54:51 -0800] "GET /cruise/thumbnails/thumb-2.jpg HTTP/1.1" 200 14643 "http://www.erctherapy.com/cruise/" "Mozilla/5.0 (Macintosh; Intel Mac OS X 10_14_6) AppleWebKit/537.36 (KHTML like Gecko) Chrome/100.0.4896.127 Safari/537.36" "www.erctherapy.com"
209.99.150.223 - - [01/Feb/2023:23:54:51 -0800] "GET /cruise/thumbnails/thumb-3.jpg HTTP/1.1" 200 9220 "http://www.erctherapy.com/cruise/" "Mozilla/5.0 (Macintosh; Intel Mac OS X 10_14_6) AppleWebKit/537.36 (KHTML like Gecko) Chrome/100.0.4896.127 Safari/537.36" "www.erctherapy.com"
209.99.150.223 - - [01/Feb/2023:23:54:51 -0800] "GET /cruise/thumbnails/thumb-4.jpg HTTP/1.1" 200 14510 "http://www.erctherapy.com/cruise/" "Mozilla/5.0 (Macintosh; Intel Mac OS X 10_14_6) AppleWebKit/537.36 (KHTML like Gecko) Chrome/100.0.4896.127 Safari/537.36" "www.erctherapy.com"
209.99.150.223 - - [01/Feb/2023:23:54:51 -0800] "GET /cruise/thumbnails/thumb-5.jpg HTTP/1.1" 200 8564 "http://www.erctherapy.com/cruise/" "Mozilla/5.0 (Macintosh; Intel Mac OS X 10_14_6) AppleWebKit/537.36 (KHTML like Gecko) Chrome/100.0.4896.127 Safari/537.36" "www.erctherapy.com"
209.99.150.223 - - [01/Feb/2023:23:54:51 -0800] "GET /cruise/thumbnails/thumb-6.jpg HTTP/1.1" 200 9935 "http://www.erctherapy.com/cruise/" "Mozilla/5.0 (Macintosh; Intel Mac OS X 10_14_6) AppleWebKit/537.36 (KHTML like Gecko) Chrome/100.0.4896.127 Safari/537.36" "www.erctherapy.com"
209.99.150.223 - - [01/Feb/2023:23:54:51 -0800] "GET /cruise/thumbnails/thumb-10.jpg HTTP/1.1" 200 21200 "http://www.erctherapy.com/cruise/" "Mozilla/5.0 (Macintosh; Intel Mac OS X 10_14_6) AppleWebKit/537.36 (KHTML like Gecko) Chrome/100.0.4896.127 Safari/537.36" "www.erctherapy.com"
209.99.150.223 - - [01/Feb/2023:23:54:51 -0800] "GET /cruise/thumbnails/thumb-9.jpg HTTP/1.1" 200 16999 "http://www.erctherapy.com/cruise/" "Mozilla/5.0 (Macintosh; Intel Mac OS X 10_14_6) AppleWebKit/537.36 (KHTML like Gecko) Chrome/100.0.4896.127 Safari/537.36" "www.erctherapy.com"
209.99.150.223 - - [01/Feb/2023:23:54:51 -0800] "GET /cruise/thumbnails/thumb-11.jpg HTTP/1.1" 200 19006 "http://www.erctherapy.com/cruise/" "Mozilla/5.0 (Macintosh; Intel Mac OS X 10_14_6) AppleWebKit/537.36 (KHTML like Gecko) Chrome/100.0.4896.127 Safari/537.36" "www.erctherapy.com"
209.99.150.223 - - [01/Feb/2023:23:54:51 -0800] "GET /cruise/thumbnails/thumb-7.jpg HTTP/1.1" 200 11996 "http://www.erctherapy.com/cruise/" "Mozilla/5.0 (Macintosh; Intel Mac OS X 10_14_6) AppleWebKit/537.36 (KHTML like Gecko) Chrome/100.0.4896.127 Safari/537.36" "www.erctherapy.com"
209.99.150.223 - - [01/Feb/2023:23:54:51 -0800] "GET /cruise/thumbnails/thumb-12.jpg HTTP/1.1" 200 18317 "http://www.erctherapy.com/cruise/" "Mozilla/5.0 (Macintosh; Intel Mac OS X 10_14_6) AppleWebKit/537.36 (KHTML like Gecko) Chrome/100.0.4896.127 Safari/537.36" "www.erctherapy.com"
209.99.150.223 - - [01/Feb/2023:23:54:51 -0800] "GET /cruise/thumbnails/thumb-8.jpg HTTP/1.1" 200 21459 "http://www.erctherapy.com/cruise/" "Mozilla/5.0 (Macintosh; Intel Mac OS X 10_14_6) AppleWebKit/537.36 (KHTML like Gecko) Chrome/100.0.4896.127 Safari/537.36" "www.erctherapy.com"
209.99.150.223 - - [01/Feb/2023:23:54:51 -0800] "GET /cruise/thumbnails/thumb-13.jpg HTTP/1.1" 200 8826 "http://www.erctherapy.com/cruise/" "Mozilla/5.0 (Macintosh; Intel Mac OS X 10_14_6) AppleWebKit/537.36 (KHTML like Gecko) Chrome/100.0.4896.127 Safari/537.36" "www.erctherapy.com"
209.99.150.223 - - [01/Feb/2023:23:54:51 -0800] "GET /cruise/thumbnails/thumb-14.jpg HTTP/1.1" 200 13011 "http://www.erctherapy.com/cruise/" "Mozilla/5.0 (Macintosh; Intel Mac OS X 10_14_6) AppleWebKit/537.36 (KHTML like Gecko) Chrome/100.0.4896.127 Safari/537.36" "www.erctherapy.com"
209.99.150.223 - - [01/Feb/2023:23:54:51 -0800] "GET /cruise/thumbnails/thumb-15.jpg HTTP/1.1" 200 20357 "http://www.erctherapy.com/cruise/" "Mozilla/5.0 (Macintosh; Intel Mac OS X 10_14_6) AppleWebKit/537.36 (KHTML like Gecko) Chrome/100.0.4896.127 Safari/537.36" "www.erctherapy.com"
207.32.146.249 - - [01/Feb/2023:23:55:05 -0800] "GET /?C=N;O=D HTTP/1.1" 200 568 "-" "Mozilla/5.0 (Macintosh; Intel Mac OS X 10_15_7) AppleWebKit/537.36 (KHTML like Gecko) Chrome/100.0.4896.88 Safari/537.36" "www.erctherapy.com"
67.22.61.57 - - [01/Feb/2023:23:55:08 -0800] "GET /?C=S;O=A HTTP/1.1" 200 556 "-" "Mozilla/5.0 (Macintosh; Intel Mac OS X 10_15_7) AppleWebKit/537.36 (KHTML like Gecko) Chrome/99.0.4844.51 Safari/537.36" "www.erctherapy.com"
5.182.199.27 - - [01/Feb/2023:23:55:14 -0800] "GET /contact.html HTTP/1.1" 200 2016 "-" "Mozilla/5.0 (X11; Linux x86_64) AppleWebKit/537.36 (KHTML like Gecko) Chrome/100.0.4896.127 Safari/537.36" "www.erctherapy.com"
5.182.199.27 - - [01/Feb/2023:23:55:14 -0800] "GET /images/ERC_Logo2.png HTTP/1.1" 200 5315 "http://www.erctherapy.com/contact.html" "Mozilla/5.0 (X11; Linux x86_64) AppleWebKit/537.36 (KHTML like Gecko) Chrome/100.0.4896.127 Safari/537.36" "www.erctherapy.com"
67.22.62.33 - - [01/Feb/2023:23:55:16 -0800] "GET /clipart/ HTTP/1.1" 200 369 "-" "Mozilla/5.0 (Windows NT 6.3; Win64; x64) AppleWebKit/537.36 (KHTML like Gecko) Chrome/100.0.4896.127 Safari/537.36" "www.erctherapy.com"
5.182.199.27 - - [01/Feb/2023:23:55:42 -0800] "GET /sitebuilder/images/sidenavNews-114x23.jpg HTTP/1.1" 200 1358 "http://www.erctherapy.com/contact.html" "Mozilla/5.0 (X11; Linux x86_64) AppleWebKit/537.36 (KHTML like Gecko) Chrome/100.0.4896.127 Safari/537.36" "www.erctherapy.com"
5.182.199.27 - - [01/Feb/2023:23:55:42 -0800] "GET /sitebuilder/images/sidenavAboutUs-114x23.jpg HTTP/1.1" 200 1486 "http://www.erctherapy.com/contact.html" "Mozilla/5.0 (X11; Linux x86_64) AppleWebKit/537.36 (KHTML like Gecko) Chrome/100.0.4896.127 Safari/537.36" "www.erctherapy.com"
5.182.199.27 - - [01/Feb/2023:23:55:42 -0800] "GET /sitebuilder/images/sidenavHome-114x23.jpg HTTP/1.1" 200 1351 "http://www.erctherapy.com/contact.html" "Mozilla/5.0 (X11; Linux x86_64) AppleWebKit/537.36 (KHTML like Gecko) Chrome/100.0.4896.127 Safari/537.36" "www.erctherapy.com"
5.182.199.27 - - [01/Feb/2023:23:55:42 -0800] "GET /sitebuilder/images/IMG_0292-375x105.jpg HTTP/1.1" 200 7671 "http://www.erctherapy.com/contact.html" "Mozilla/5.0 (X11; Linux x86_64) AppleWebKit/537.36 (KHTML like Gecko) Chrome/100.0.4896.127 Safari/537.36" "www.erctherapy.com"
5.182.199.27 - - [01/Feb/2023:23:55:42 -0800] "GET /sitebuilder/images/sidenavContacUs-114x23.jpg HTTP/1.1" 200 1570 "http://www.erctherapy.com/contact.html" "Mozilla/5.0 (X11; Linux x86_64) AppleWebKit/537.36 (KHTML like Gecko) Chrome/100.0.4896.127 Safari/537.36" "www.erctherapy.com"
205.169.39.63 - - [02/Feb/2023:00:01:21 -0800] "GET /?C=N;O=D HTTP/1.1" 200 568 "-" "Mozilla/5.0 (Windows NT 10.0) AppleWebKit/537.36 (KHTML, like Gecko) Chrome/106.0.0.0 Safari/537.36" "www.erctherapy.com"
52.167.144.59 - - [02/Feb/2023:00:28:49 -0800] "GET /robots.txt HTTP/1.1" 404 88 "-" "Mozilla/5.0 AppleWebKit/537.36 (KHTML, like Gecko; compatible; bingbot/2.0; +http://www.bing.com/bingbot.htm) Chrome/103.0.5060.134 Safari/537.36" "www.erctherapy.com"
40.77.167.165 - - [02/Feb/2023:00:28:54 -0800] "GET /clipart/pageHeaders/?C=S;O=A HTTP/1.1" 200 376 "-" "Mozilla/5.0 AppleWebKit/537.36 (KHTML, like Gecko; compatible; bingbot/2.0; +http://www.bing.com/bingbot.htm) Chrome/103.0.5060.134 Safari/537.36" "www.erctherapy.com"
51.222.253.14 - - [02/Feb/2023:01:16:18 -0800] "GET /cruise/large-212.html HTTP/1.1" 200 906 "-" "Mozilla/5.0 (compatible; AhrefsBot/7.0; +http://ahrefs.com/robot/)" "erctherapy.com"
205.169.39.63 - - [02/Feb/2023:01:26:53 -0800] "GET / HTTP/1.1" 200 570 "-" "Mozilla/5.0 (Windows NT 10.0) AppleWebKit/537.36 (KHTML, like Gecko) Chrome/106.0.0.0 Safari/537.36" "www.erctherapy.com"
63.34.179.201 - - [02/Feb/2023:01:32:48 -0800] "GET / HTTP/1.1" 200 570 "-" "Mozilla/5.0 (Windows NT 10.0; Win64; x64) AppleWebKit/537.36 (KHTML, like Gecko) Chrome/108.0.0.0 Safari/537.36" "www.erctherapy.com"
5.255.231.16 - - [02/Feb/2023:01:37:39 -0800] "GET /robots.txt HTTP/1.1" 404 73 "-" "Mozilla/5.0 (compatible; YandexBot/3.0; +http://yandex.com/bots)" "erctherapy.com"
51.222.253.1 - - [02/Feb/2023:02:26:56 -0800] "GET /cruise/large-186.html HTTP/1.1" 200 904 "-" "Mozilla/5.0 (compatible; AhrefsBot/7.0; +http://ahrefs.com/robot/)" "erctherapy.com"
51.222.253.10 - - [02/Feb/2023:03:38:35 -0800] "GET /cruise/large-211.html HTTP/1.1" 200 916 "-" "Mozilla/5.0 (compatible; AhrefsBot/7.0; +http://ahrefs.com/robot/)" "erctherapy.com"
138.246.253.24 - - [02/Feb/2023:04:41:08 -0800] "GET /robots.txt HTTP/1.1" 404 73 "-" "Mozilla/5.0 (Windows NT 10.0; Win64; x64) AppleWebKit/537.36 (KHTML, like Gecko) Chrome/103.0.5060.134 Safari/537.36" "erctherapy.com"
51.222.253.13 - - [02/Feb/2023:04:54:12 -0800] "GET / HTTP/1.1" 200 570 "-" "Mozilla/5.0 (compatible; AhrefsBot/7.0; +http://ahrefs.com/robot/)" "erctherapy.com"
157.55.39.129 - - [02/Feb/2023:04:55:33 -0800] "GET /cruise/large-97.html HTTP/1.1" 200 918 "-" "Mozilla/5.0 AppleWebKit/537.36 (KHTML, like Gecko; compatible; bingbot/2.0; +http://www.bing.com/bingbot.htm) Chrome/103.0.5060.134 Safari/537.36" "erctherapy.com"
20.210.236.51 - - [02/Feb/2023:05:09:07 -0800] "GET / HTTP/1.1" 200 570 "-" "Mozilla/5.0 (Linux; Android 5.1.1; SM-J111F) AppleWebKit/537.36 (KHTML, like Gecko) Chrome/73.0.3683.90 Mobile Safari/537.36" "erctherapy.com"
20.210.236.51 - - [02/Feb/2023:05:09:07 -0800] "GET /blog/ HTTP/1.1" 404 88 "-" "Mozilla/5.0 (Linux; Android 5.1.1; SM-J111F) AppleWebKit/537.36 (KHTML, like Gecko) Chrome/73.0.3683.90 Mobile Safari/537.36" "erctherapy.com"
20.210.236.51 - - [02/Feb/2023:05:09:07 -0800] "GET /wp/ HTTP/1.1" 404 88 "-" "Mozilla/5.0 (Linux; Android 5.1.1; SM-J111F) AppleWebKit/537.36 (KHTML, like Gecko) Chrome/73.0.3683.90 Mobile Safari/537.36" "erctherapy.com"
51.222.253.16 - - [02/Feb/2023:05:34:57 -0800] "GET /images/navbars/?C=N;O=D HTTP/1.1" 200 360 "-" "Mozilla/5.0 (compatible; AhrefsBot/7.0; +http://ahrefs.com/robot/)" "erctherapy.com"
5.255.231.16 - - [02/Feb/2023:05:37:39 -0800] "GET /robots.txt HTTP/1.1" 404 73 "-" "Mozilla/5.0 (compatible; YandexBot/3.0; +http://yandex.com/bots)" "erctherapy.com"
114.119.138.199 - - [02/Feb/2023:05:59:57 -0800] "GET /robots.txt HTTP/1.1" 404 88 "-" "Mozilla/5.0 (compatible;PetalBot;+https://webmaster.petalsearch.com/site/petalbot)" "erctherapy.com"
40.77.167.165 - - [02/Feb/2023:06:15:46 -0800] "GET /cruise/large-36.html HTTP/1.1" 200 886 "-" "Mozilla/5.0 AppleWebKit/537.36 (KHTML, like Gecko; compatible; bingbot/2.0; +http://www.bing.com/bingbot.htm) Chrome/103.0.5060.134 Safari/537.36" "www.erctherapy.com"
66.249.72.38 - - [02/Feb/2023:07:31:13 -0800] "GET /robots.txt HTTP/1.1" 404 88 "-" "Mozilla/5.0 (compatible; Googlebot/2.1; +http://www.google.com/bot.html)" "www.erctherapy.com"
51.222.253.15 - - [02/Feb/2023:07:40:02 -0800] "GET /?C=M;O=D HTTP/1.1" 200 563 "-" "Mozilla/5.0 (compatible; AhrefsBot/7.0; +http://ahrefs.com/robot/)" "erctherapy.com"
51.222.253.9 - - [02/Feb/2023:09:24:34 -0800] "GET / HTTP/1.1" 200 570 "-" "Mozilla/5.0 (compatible; AhrefsBot/7.0; +http://ahrefs.com/robot/)" "erctherapy.com"
114.119.155.78 - - [02/Feb/2023:09:47:47 -0800] "GET /robots.txt HTTP/1.1" 404 88 "-" "Mozilla/5.0 (compatible;PetalBot;+https://webmaster.petalsearch.com/site/petalbot)" "www.erctherapy.com"
157.55.39.66 - - [02/Feb/2023:10:21:12 -0800] "GET /robots.txt HTTP/1.1" 404 88 "-" "Mozilla/5.0 AppleWebKit/537.36 (KHTML, like Gecko; compatible; bingbot/2.0; +http://www.bing.com/bingbot.htm) Chrome/103.0.5060.134 Safari/537.36" "erctherapy.com"
157.55.39.66 - - [02/Feb/2023:10:21:12 -0800] "GET /robots.txt HTTP/1.1" 404 88 "-" "Mozilla/5.0 AppleWebKit/537.36 (KHTML, like Gecko; compatible; bingbot/2.0; +http://www.bing.com/bingbot.htm) Chrome/103.0.5060.134 Safari/537.36" "erctherapy.com"
54.36.148.156 - - [02/Feb/2023:10:23:05 -0800] "GET /robots.txt HTTP/1.1" 404 88 "-" "Mozilla/5.0 (compatible; AhrefsBot/7.0; +http://ahrefs.com/robot/)" "www.erctherapy.com"
51.222.253.4 - - [02/Feb/2023:10:23:06 -0800] "GET /images/navbars/ HTTP/1.1" 200 361 "-" "Mozilla/5.0 (compatible; AhrefsBot/7.0; +http://ahrefs.com/robot/)" "www.erctherapy.com"
207.46.13.22 - - [02/Feb/2023:10:34:11 -0800] "GET /cruise/index11.html HTTP/1.1" 200 1506 "-" "Mozilla/5.0 AppleWebKit/537.36 (KHTML, like Gecko; compatible; bingbot/2.0; +http://www.bing.com/bingbot.htm) Chrome/103.0.5060.134 Safari/537.36" "erctherapy.com"
24.199.126.174 - - [02/Feb/2023:10:46:26 -0800] "GET / HTTP/1.1" 200 570 "-" "python-requests/2.26.0" "erctherapy.com"
51.222.253.4 - - [02/Feb/2023:11:19:52 -0800] "GET /cruise/large-119.html HTTP/1.1" 200 892 "-" "Mozilla/5.0 (compatible; AhrefsBot/7.0; +http://ahrefs.com/robot/)" "erctherapy.com"
51.222.253.12 - - [02/Feb/2023:12:15:30 -0800] "GET /cruise/large-17.html HTTP/1.1" 200 894 "-" "Mozilla/5.0 (compatible; AhrefsBot/7.0; +http://ahrefs.com/robot/)" "www.erctherapy.com"
51.222.253.3 - - [02/Feb/2023:12:15:36 -0800] "GET /cruise/assets/css/global.css HTTP/1.1" 200 1339 "-" "Mozilla/5.0 (compatible; AhrefsBot/7.0; +http://ahrefs.com/robot/)" "www.erctherapy.com"
51.222.253.5 - - [02/Feb/2023:13:23:30 -0800] "GET /robots.txt HTTP/1.1" 404 88 "-" "Mozilla/5.0 (compatible; AhrefsBot/7.0; +http://ahrefs.com/robot/)" "erctherapy.com"
51.222.253.5 - - [02/Feb/2023:13:23:32 -0800] "GET /cruise/large-131.html HTTP/1.1" 200 889 "-" "Mozilla/5.0 (compatible; AhrefsBot/7.0; +http://ahrefs.com/robot/)" "erctherapy.com"
51.222.253.16 - - [02/Feb/2023:14:18:52 -0800] "GET /robots.txt HTTP/1.1" 404 88 "-" "Mozilla/5.0 (compatible; AhrefsBot/7.0; +http://ahrefs.com/robot/)" "erctherapy.com"
51.222.253.10 - - [02/Feb/2023:14:18:53 -0800] "GET /cruise/large-192.html HTTP/1.1" 200 920 "-" "Mozilla/5.0 (compatible; AhrefsBot/7.0; +http://ahrefs.com/robot/)" "erctherapy.com"
64.227.142.72 - - [02/Feb/2023:15:05:15 -0800] "GET /wp/wp-admin/install.php HTTP/1.1" 404 88 "-" "Mozilla/5.0 (Macintosh; Intel Mac OS X 10_10_1) AppleWebKit/537.36 (KHTML, like Gecko) Chrome/39.0.2171.95 Safari/537.36" "erctherapy.com"
64.227.142.72 - - [02/Feb/2023:15:05:19 -0800] "GET /new/wp-admin/install.php HTTP/1.1" 404 88 "-" "Mozilla/5.0 (Macintosh; Intel Mac OS X 10_10_1) AppleWebKit/537.36 (KHTML, like Gecko) Chrome/39.0.2171.95 Safari/537.36" "erctherapy.com"
64.227.142.72 - - [02/Feb/2023:15:05:26 -0800] "GET /old/wp-admin/install.php HTTP/1.1" 404 88 "-" "Mozilla/5.0 (Macintosh; Intel Mac OS X 10_10_1) AppleWebKit/537.36 (KHTML, like Gecko) Chrome/39.0.2171.95 Safari/537.36" "erctherapy.com"
64.227.142.72 - - [02/Feb/2023:15:05:29 -0800] "GET /wordpress/wp-admin/install.php HTTP/1.1" 404 88 "-" "Mozilla/5.0 (Macintosh; Intel Mac OS X 10_10_1) AppleWebKit/537.36 (KHTML, like Gecko) Chrome/39.0.2171.95 Safari/537.36" "erctherapy.com"
64.227.142.72 - - [02/Feb/2023:15:05:54 -0800] "GET /blog/wp-admin/install.php HTTP/1.1" 404 88 "-" "Mozilla/5.0 (Macintosh; Intel Mac OS X 10_10_1) AppleWebKit/537.36 (KHTML, like Gecko) Chrome/39.0.2171.95 Safari/537.36" "erctherapy.com"
64.227.142.72 - - [02/Feb/2023:15:06:42 -0800] "GET /backup/wp-admin/install.php HTTP/1.1" 404 88 "-" "Mozilla/5.0 (Macintosh; Intel Mac OS X 10_10_1) AppleWebKit/537.36 (KHTML, like Gecko) Chrome/39.0.2171.95 Safari/537.36" "erctherapy.com"
64.227.142.72 - - [02/Feb/2023:15:06:46 -0800] "GET /site/wp-admin/install.php HTTP/1.1" 404 88 "-" "Mozilla/5.0 (Macintosh; Intel Mac OS X 10_10_1) AppleWebKit/537.36 (KHTML, like Gecko) Chrome/39.0.2171.95 Safari/537.36" "erctherapy.com"
64.227.142.72 - - [02/Feb/2023:15:06:50 -0800] "GET /oldsite/wp-admin/install.php HTTP/1.1" 404 88 "-" "Mozilla/5.0 (Macintosh; Intel Mac OS X 10_10_1) AppleWebKit/537.36 (KHTML, like Gecko) Chrome/39.0.2171.95 Safari/537.36" "erctherapy.com"
51.222.253.5 - - [02/Feb/2023:15:25:24 -0800] "GET /cruise/large-173.html HTTP/1.1" 200 909 "-" "Mozilla/5.0 (compatible; AhrefsBot/7.0; +http://ahrefs.com/robot/)" "erctherapy.com"
34.212.28.127 - - [02/Feb/2023:16:26:58 -0800] "GET / HTTP/1.1" 200 570 "-" "Mozilla/5.0 (X11; Linux x86_64) AppleWebKit/537.36 (KHTML, like Gecko) Chrome/83.0.4103.97 Safari/537.36" "erctherapy.com"
35.92.186.185 - - [02/Feb/2023:16:27:06 -0800] "GET / HTTP/1.1" 200 570 "-" "Mozilla/5.0 (X11; Linux x86_64) AppleWebKit/537.36 (KHTML, like Gecko) Chrome/83.0.4103.97 Safari/537.36" "erctherapy.com"
34.209.120.16 - - [02/Feb/2023:16:27:33 -0800] "GET / HTTP/1.1" 200 570 "-" "Mozilla/5.0 (X11; Linux x86_64) AppleWebKit/537.36 (KHTML, like Gecko) Chrome/83.0.4103.97 Safari/537.36" "erctherapy.com"
34.221.85.31 - - [02/Feb/2023:16:27:33 -0800] "GET /favicon.ico HTTP/1.1" 404 88 "-" "Mozilla/5.0 (X11; Linux x86_64) AppleWebKit/537.36 (KHTML, like Gecko) Chrome/83.0.4103.97 Safari/537.36" "erctherapy.com"
34.221.85.31 - - [02/Feb/2023:16:27:34 -0800] "GET / HTTP/1.1" 200 570 "-" "Mozilla/5.0 (X11; Linux x86_64) AppleWebKit/537.36 (KHTML, like Gecko) Chrome/83.0.4103.97 Safari/537.36" "erctherapy.com"
51.222.253.11 - - [02/Feb/2023:16:34:11 -0800] "GET /cruise/large-130.html HTTP/1.1" 200 913 "-" "Mozilla/5.0 (compatible; AhrefsBot/7.0; +http://ahrefs.com/robot/)" "erctherapy.com"
51.222.253.9 - - [02/Feb/2023:16:34:13 -0800] "GET /cruise/assets/css/global.css HTTP/1.1" 200 1339 "-" "Mozilla/5.0 (compatible; AhrefsBot/7.0; +http://ahrefs.com/robot/)" "erctherapy.com"
194.26.192.245 - - [02/Feb/2023:16:44:35 -0800] "GET /wp-content/themes/seotheme/db.php?u HTTP/1.1" 404 88 "www.google.com" "Mozlila/5.0 (Linux; Android 7.0; SM-G892A Bulid/NRD90M; wv) AppleWebKit/537.36 (KHTML, like Gecko) Version/4.0 Chrome/60.0.3112.107 Moblie Safari/537.36" "erctherapy.com"
194.26.192.245 - - [02/Feb/2023:16:44:38 -0800] "GET /wp-content/themes/seotheme/db.php?u HTTP/1.1" 404 88 "www.google.com" "Mozlila/5.0 (Linux; Android 7.0; SM-G892A Bulid/NRD90M; wv) AppleWebKit/537.36 (KHTML, like Gecko) Version/4.0 Chrome/60.0.3112.107 Moblie Safari/537.36" "erctherapy.com"
51.222.253.15 - - [02/Feb/2023:17:12:46 -0800] "GET /cruise/large-172.html HTTP/1.1" 200 891 "-" "Mozilla/5.0 (compatible; AhrefsBot/7.0; +http://ahrefs.com/robot/)" "erctherapy.com"
51.222.253.13 - - [02/Feb/2023:17:12:48 -0800] "GET /cruise/pictures/picture-172.jpg HTTP/1.1" 200 252675 "-" "Mozilla/5.0 (compatible; AhrefsBot/7.0; +http://ahrefs.com/robot/)" "erctherapy.com"
51.222.253.17 - - [02/Feb/2023:17:32:15 -0800] "GET /cruise/large-177.html HTTP/1.1" 200 905 "-" "Mozilla/5.0 (compatible; AhrefsBot/7.0; +http://ahrefs.com/robot/)" "erctherapy.com"
51.222.253.19 - - [02/Feb/2023:17:42:29 -0800] "GET /cruise/large-84.html HTTP/1.1" 200 905 "-" "Mozilla/5.0 (compatible; AhrefsBot/7.0; +http://ahrefs.com/robot/)" "erctherapy.com"
51.222.253.10 - - [02/Feb/2023:17:42:31 -0800] "GET /cruise/assets/css/global.css HTTP/1.1" 200 1339 "-" "Mozilla/5.0 (compatible; AhrefsBot/7.0; +http://ahrefs.com/robot/)" "erctherapy.com"
78.141.218.140 - - [02/Feb/2023:17:51:07 -0800] "GET /vendor/phpunit/phpunit/phpunit.xsd HTTP/1.1" 404 88 "-" "Mozilla/5.0 (X11; Linux x86_64; rv:52.0) Gecko/20100101 Firefox/52.0" "erctherapy.com"
87.250.224.134 - - [02/Feb/2023:17:52:42 -0800] "GET /robots.txt HTTP/1.1" 404 73 "-" "Mozilla/5.0 (compatible; YandexBot/3.0; +http://yandex.com/bots)" "erctherapy.com"
87.250.224.134 - - [02/Feb/2023:17:52:46 -0800] "GET /cruise/index13.html HTTP/1.1" 200 1585 "-" "Mozilla/5.0 (compatible; YandexBot/3.0; +http://yandex.com/bots)" "erctherapy.com"
51.222.253.1 - - [02/Feb/2023:17:53:09 -0800] "GET /cruise/large-180.html HTTP/1.1" 200 890 "-" "Mozilla/5.0 (compatible; AhrefsBot/7.0; +http://ahrefs.com/robot/)" "erctherapy.com"
51.222.253.6 - - [02/Feb/2023:18:03:56 -0800] "GET /cruise/large-174.html HTTP/1.1" 200 902 "-" "Mozilla/5.0 (compatible; AhrefsBot/7.0; +http://ahrefs.com/robot/)" "erctherapy.com"
51.222.253.10 - - [02/Feb/2023:18:13:03 -0800] "GET /images/navbars/sidenav/?C=D;O=A HTTP/1.1" 200 461 "-" "Mozilla/5.0 (compatible; AhrefsBot/7.0; +http://ahrefs.com/robot/)" "www.erctherapy.com"
51.222.253.13 - - [02/Feb/2023:18:23:33 -0800] "GET /cruise/large-129.html HTTP/1.1" 200 899 "-" "Mozilla/5.0 (compatible; AhrefsBot/7.0; +http://ahrefs.com/robot/)" "erctherapy.com"
51.222.253.15 - - [02/Feb/2023:18:31:56 -0800] "GET /cruise/large-179.html HTTP/1.1" 200 900 "-" "Mozilla/5.0 (compatible; AhrefsBot/7.0; +http://ahrefs.com/robot/)" "erctherapy.com"
51.222.253.19 - - [02/Feb/2023:18:31:59 -0800] "GET /cruise/pictures/picture-179.jpg HTTP/1.1" 200 213799 "-" "Mozilla/5.0 (compatible; AhrefsBot/7.0; +http://ahrefs.com/robot/)" "erctherapy.com"
51.222.253.7 - - [02/Feb/2023:18:42:15 -0800] "GET /cruise/large-181.html HTTP/1.1" 200 892 "-" "Mozilla/5.0 (compatible; AhrefsBot/7.0; +http://ahrefs.com/robot/)" "erctherapy.com"
51.222.253.5 - - [02/Feb/2023:18:52:47 -0800] "GET /cruise/large-85.html HTTP/1.1" 200 899 "-" "Mozilla/5.0 (compatible; AhrefsBot/7.0; +http://ahrefs.com/robot/)" "erctherapy.com"
51.222.253.9 - - [02/Feb/2023:19:04:14 -0800] "GET /cruise/large-127.html HTTP/1.1" 200 891 "-" "Mozilla/5.0 (compatible; AhrefsBot/7.0; +http://ahrefs.com/robot/)" "erctherapy.com"
51.222.253.12 - - [02/Feb/2023:19:15:02 -0800] "GET /cruise/large-176.html HTTP/1.1" 200 908 "-" "Mozilla/5.0 (compatible; AhrefsBot/7.0; +http://ahrefs.com/robot/)" "erctherapy.com"
51.222.253.15 - - [02/Feb/2023:19:25:02 -0800] "GET /cruise/large-178.html HTTP/1.1" 200 898 "-" "Mozilla/5.0 (compatible; AhrefsBot/7.0; +http://ahrefs.com/robot/)" "erctherapy.com"
51.222.253.6 - - [02/Feb/2023:19:25:21 -0800] "GET /cruise/pictures/picture-178.jpg HTTP/1.1" 200 166994 "-" "Mozilla/5.0 (compatible; AhrefsBot/7.0; +http://ahrefs.com/robot/)" "erctherapy.com"
51.222.253.16 - - [02/Feb/2023:19:44:31 -0800] "GET /cruise/large-128.html HTTP/1.1" 200 890 "-" "Mozilla/5.0 (compatible; AhrefsBot/7.0; +http://ahrefs.com/robot/)" "erctherapy.com"
40.77.167.234 - - [02/Feb/2023:19:48:46 -0800] "GET /cruise/large-80.html HTTP/1.1" 200 905 "-" "Mozilla/5.0 AppleWebKit/537.36 (KHTML, like Gecko; compatible; bingbot/2.0; +http://www.bing.com/bingbot.htm) Chrome/103.0.5060.134 Safari/537.36" "erctherapy.com"
51.222.253.12 - - [02/Feb/2023:19:57:26 -0800] "GET /cruise/large-76.html HTTP/1.1" 200 904 "-" "Mozilla/5.0 (compatible; AhrefsBot/7.0; +http://ahrefs.com/robot/)" "erctherapy.com"
51.222.253.8 - - [02/Feb/2023:20:08:48 -0800] "GET /cruise/large-210.html HTTP/1.1" 200 912 "-" "Mozilla/5.0 (compatible; AhrefsBot/7.0; +http://ahrefs.com/robot/)" "erctherapy.com"
51.222.253.16 - - [02/Feb/2023:20:32:36 -0800] "GET /cruise/large-185.html HTTP/1.1" 200 895 "-" "Mozilla/5.0 (compatible; AhrefsBot/7.0; +http://ahrefs.com/robot/)" "erctherapy.com"
51.222.253.6 - - [02/Feb/2023:20:32:40 -0800] "GET /cruise/pictures/picture-185.jpg HTTP/1.1" 200 204018 "-" "Mozilla/5.0 (compatible; AhrefsBot/7.0; +http://ahrefs.com/robot/)" "erctherapy.com"
194.38.20.161 - - [02/Feb/2023:20:33:21 -0800] "GET /sites/all/modules/plupload/plupload/examples/upload.php HTTP/1.1" 404 73 "-" "ALittle Client" "erctherapy.com"
51.222.253.13 - - [02/Feb/2023:20:57:47 -0800] "GET /cruise/large-77.html HTTP/1.1" 200 902 "-" "Mozilla/5.0 (compatible; AhrefsBot/7.0; +http://ahrefs.com/robot/)" "erctherapy.com"
192.99.15.34 - - [02/Feb/2023:21:14:13 -0800] "GET /robots.txt HTTP/1.1" 404 73 "-" "Mozilla/5.0 (compatible; MJ12bot/v1.4.8; http://mj12bot.com/)" "erctherapy.com"
192.99.15.34 - - [02/Feb/2023:21:14:14 -0800] "GET /cruise/index8.html HTTP/1.1" 200 1528 "-" "Mozilla/5.0 (compatible; MJ12bot/v1.4.8; http://mj12bot.com/)" "erctherapy.com"
192.99.15.34 - - [02/Feb/2023:21:14:16 -0800] "GET /cruise/large-137.html HTTP/1.1" 200 893 "-" "Mozilla/5.0 (compatible; MJ12bot/v1.4.8; http://mj12bot.com/)" "erctherapy.com"
192.99.15.34 - - [02/Feb/2023:21:14:17 -0800] "GET /cruise/large-149.html HTTP/1.1" 200 892 "-" "Mozilla/5.0 (compatible; MJ12bot/v1.4.8; http://mj12bot.com/)" "erctherapy.com"
51.222.253.5 - - [02/Feb/2023:21:20:57 -0800] "GET /cruise/large-182.html HTTP/1.1" 200 903 "-" "Mozilla/5.0 (compatible; AhrefsBot/7.0; +http://ahrefs.com/robot/)" "erctherapy.com"
34.70.69.166 - - [02/Feb/2023:21:41:51 -0800] "GET / HTTP/1.1" 200 570 "-" "python-requests/2.27.1" "erctherapy.com"
51.222.253.13 - - [02/Feb/2023:21:44:04 -0800] "GET /cruise/large-17.html HTTP/1.1" 200 894 "-" "Mozilla/5.0 (compatible; AhrefsBot/7.0; +http://ahrefs.com/robot/)" "erctherapy.com"
51.222.253.4 - - [02/Feb/2023:22:08:26 -0800] "GET /cruise/large-83.html HTTP/1.1" 200 904 "-" "Mozilla/5.0 (compatible; AhrefsBot/7.0; +http://ahrefs.com/robot/)" "erctherapy.com"
51.222.253.10 - - [02/Feb/2023:22:08:32 -0800] "GET /cruise/pictures/picture-83.jpg HTTP/1.1" 200 217517 "-" "Mozilla/5.0 (compatible; AhrefsBot/7.0; +http://ahrefs.com/robot/)" "erctherapy.com"
146.148.12.228 - - [02/Feb/2023:22:09:25 -0800] "GET / HTTP/1.1" 200 2041 "-" "Mozilla/5.0 (Windows NT 10.0; Win64; x64) AppleWebKit/537.36 (KHTML, like Gecko) Chrome/84.0.4147.105 Safari/537.36" "www.erctherapy.com"
51.222.253.6 - - [02/Feb/2023:22:32:08 -0800] "GET /cruise/large-75.html HTTP/1.1" 200 903 "-" "Mozilla/5.0 (compatible; AhrefsBot/7.0; +http://ahrefs.com/robot/)" "erctherapy.com"
51.222.253.6 - - [02/Feb/2023:23:17:37 -0800] "GET /cruise/large-209.html HTTP/1.1" 200 896 "-" "Mozilla/5.0 (compatible; AhrefsBot/7.0; +http://ahrefs.com/robot/)" "erctherapy.com"
51.222.253.1 - - [03/Feb/2023:00:02:28 -0800] "GET /cruise/large-78.html HTTP/1.1" 200 904 "-" "Mozilla/5.0 (compatible; AhrefsBot/7.0; +http://ahrefs.com/robot/)" "erctherapy.com"
51.222.253.19 - - [03/Feb/2023:00:04:28 -0800] "GET /robots.txt HTTP/1.1" 404 88 "-" "Mozilla/5.0 (compatible; AhrefsBot/7.0; +http://ahrefs.com/robot/)" "www.erctherapy.com"
51.222.253.6 - - [03/Feb/2023:00:45:06 -0800] "GET /cruise/large-208.html HTTP/1.1" 200 905 "-" "Mozilla/5.0 (compatible; AhrefsBot/7.0; +http://ahrefs.com/robot/)" "erctherapy.com"
157.90.181.151 - - [03/Feb/2023:00:47:10 -0800] "GET /robots.txt HTTP/1.1" 404 88 "-" "Mozilla/5.0 (compatible; BLEXBot/1.0; +http://webmeup-crawler.com/)" "erctherapy.com"
157.90.181.151 - - [03/Feb/2023:00:47:12 -0800] "GET /sitemap HTTP/1.1" 404 88 "-" "Mozilla/5.0 (compatible; BLEXBot/1.0; +http://webmeup-crawler.com/)" "erctherapy.com"
157.90.181.151 - - [03/Feb/2023:00:47:18 -0800] "GET /sitemap.txt HTTP/1.1" 404 88 "-" "Mozilla/5.0 (compatible; BLEXBot/1.0; +http://webmeup-crawler.com/)" "erctherapy.com"
157.90.181.151 - - [03/Feb/2023:00:47:22 -0800] "GET /?C=D;O=D HTTP/1.1" 200 568 "-" "Mozilla/5.0 (compatible; BLEXBot/1.0; +http://webmeup-crawler.com/)" "erctherapy.com"
157.90.181.151 - - [03/Feb/2023:00:47:25 -0800] "GET /?C=M;O=D HTTP/1.1" 200 563 "-" "Mozilla/5.0 (compatible; BLEXBot/1.0; +http://webmeup-crawler.com/)" "erctherapy.com"
157.90.181.151 - - [03/Feb/2023:00:47:29 -0800] "GET /?C=N;O=A HTTP/1.1" 200 570 "-" "Mozilla/5.0 (compatible; BLEXBot/1.0; +http://webmeup-crawler.com/)" "erctherapy.com"
157.90.181.151 - - [03/Feb/2023:00:47:34 -0800] "GET /?C=S;O=D HTTP/1.1" 200 556 "-" "Mozilla/5.0 (compatible; BLEXBot/1.0; +http://webmeup-crawler.com/)" "erctherapy.com"
157.90.181.151 - - [03/Feb/2023:00:48:11 -0800] "GET /buttons/?C=M;O=A HTTP/1.1" 200 313 "-" "Mozilla/5.0 (compatible; BLEXBot/1.0; +http://webmeup-crawler.com/)" "erctherapy.com"
157.90.181.151 - - [03/Feb/2023:00:48:14 -0800] "GET /buttons/?C=N;O=D HTTP/1.1" 200 311 "-" "Mozilla/5.0 (compatible; BLEXBot/1.0; +http://webmeup-crawler.com/)" "erctherapy.com"
157.90.181.151 - - [03/Feb/2023:00:48:18 -0800] "GET /buttons/?C=S;O=A HTTP/1.1" 200 313 "-" "Mozilla/5.0 (compatible; BLEXBot/1.0; +http://webmeup-crawler.com/)" "erctherapy.com"
157.90.181.151 - - [03/Feb/2023:00:48:55 -0800] "GET /clipart/?C=M;O=A HTTP/1.1" 200 370 "-" "Mozilla/5.0 (compatible; BLEXBot/1.0; +http://webmeup-crawler.com/)" "erctherapy.com"
157.90.181.151 - - [03/Feb/2023:00:48:58 -0800] "GET /clipart/?C=N;O=D HTTP/1.1" 200 368 "-" "Mozilla/5.0 (compatible; BLEXBot/1.0; +http://webmeup-crawler.com/)" "erctherapy.com"
157.90.181.151 - - [03/Feb/2023:00:49:04 -0800] "GET /clipart/?C=S;O=A HTTP/1.1" 200 371 "-" "Mozilla/5.0 (compatible; BLEXBot/1.0; +http://webmeup-crawler.com/)" "erctherapy.com"
157.90.181.151 - - [03/Feb/2023:00:49:08 -0800] "GET /clipart/backgrounds/ HTTP/1.1" 200 365 "-" "Mozilla/5.0 (compatible; BLEXBot/1.0; +http://webmeup-crawler.com/)" "erctherapy.com"
157.90.181.151 - - [03/Feb/2023:00:49:14 -0800] "GET /clipart/pageHeaders/ HTTP/1.1" 200 376 "-" "Mozilla/5.0 (compatible; BLEXBot/1.0; +http://webmeup-crawler.com/)" "erctherapy.com"
157.90.181.151 - - [03/Feb/2023:00:49:17 -0800] "GET /contact.html HTTP/1.1" 200 2016 "-" "Mozilla/5.0 (compatible; BLEXBot/1.0; +http://webmeup-crawler.com/)" "erctherapy.com"
157.90.181.151 - - [03/Feb/2023:00:49:24 -0800] "GET /cruise/index2.html HTTP/1.1" 200 1566 "-" "Mozilla/5.0 (compatible; BLEXBot/1.0; +http://webmeup-crawler.com/)" "erctherapy.com"
157.90.181.151 - - [03/Feb/2023:00:49:28 -0800] "GET /cruise/index3.html HTTP/1.1" 200 1593 "-" "Mozilla/5.0 (compatible; BLEXBot/1.0; +http://webmeup-crawler.com/)" "erctherapy.com"
157.90.181.151 - - [03/Feb/2023:00:49:31 -0800] "GET /cruise/index4.html HTTP/1.1" 200 1560 "-" "Mozilla/5.0 (compatible; BLEXBot/1.0; +http://webmeup-crawler.com/)" "erctherapy.com"
157.90.181.151 - - [03/Feb/2023:00:49:38 -0800] "GET /cruise/index5.html HTTP/1.1" 200 1576 "-" "Mozilla/5.0 (compatible; BLEXBot/1.0; +http://webmeup-crawler.com/)" "erctherapy.com"
157.90.181.151 - - [03/Feb/2023:00:49:46 -0800] "GET /cruise/index6.html HTTP/1.1" 200 1395 "-" "Mozilla/5.0 (compatible; BLEXBot/1.0; +http://webmeup-crawler.com/)" "erctherapy.com"
157.90.181.151 - - [03/Feb/2023:00:49:50 -0800] "GET /cruise/large-1.html HTTP/1.1" 200 871 "-" "Mozilla/5.0 (compatible; BLEXBot/1.0; +http://webmeup-crawler.com/)" "erctherapy.com"
157.90.181.151 - - [03/Feb/2023:00:49:55 -0800] "GET /cruise/large-10.html HTTP/1.1" 200 898 "-" "Mozilla/5.0 (compatible; BLEXBot/1.0; +http://webmeup-crawler.com/)" "erctherapy.com"
157.90.181.151 - - [03/Feb/2023:00:50:00 -0800] "GET /cruise/large-11.html HTTP/1.1" 200 901 "-" "Mozilla/5.0 (compatible; BLEXBot/1.0; +http://webmeup-crawler.com/)" "erctherapy.com"
157.90.181.151 - - [03/Feb/2023:00:50:03 -0800] "GET /cruise/large-12.html HTTP/1.1" 200 904 "-" "Mozilla/5.0 (compatible; BLEXBot/1.0; +http://webmeup-crawler.com/)" "erctherapy.com"
157.90.181.151 - - [03/Feb/2023:00:50:10 -0800] "GET /cruise/large-13.html HTTP/1.1" 200 893 "-" "Mozilla/5.0 (compatible; BLEXBot/1.0; +http://webmeup-crawler.com/)" "erctherapy.com"
157.90.181.151 - - [03/Feb/2023:00:50:14 -0800] "GET /cruise/large-14.html HTTP/1.1" 200 905 "-" "Mozilla/5.0 (compatible; BLEXBot/1.0; +http://webmeup-crawler.com/)" "erctherapy.com"
157.90.181.151 - - [03/Feb/2023:00:50:18 -0800] "GET /cruise/large-15.html HTTP/1.1" 200 894 "-" "Mozilla/5.0 (compatible; BLEXBot/1.0; +http://webmeup-crawler.com/)" "erctherapy.com"
