147.78.47.249 - - [01/Jan/2023:16:09:25 -0800] "GET /_ignition/health-check/ HTTP/1.1" 404 88 "-" "Mozilla/5.0 (Windows NT 10.0; Win64; x64) AppleWebKit/537.36 (KHTML, like Gecko) Chrome/105.0.0.0 Safari/537.36" "erctherapy.com"
147.78.47.249 - - [01/Jan/2023:16:09:27 -0800] "GET /public/_ignition/health-check/ HTTP/1.1" 404 88 "-" "Mozilla/5.0 (Windows NT 10.0; Win64; x64) AppleWebKit/537.36 (KHTML, like Gecko) Chrome/105.0.0.0 Safari/537.36" "erctherapy.com"
147.78.47.249 - - [01/Jan/2023:16:09:29 -0800] "GET /wp-includes/wlwmanifest.xml HTTP/1.1" 404 88 "-" "Mozilla/5.0 (Windows NT 10.0; Win64; x64) AppleWebKit/537.36 (KHTML, like Gecko) Chrome/105.0.0.0 Safari/537.36" "erctherapy.com"
34.138.59.183 - - [01/Jan/2023:16:16:31 -0800] "GET /robots.txt HTTP/1.1" 404 88 "-" "ZoominfoBot (zoominfobot at zoominfo dot com)" "www.erctherapy.com"
34.138.59.183 - - [01/Jan/2023:16:16:31 -0800] "GET /sitebuilder/ HTTP/1.1" 200 355 "-" "ZoominfoBot (zoominfobot at zoominfo dot com)" "www.erctherapy.com"
34.220.210.195 - - [01/Jan/2023:16:20:58 -0800] "GET / HTTP/1.1" 200 570 "-" "Mozilla/5.0 (X11; Linux x86_64) AppleWebKit/537.36 (KHTML, like Gecko) Chrome/83.0.4103.97 Safari/537.36" "erctherapy.com"
34.211.39.140 - - [01/Jan/2023:16:20:59 -0800] "GET / HTTP/1.1" 200 570 "-" "Mozilla/5.0 (X11; Linux x86_64) AppleWebKit/537.36 (KHTML, like Gecko) Chrome/83.0.4103.97 Safari/537.36" "erctherapy.com"
54.149.158.180 - - [01/Jan/2023:16:21:27 -0800] "GET /favicon.ico HTTP/1.1" 404 88 "-" "Mozilla/5.0 (X11; Linux x86_64) AppleWebKit/537.36 (KHTML, like Gecko) Chrome/83.0.4103.97 Safari/537.36" "erctherapy.com"
34.221.142.5 - - [01/Jan/2023:16:21:28 -0800] "GET /favicon.ico HTTP/1.1" 404 88 "-" "Mozilla/5.0 (X11; Linux x86_64) AppleWebKit/537.36 (KHTML, like Gecko) Chrome/83.0.4103.97 Safari/537.36" "erctherapy.com"
34.221.142.5 - - [01/Jan/2023:16:21:29 -0800] "GET / HTTP/1.1" 200 570 "-" "Mozilla/5.0 (X11; Linux x86_64) AppleWebKit/537.36 (KHTML, like Gecko) Chrome/83.0.4103.97 Safari/537.36" "erctherapy.com"
54.149.158.180 - - [01/Jan/2023:16:21:29 -0800] "GET / HTTP/1.1" 200 570 "-" "Mozilla/5.0 (X11; Linux x86_64) AppleWebKit/537.36 (KHTML, like Gecko) Chrome/83.0.4103.97 Safari/537.36" "erctherapy.com"
51.222.253.19 - - [01/Jan/2023:16:25:25 -0800] "GET /cruise/large-2.html HTTP/1.1" 200 883 "-" "Mozilla/5.0 (compatible; AhrefsBot/7.0; +http://ahrefs.com/robot/)" "erctherapy.com"
51.222.253.12 - - [01/Jan/2023:16:25:28 -0800] "GET /cruise/assets/css/global.css HTTP/1.1" 200 1339 "-" "Mozilla/5.0 (compatible; AhrefsBot/7.0; +http://ahrefs.com/robot/)" "erctherapy.com"
51.222.253.3 - - [01/Jan/2023:16:25:29 -0800] "GET /cruise/pictures/picture-2.jpg HTTP/1.1" 200 189969 "-" "Mozilla/5.0 (compatible; AhrefsBot/7.0; +http://ahrefs.com/robot/)" "erctherapy.com"
3.82.125.45 - - [01/Jan/2023:16:27:41 -0800] "GET / HTTP/1.1" 200 570 "https://developer.mozilla.org/en-US/docs/Web/JavaScript" "Mozilla/5.0 (Macintosh; Intel Mac OS X 10_15_7) AppleWebKit/537.36 (KHTML, like Gecko) Chrome/107.0.0.0 Safari/537.36" "erctherapy.com"
3.82.125.45 - - [01/Jan/2023:16:27:42 -0800] "GET / HTTP/1.1" 200 570 "https://developer.mozilla.org/en-US/docs/Web/JavaScript" "Mozilla/5.0 (Macintosh; Intel Mac OS X 10_15_7) AppleWebKit/537.36 (KHTML, like Gecko) Chrome/107.0.0.0 Safari/537.36" "erctherapy.com"
34.138.59.183 - - [01/Jan/2023:16:34:18 -0800] "GET /?C=D;O=A HTTP/1.1" 200 570 "-" "ZoominfoBot (zoominfobot at zoominfo dot com)" "erctherapy.com"
34.138.59.183 - - [01/Jan/2023:16:37:56 -0800] "GET /buttons/ HTTP/1.1" 200 313 "-" "ZoominfoBot (zoominfobot at zoominfo dot com)" "erctherapy.com"
170.64.146.16 - - [01/Jan/2023:16:40:24 -0800] "GET / HTTP/1.1" 200 570 "-" "Mozilla/5.0 (Windows NT 10.0; Win64; x64) AppleWebKit/537.36 (KHTML, like Gecko) Chrome/70.0.3538.77 Safari/537.36" "www.erctherapy.com"
34.138.59.183 - - [01/Jan/2023:16:42:33 -0800] "GET /?C=M;O=A HTTP/1.1" 200 568 "-" "ZoominfoBot (zoominfobot at zoominfo dot com)" "erctherapy.com"
34.138.59.183 - - [01/Jan/2023:16:46:32 -0800] "GET /storm/ HTTP/1.1" 200 408 "-" "ZoominfoBot (zoominfobot at zoominfo dot com)" "erctherapy.com"
157.55.39.57 - - [01/Jan/2023:16:47:26 -0800] "GET /cruise/index8.html HTTP/1.1" 200 1528 "-" "Mozilla/5.0 AppleWebKit/537.36 (KHTML, like Gecko; compatible; bingbot/2.0; +http://www.bing.com/bingbot.htm) Chrome/103.0.5060.134 Safari/537.36" "erctherapy.com"
113.108.9.38 - - [01/Jan/2023:16:52:06 -0800] "GET / HTTP/1.1" 200 570 "-" "Mozilla/5.0 (iPhone; CPU iPhone OS 13_2_3 like Mac OS X) AppleWebKit/605.1.15 (KHTML, like Gecko) Version/13.0.3 Mobile/15E148 Safari/604.1" "erctherapy.com"
51.222.253.5 - - [01/Jan/2023:17:09:11 -0800] "GET /cruise/index14.html HTTP/1.1" 200 1522 "-" "Mozilla/5.0 (compatible; AhrefsBot/7.0; +http://ahrefs.com/robot/)" "erctherapy.com"
51.222.253.11 - - [01/Jan/2023:17:09:12 -0800] "GET /cruise/thumbnails/thumb-207.jpg HTTP/1.1" 200 20479 "-" "Mozilla/5.0 (compatible; AhrefsBot/7.0; +http://ahrefs.com/robot/)" "erctherapy.com"
51.222.253.11 - - [01/Jan/2023:17:09:13 -0800] "GET /cruise/thumbnails/thumb-198.jpg HTTP/1.1" 200 24236 "-" "Mozilla/5.0 (compatible; AhrefsBot/7.0; +http://ahrefs.com/robot/)" "erctherapy.com"
51.222.253.4 - - [01/Jan/2023:17:09:15 -0800] "GET /cruise/thumbnails/thumb-196.jpg HTTP/1.1" 200 13978 "-" "Mozilla/5.0 (compatible; AhrefsBot/7.0; +http://ahrefs.com/robot/)" "erctherapy.com"
51.222.253.17 - - [01/Jan/2023:17:09:16 -0800] "GET /cruise/thumbnails/thumb-208.jpg HTTP/1.1" 200 21348 "-" "Mozilla/5.0 (compatible; AhrefsBot/7.0; +http://ahrefs.com/robot/)" "erctherapy.com"
51.222.253.16 - - [01/Jan/2023:17:09:17 -0800] "GET /cruise/thumbnails/thumb-200.jpg HTTP/1.1" 200 21449 "-" "Mozilla/5.0 (compatible; AhrefsBot/7.0; +http://ahrefs.com/robot/)" "erctherapy.com"
51.222.253.9 - - [01/Jan/2023:17:09:18 -0800] "GET /cruise/thumbnails/thumb-210.jpg HTTP/1.1" 200 22911 "-" "Mozilla/5.0 (compatible; AhrefsBot/7.0; +http://ahrefs.com/robot/)" "erctherapy.com"
51.222.253.18 - - [01/Jan/2023:17:09:19 -0800] "GET /cruise/thumbnails/thumb-204.jpg HTTP/1.1" 200 18283 "-" "Mozilla/5.0 (compatible; AhrefsBot/7.0; +http://ahrefs.com/robot/)" "erctherapy.com"
51.222.253.9 - - [01/Jan/2023:17:09:28 -0800] "GET /cruise/thumbnails/thumb-197.jpg HTTP/1.1" 200 13622 "-" "Mozilla/5.0 (compatible; AhrefsBot/7.0; +http://ahrefs.com/robot/)" "erctherapy.com"
51.222.253.17 - - [01/Jan/2023:17:09:29 -0800] "GET /cruise/thumbnails/thumb-206.jpg HTTP/1.1" 200 18256 "-" "Mozilla/5.0 (compatible; AhrefsBot/7.0; +http://ahrefs.com/robot/)" "erctherapy.com"
51.222.253.2 - - [01/Jan/2023:17:09:30 -0800] "GET /cruise/thumbnails/thumb-202.jpg HTTP/1.1" 200 19834 "-" "Mozilla/5.0 (compatible; AhrefsBot/7.0; +http://ahrefs.com/robot/)" "erctherapy.com"
51.222.253.2 - - [01/Jan/2023:17:09:31 -0800] "GET /cruise/thumbnails/thumb-209.jpg HTTP/1.1" 200 25534 "-" "Mozilla/5.0 (compatible; AhrefsBot/7.0; +http://ahrefs.com/robot/)" "erctherapy.com"
51.222.253.9 - - [01/Jan/2023:17:09:32 -0800] "GET /cruise/thumbnails/thumb-203.jpg HTTP/1.1" 200 18662 "-" "Mozilla/5.0 (compatible; AhrefsBot/7.0; +http://ahrefs.com/robot/)" "erctherapy.com"
51.222.253.10 - - [01/Jan/2023:17:09:33 -0800] "GET /cruise/thumbnails/thumb-205.jpg HTTP/1.1" 200 17738 "-" "Mozilla/5.0 (compatible; AhrefsBot/7.0; +http://ahrefs.com/robot/)" "erctherapy.com"
51.222.253.5 - - [01/Jan/2023:17:09:34 -0800] "GET /cruise/thumbnails/thumb-199.jpg HTTP/1.1" 200 22344 "-" "Mozilla/5.0 (compatible; AhrefsBot/7.0; +http://ahrefs.com/robot/)" "erctherapy.com"
51.222.253.20 - - [01/Jan/2023:17:09:34 -0800] "GET /cruise/thumbnails/thumb-201.jpg HTTP/1.1" 200 15858 "-" "Mozilla/5.0 (compatible; AhrefsBot/7.0; +http://ahrefs.com/robot/)" "erctherapy.com"
34.138.59.183 - - [01/Jan/2023:17:10:30 -0800] "GET /docs/ HTTP/1.1" 200 363 "-" "ZoominfoBot (zoominfobot at zoominfo dot com)" "erctherapy.com"
194.38.20.161 - - [01/Jan/2023:17:25:40 -0800] "GET /assets/js/fileupload/server/php/index.php?file=tf2rghf.jpg HTTP/1.1" 404 73 "-" "ALittle Client" "erctherapy.com"
34.138.59.183 - - [01/Jan/2023:17:26:11 -0800] "GET /clipart/ HTTP/1.1" 200 369 "-" "ZoominfoBot (zoominfobot at zoominfo dot com)" "www.erctherapy.com"
34.138.59.183 - - [01/Jan/2023:17:39:58 -0800] "GET /news.html HTTP/1.1" 200 2265 "-" "ZoominfoBot (zoominfobot at zoominfo dot com)" "www.erctherapy.com"
51.222.253.8 - - [01/Jan/2023:17:50:17 -0800] "GET /cruise/large-209.html HTTP/1.1" 200 896 "-" "Mozilla/5.0 (compatible; AhrefsBot/7.0; +http://ahrefs.com/robot/)" "erctherapy.com"
51.222.253.11 - - [01/Jan/2023:17:50:19 -0800] "GET /cruise/pictures/picture-209.jpg HTTP/1.1" 200 348995 "-" "Mozilla/5.0 (compatible; AhrefsBot/7.0; +http://ahrefs.com/robot/)" "erctherapy.com"
34.138.59.183 - - [01/Jan/2023:18:04:16 -0800] "GET /about.html HTTP/1.1" 200 1660 "-" "ZoominfoBot (zoominfobot at zoominfo dot com)" "erctherapy.com"
51.222.253.3 - - [01/Jan/2023:18:09:45 -0800] "GET /cruise/large-208.html HTTP/1.1" 200 905 "-" "Mozilla/5.0 (compatible; AhrefsBot/7.0; +http://ahrefs.com/robot/)" "erctherapy.com"
34.138.59.183 - - [01/Jan/2023:18:24:10 -0800] "GET /buttons/ HTTP/1.1" 200 313 "-" "ZoominfoBot (zoominfobot at zoominfo dot com)" "www.erctherapy.com"
51.222.253.16 - - [01/Jan/2023:18:29:57 -0800] "GET /cruise/large-207.html HTTP/1.1" 200 904 "-" "Mozilla/5.0 (compatible; AhrefsBot/7.0; +http://ahrefs.com/robot/)" "erctherapy.com"
114.119.150.248 - - [01/Jan/2023:18:37:59 -0800] "GET /robots.txt HTTP/1.1" 404 88 "-" "Mozilla/5.0 (compatible;PetalBot;+https://webmaster.petalsearch.com/site/petalbot)" "erctherapy.com"
51.222.253.16 - - [01/Jan/2023:18:50:58 -0800] "GET /clipart/pageHeaders/ HTTP/1.1" 200 376 "-" "Mozilla/5.0 (compatible; AhrefsBot/7.0; +http://ahrefs.com/robot/)" "erctherapy.com"
34.138.59.183 - - [01/Jan/2023:18:59:09 -0800] "GET /storm/ HTTP/1.1" 200 408 "-" "ZoominfoBot (zoominfobot at zoominfo dot com)" "www.erctherapy.com"
162.55.86.53 - - [01/Jan/2023:18:59:12 -0800] "GET /robots.txt HTTP/1.1" 404 88 "-" "Mozilla/5.0 (compatible; BLEXBot/1.0; +http://webmeup-crawler.com/)" "erctherapy.com"
162.55.86.53 - - [01/Jan/2023:18:59:22 -0800] "GET /sitemap HTTP/1.1" 404 88 "-" "Mozilla/5.0 (compatible; BLEXBot/1.0; +http://webmeup-crawler.com/)" "erctherapy.com"
162.55.86.53 - - [01/Jan/2023:18:59:28 -0800] "GET /sitemap.txt HTTP/1.1" 404 88 "-" "Mozilla/5.0 (compatible; BLEXBot/1.0; +http://webmeup-crawler.com/)" "erctherapy.com"
162.55.86.53 - - [01/Jan/2023:18:59:32 -0800] "GET /?C=D;O=D HTTP/1.1" 200 568 "-" "Mozilla/5.0 (compatible; BLEXBot/1.0; +http://webmeup-crawler.com/)" "erctherapy.com"
162.55.86.53 - - [01/Jan/2023:18:59:36 -0800] "GET /?C=M;O=D HTTP/1.1" 200 563 "-" "Mozilla/5.0 (compatible; BLEXBot/1.0; +http://webmeup-crawler.com/)" "erctherapy.com"
162.55.86.53 - - [01/Jan/2023:18:59:39 -0800] "GET /?C=N;O=A HTTP/1.1" 200 570 "-" "Mozilla/5.0 (compatible; BLEXBot/1.0; +http://webmeup-crawler.com/)" "erctherapy.com"
162.55.86.53 - - [01/Jan/2023:18:59:42 -0800] "GET /?C=S;O=A HTTP/1.1" 200 556 "-" "Mozilla/5.0 (compatible; BLEXBot/1.0; +http://webmeup-crawler.com/)" "erctherapy.com"
162.55.86.53 - - [01/Jan/2023:18:59:45 -0800] "GET /buttons/?C=D;O=A HTTP/1.1" 200 313 "-" "Mozilla/5.0 (compatible; BLEXBot/1.0; +http://webmeup-crawler.com/)" "erctherapy.com"
162.55.86.53 - - [01/Jan/2023:18:59:48 -0800] "GET /buttons/?C=M;O=A HTTP/1.1" 200 313 "-" "Mozilla/5.0 (compatible; BLEXBot/1.0; +http://webmeup-crawler.com/)" "erctherapy.com"
162.55.86.53 - - [01/Jan/2023:18:59:52 -0800] "GET /buttons/?C=N;O=D HTTP/1.1" 200 311 "-" "Mozilla/5.0 (compatible; BLEXBot/1.0; +http://webmeup-crawler.com/)" "erctherapy.com"
162.55.86.53 - - [01/Jan/2023:18:59:55 -0800] "GET /buttons/?C=S;O=A HTTP/1.1" 200 313 "-" "Mozilla/5.0 (compatible; BLEXBot/1.0; +http://webmeup-crawler.com/)" "erctherapy.com"
162.55.86.53 - - [01/Jan/2023:19:00:00 -0800] "GET /clipart/?C=D;O=A HTTP/1.1" 200 369 "-" "Mozilla/5.0 (compatible; BLEXBot/1.0; +http://webmeup-crawler.com/)" "erctherapy.com"
162.55.86.53 - - [01/Jan/2023:19:00:03 -0800] "GET /clipart/?C=M;O=A HTTP/1.1" 200 370 "-" "Mozilla/5.0 (compatible; BLEXBot/1.0; +http://webmeup-crawler.com/)" "erctherapy.com"
162.55.86.53 - - [01/Jan/2023:19:00:07 -0800] "GET /clipart/?C=N;O=D HTTP/1.1" 200 368 "-" "Mozilla/5.0 (compatible; BLEXBot/1.0; +http://webmeup-crawler.com/)" "erctherapy.com"
162.55.86.53 - - [01/Jan/2023:19:00:10 -0800] "GET /clipart/?C=S;O=A HTTP/1.1" 200 371 "-" "Mozilla/5.0 (compatible; BLEXBot/1.0; +http://webmeup-crawler.com/)" "erctherapy.com"
162.55.86.53 - - [01/Jan/2023:19:00:14 -0800] "GET /clipart/backgrounds/ HTTP/1.1" 200 365 "-" "Mozilla/5.0 (compatible; BLEXBot/1.0; +http://webmeup-crawler.com/)" "erctherapy.com"
162.55.86.53 - - [01/Jan/2023:19:00:19 -0800] "GET /clipart/pageHeaders/ HTTP/1.1" 200 376 "-" "Mozilla/5.0 (compatible; BLEXBot/1.0; +http://webmeup-crawler.com/)" "erctherapy.com"
162.55.86.53 - - [01/Jan/2023:19:00:22 -0800] "GET /cruise/index2.html HTTP/1.1" 200 1566 "-" "Mozilla/5.0 (compatible; BLEXBot/1.0; +http://webmeup-crawler.com/)" "erctherapy.com"
162.55.86.53 - - [01/Jan/2023:19:00:24 -0800] "GET /cruise/index3.html HTTP/1.1" 200 1593 "-" "Mozilla/5.0 (compatible; BLEXBot/1.0; +http://webmeup-crawler.com/)" "erctherapy.com"
162.55.86.53 - - [01/Jan/2023:19:00:29 -0800] "GET /cruise/index4.html HTTP/1.1" 200 1560 "-" "Mozilla/5.0 (compatible; BLEXBot/1.0; +http://webmeup-crawler.com/)" "erctherapy.com"
162.55.86.53 - - [01/Jan/2023:19:00:32 -0800] "GET /cruise/index5.html HTTP/1.1" 200 1576 "-" "Mozilla/5.0 (compatible; BLEXBot/1.0; +http://webmeup-crawler.com/)" "erctherapy.com"
162.55.86.53 - - [01/Jan/2023:19:00:35 -0800] "GET /cruise/index6.html HTTP/1.1" 200 1395 "-" "Mozilla/5.0 (compatible; BLEXBot/1.0; +http://webmeup-crawler.com/)" "erctherapy.com"
162.55.86.53 - - [01/Jan/2023:19:00:39 -0800] "GET /cruise/large-1.html HTTP/1.1" 200 871 "-" "Mozilla/5.0 (compatible; BLEXBot/1.0; +http://webmeup-crawler.com/)" "erctherapy.com"
162.55.86.53 - - [01/Jan/2023:19:00:42 -0800] "GET /cruise/large-10.html HTTP/1.1" 200 898 "-" "Mozilla/5.0 (compatible; BLEXBot/1.0; +http://webmeup-crawler.com/)" "erctherapy.com"
162.55.86.53 - - [01/Jan/2023:19:00:45 -0800] "GET /cruise/large-11.html HTTP/1.1" 200 901 "-" "Mozilla/5.0 (compatible; BLEXBot/1.0; +http://webmeup-crawler.com/)" "erctherapy.com"
162.55.86.53 - - [01/Jan/2023:19:00:48 -0800] "GET /cruise/large-12.html HTTP/1.1" 200 904 "-" "Mozilla/5.0 (compatible; BLEXBot/1.0; +http://webmeup-crawler.com/)" "erctherapy.com"
162.55.86.53 - - [01/Jan/2023:19:00:51 -0800] "GET /cruise/large-13.html HTTP/1.1" 200 893 "-" "Mozilla/5.0 (compatible; BLEXBot/1.0; +http://webmeup-crawler.com/)" "erctherapy.com"
162.55.86.53 - - [01/Jan/2023:19:00:56 -0800] "GET /cruise/large-14.html HTTP/1.1" 200 905 "-" "Mozilla/5.0 (compatible; BLEXBot/1.0; +http://webmeup-crawler.com/)" "erctherapy.com"
162.55.86.53 - - [01/Jan/2023:19:00:59 -0800] "GET /cruise/large-15.html HTTP/1.1" 200 894 "-" "Mozilla/5.0 (compatible; BLEXBot/1.0; +http://webmeup-crawler.com/)" "erctherapy.com"
162.55.86.53 - - [01/Jan/2023:19:01:03 -0800] "GET /cruise/large-2.html HTTP/1.1" 200 883 "-" "Mozilla/5.0 (compatible; BLEXBot/1.0; +http://webmeup-crawler.com/)" "erctherapy.com"
162.55.86.53 - - [01/Jan/2023:19:01:05 -0800] "GET /cruise/large-3.html HTTP/1.1" 200 888 "-" "Mozilla/5.0 (compatible; BLEXBot/1.0; +http://webmeup-crawler.com/)" "erctherapy.com"
34.138.59.183 - - [01/Jan/2023:19:01:06 -0800] "GET /about.html HTTP/1.1" 200 1660 "-" "ZoominfoBot (zoominfobot at zoominfo dot com)" "www.erctherapy.com"
162.55.86.53 - - [01/Jan/2023:19:01:09 -0800] "GET /cruise/large-4.html HTTP/1.1" 200 889 "-" "Mozilla/5.0 (compatible; BLEXBot/1.0; +http://webmeup-crawler.com/)" "erctherapy.com"
162.55.86.53 - - [01/Jan/2023:19:01:12 -0800] "GET /cruise/large-5.html HTTP/1.1" 200 883 "-" "Mozilla/5.0 (compatible; BLEXBot/1.0; +http://webmeup-crawler.com/)" "erctherapy.com"
162.55.86.53 - - [01/Jan/2023:19:01:16 -0800] "GET /cruise/large-6.html HTTP/1.1" 200 883 "-" "Mozilla/5.0 (compatible; BLEXBot/1.0; +http://webmeup-crawler.com/)" "erctherapy.com"
162.55.86.53 - - [01/Jan/2023:19:01:19 -0800] "GET /cruise/large-7.html HTTP/1.1" 200 887 "-" "Mozilla/5.0 (compatible; BLEXBot/1.0; +http://webmeup-crawler.com/)" "erctherapy.com"
162.55.86.53 - - [01/Jan/2023:19:01:22 -0800] "GET /cruise/large-8.html HTTP/1.1" 200 891 "-" "Mozilla/5.0 (compatible; BLEXBot/1.0; +http://webmeup-crawler.com/)" "erctherapy.com"
162.55.86.53 - - [01/Jan/2023:19:01:24 -0800] "GET /cruise/large-9.html HTTP/1.1" 200 891 "-" "Mozilla/5.0 (compatible; BLEXBot/1.0; +http://webmeup-crawler.com/)" "erctherapy.com"
162.55.86.53 - - [01/Jan/2023:19:01:29 -0800] "GET /docs/ HTTP/1.1" 200 363 "-" "Mozilla/5.0 (compatible; BLEXBot/1.0; +http://webmeup-crawler.com/)" "erctherapy.com"
162.55.86.53 - - [01/Jan/2023:19:01:32 -0800] "GET /images/?C=D;O=A HTTP/1.1" 200 753 "-" "Mozilla/5.0 (compatible; BLEXBot/1.0; +http://webmeup-crawler.com/)" "erctherapy.com"
162.55.86.53 - - [01/Jan/2023:19:01:35 -0800] "GET /images/?C=M;O=A HTTP/1.1" 200 746 "-" "Mozilla/5.0 (compatible; BLEXBot/1.0; +http://webmeup-crawler.com/)" "erctherapy.com"
162.55.86.53 - - [01/Jan/2023:19:01:39 -0800] "GET /images/?C=N;O=D HTTP/1.1" 200 755 "-" "Mozilla/5.0 (compatible; BLEXBot/1.0; +http://webmeup-crawler.com/)" "erctherapy.com"
162.55.86.53 - - [01/Jan/2023:19:01:42 -0800] "GET /images/?C=S;O=A HTTP/1.1" 200 754 "-" "Mozilla/5.0 (compatible; BLEXBot/1.0; +http://webmeup-crawler.com/)" "erctherapy.com"
162.55.86.53 - - [01/Jan/2023:19:01:46 -0800] "GET /images/navbars/ HTTP/1.1" 200 361 "-" "Mozilla/5.0 (compatible; BLEXBot/1.0; +http://webmeup-crawler.com/)" "erctherapy.com"
162.55.86.53 - - [01/Jan/2023:19:01:50 -0800] "GET /index.html HTTP/1.1" 404 88 "-" "Mozilla/5.0 (compatible; BLEXBot/1.0; +http://webmeup-crawler.com/)" "erctherapy.com"
162.55.86.53 - - [01/Jan/2023:19:01:55 -0800] "GET /sitebuilder/?C=D;O=A HTTP/1.1" 200 355 "-" "Mozilla/5.0 (compatible; BLEXBot/1.0; +http://webmeup-crawler.com/)" "erctherapy.com"
162.55.86.53 - - [01/Jan/2023:19:01:58 -0800] "GET /sitebuilder/?C=M;O=A HTTP/1.1" 200 356 "-" "Mozilla/5.0 (compatible; BLEXBot/1.0; +http://webmeup-crawler.com/)" "erctherapy.com"
162.55.86.53 - - [01/Jan/2023:19:02:01 -0800] "GET /sitebuilder/?C=N;O=D HTTP/1.1" 200 353 "-" "Mozilla/5.0 (compatible; BLEXBot/1.0; +http://webmeup-crawler.com/)" "erctherapy.com"
162.55.86.53 - - [01/Jan/2023:19:02:04 -0800] "GET /sitebuilder/?C=S;O=A HTTP/1.1" 200 356 "-" "Mozilla/5.0 (compatible; BLEXBot/1.0; +http://webmeup-crawler.com/)" "erctherapy.com"
162.55.86.53 - - [01/Jan/2023:19:02:07 -0800] "GET /sitebuilder/images/ HTTP/1.1" 200 490 "-" "Mozilla/5.0 (compatible; BLEXBot/1.0; +http://webmeup-crawler.com/)" "erctherapy.com"
162.55.86.53 - - [01/Jan/2023:19:02:10 -0800] "GET /storm/?C=D;O=A HTTP/1.1" 200 408 "-" "Mozilla/5.0 (compatible; BLEXBot/1.0; +http://webmeup-crawler.com/)" "erctherapy.com"
162.55.86.53 - - [01/Jan/2023:19:02:14 -0800] "GET /storm/?C=M;O=A HTTP/1.1" 200 409 "-" "Mozilla/5.0 (compatible; BLEXBot/1.0; +http://webmeup-crawler.com/)" "erctherapy.com"
162.55.86.53 - - [01/Jan/2023:19:02:17 -0800] "GET /storm/?C=N;O=D HTTP/1.1" 200 406 "-" "Mozilla/5.0 (compatible; BLEXBot/1.0; +http://webmeup-crawler.com/)" "erctherapy.com"
162.55.86.53 - - [01/Jan/2023:19:02:21 -0800] "GET /storm/?C=S;O=A HTTP/1.1" 200 409 "-" "Mozilla/5.0 (compatible; BLEXBot/1.0; +http://webmeup-crawler.com/)" "erctherapy.com"
51.222.253.9 - - [01/Jan/2023:19:11:07 -0800] "GET /cruise/large-3.html HTTP/1.1" 200 888 "-" "Mozilla/5.0 (compatible; AhrefsBot/7.0; +http://ahrefs.com/robot/)" "erctherapy.com"
51.222.253.15 - - [01/Jan/2023:19:11:12 -0800] "GET /cruise/pictures/picture-3.jpg HTTP/1.1" 200 148470 "-" "Mozilla/5.0 (compatible; AhrefsBot/7.0; +http://ahrefs.com/robot/)" "erctherapy.com"
34.138.59.183 - - [01/Jan/2023:19:16:03 -0800] "GET /cruise/ HTTP/1.1" 200 1485 "-" "ZoominfoBot (zoominfobot at zoominfo dot com)" "www.erctherapy.com"
167.99.178.69 - - [01/Jan/2023:19:21:24 -0800] "GET /clipart/ HTTP/1.1" 200 369 "-" "Mozilla/5.0 (Macintosh; Intel Mac OS X 10_15_7) AppleWebKit/537.36 (KHTML, like Gecko) Chrome/107.0.0.0 Safari/537.36" "erctherapy.com"
34.138.59.183 - - [01/Jan/2023:19:27:28 -0800] "GET /?C=M;O=A HTTP/1.1" 200 568 "-" "ZoominfoBot (zoominfobot at zoominfo dot com)" "www.erctherapy.com"
51.222.253.10 - - [01/Jan/2023:19:33:15 -0800] "GET /storm/ HTTP/1.1" 200 408 "-" "Mozilla/5.0 (compatible; AhrefsBot/7.0; +http://ahrefs.com/robot/)" "erctherapy.com"
34.138.59.183 - - [01/Jan/2023:19:52:22 -0800] "GET /images/ HTTP/1.1" 200 753 "-" "ZoominfoBot (zoominfobot at zoominfo dot com)" "www.erctherapy.com"
51.222.253.4 - - [01/Jan/2023:19:55:08 -0800] "GET /clipart/pageHeaders/?C=D;O=A HTTP/1.1" 200 376 "-" "Mozilla/5.0 (compatible; AhrefsBot/7.0; +http://ahrefs.com/robot/)" "erctherapy.com"
34.138.59.183 - - [01/Jan/2023:19:57:13 -0800] "GET /?C=S;O=A HTTP/1.1" 200 556 "-" "ZoominfoBot (zoominfobot at zoominfo dot com)" "erctherapy.com"
51.222.253.9 - - [01/Jan/2023:20:16:31 -0800] "GET /cruise/index10.html HTTP/1.1" 200 1400 "-" "Mozilla/5.0 (compatible; AhrefsBot/7.0; +http://ahrefs.com/robot/)" "erctherapy.com"
51.222.253.11 - - [01/Jan/2023:20:16:33 -0800] "GET /cruise/thumbnails/thumb-147.jpg HTTP/1.1" 200 15416 "-" "Mozilla/5.0 (compatible; AhrefsBot/7.0; +http://ahrefs.com/robot/)" "erctherapy.com"
51.222.253.2 - - [01/Jan/2023:20:16:34 -0800] "GET /cruise/thumbnails/thumb-150.jpg HTTP/1.1" 200 15479 "-" "Mozilla/5.0 (compatible; AhrefsBot/7.0; +http://ahrefs.com/robot/)" "erctherapy.com"
51.222.253.19 - - [01/Jan/2023:20:16:36 -0800] "GET /cruise/thumbnails/thumb-144.jpg HTTP/1.1" 200 12159 "-" "Mozilla/5.0 (compatible; AhrefsBot/7.0; +http://ahrefs.com/robot/)" "erctherapy.com"
51.222.253.8 - - [01/Jan/2023:20:16:37 -0800] "GET /cruise/thumbnails/thumb-145.jpg HTTP/1.1" 200 13186 "-" "Mozilla/5.0 (compatible; AhrefsBot/7.0; +http://ahrefs.com/robot/)" "erctherapy.com"
51.222.253.3 - - [01/Jan/2023:20:16:38 -0800] "GET /cruise/thumbnails/thumb-142.jpg HTTP/1.1" 200 9418 "-" "Mozilla/5.0 (compatible; AhrefsBot/7.0; +http://ahrefs.com/robot/)" "erctherapy.com"
51.222.253.9 - - [01/Jan/2023:20:16:39 -0800] "GET /cruise/thumbnails/thumb-140.jpg HTTP/1.1" 200 16947 "-" "Mozilla/5.0 (compatible; AhrefsBot/7.0; +http://ahrefs.com/robot/)" "erctherapy.com"
51.222.253.2 - - [01/Jan/2023:20:16:40 -0800] "GET /cruise/thumbnails/thumb-143.jpg HTTP/1.1" 200 11077 "-" "Mozilla/5.0 (compatible; AhrefsBot/7.0; +http://ahrefs.com/robot/)" "erctherapy.com"
51.222.253.6 - - [01/Jan/2023:20:16:41 -0800] "GET /cruise/thumbnails/thumb-137.jpg HTTP/1.1" 200 11221 "-" "Mozilla/5.0 (compatible; AhrefsBot/7.0; +http://ahrefs.com/robot/)" "erctherapy.com"
51.222.253.13 - - [01/Jan/2023:20:16:42 -0800] "GET /cruise/thumbnails/thumb-148.jpg HTTP/1.1" 200 13981 "-" "Mozilla/5.0 (compatible; AhrefsBot/7.0; +http://ahrefs.com/robot/)" "erctherapy.com"
51.222.253.9 - - [01/Jan/2023:20:16:43 -0800] "GET /cruise/thumbnails/thumb-146.jpg HTTP/1.1" 200 14185 "-" "Mozilla/5.0 (compatible; AhrefsBot/7.0; +http://ahrefs.com/robot/)" "erctherapy.com"
51.222.253.12 - - [01/Jan/2023:20:16:43 -0800] "GET /cruise/thumbnails/thumb-136.jpg HTTP/1.1" 200 10214 "-" "Mozilla/5.0 (compatible; AhrefsBot/7.0; +http://ahrefs.com/robot/)" "erctherapy.com"
51.222.253.15 - - [01/Jan/2023:20:16:44 -0800] "GET /cruise/thumbnails/thumb-141.jpg HTTP/1.1" 200 9252 "-" "Mozilla/5.0 (compatible; AhrefsBot/7.0; +http://ahrefs.com/robot/)" "erctherapy.com"
51.222.253.1 - - [01/Jan/2023:20:16:44 -0800] "GET /cruise/thumbnails/thumb-149.jpg HTTP/1.1" 200 13003 "-" "Mozilla/5.0 (compatible; AhrefsBot/7.0; +http://ahrefs.com/robot/)" "erctherapy.com"
51.222.253.3 - - [01/Jan/2023:20:16:45 -0800] "GET /cruise/thumbnails/thumb-138.jpg HTTP/1.1" 200 11702 "-" "Mozilla/5.0 (compatible; AhrefsBot/7.0; +http://ahrefs.com/robot/)" "erctherapy.com"
51.222.253.4 - - [01/Jan/2023:20:16:45 -0800] "GET /cruise/thumbnails/thumb-139.jpg HTTP/1.1" 200 11832 "-" "Mozilla/5.0 (compatible; AhrefsBot/7.0; +http://ahrefs.com/robot/)" "erctherapy.com"
34.138.59.183 - - [01/Jan/2023:20:23:15 -0800] "GET /contact.html HTTP/1.1" 200 2016 "-" "ZoominfoBot (zoominfobot at zoominfo dot com)" "www.erctherapy.com"
51.222.253.6 - - [01/Jan/2023:20:39:12 -0800] "GET /clipart/pageHeaders/?C=D;O=D HTTP/1.1" 200 374 "-" "Mozilla/5.0 (compatible; AhrefsBot/7.0; +http://ahrefs.com/robot/)" "erctherapy.com"
54.36.148.121 - - [01/Jan/2023:21:00:43 -0800] "GET /robots.txt HTTP/1.1" 404 88 "-" "Mozilla/5.0 (compatible; AhrefsBot/7.0; +http://ahrefs.com/robot/)" "erctherapy.com"
51.222.253.8 - - [01/Jan/2023:21:00:44 -0800] "GET /clipart/pageHeaders/?C=S;O=A HTTP/1.1" 200 376 "-" "Mozilla/5.0 (compatible; AhrefsBot/7.0; +http://ahrefs.com/robot/)" "erctherapy.com"
51.222.253.9 - - [01/Jan/2023:21:22:37 -0800] "GET /clipart/pageHeaders/?C=D;O=A HTTP/1.1" 200 376 "-" "Mozilla/5.0 (compatible; AhrefsBot/7.0; +http://ahrefs.com/robot/)" "erctherapy.com"
34.138.59.183 - - [01/Jan/2023:21:22:37 -0800] "GET /?C=N;O=D HTTP/1.1" 200 568 "-" "ZoominfoBot (zoominfobot at zoominfo dot com)" "erctherapy.com"
5.188.62.76 - - [01/Jan/2023:21:36:27 -0800] "GET / HTTP/1.1" 200 570 "-" "Mozilla/5.0 (Windows NT 6.1; WOW64) AppleWebKit/537.36 (KHTML, like Gecko) Chrome/100.0.4758.11 Safari/537.36" "erctherapy.com"
5.188.62.76 - - [01/Jan/2023:21:36:32 -0800] "GET / HTTP/1.1" 200 570 "http://erctherapy.com/" "Mozilla/5.0 (Windows NT 10.0; Win64; x64) AppleWebKit/537.36 (KHTML, like Gecko) Chrome/100.0.4896.127 Safari/537.36" "erctherapy.com"
5.188.62.76 - - [01/Jan/2023:21:36:36 -0800] "GET /admin HTTP/1.1" 404 88 "http://erctherapy.com/" "Mozilla/5.0 (Windows NT 10.0; Win64; x64) AppleWebKit/537.36 (KHTML, like Gecko) Chrome/100.0.4896.127 Safari/537.36" "erctherapy.com"
34.138.59.183 - - [01/Jan/2023:21:39:45 -0800] "GET /contact.html HTTP/1.1" 200 2016 "-" "ZoominfoBot (zoominfobot at zoominfo dot com)" "erctherapy.com"
51.222.253.16 - - [01/Jan/2023:21:44:50 -0800] "GET /clipart/pageHeaders/?C=M;O=A HTTP/1.1" 200 376 "-" "Mozilla/5.0 (compatible; AhrefsBot/7.0; +http://ahrefs.com/robot/)" "erctherapy.com"
51.222.253.13 - - [01/Jan/2023:22:05:36 -0800] "GET /cruise/large-4.html HTTP/1.1" 200 889 "-" "Mozilla/5.0 (compatible; AhrefsBot/7.0; +http://ahrefs.com/robot/)" "erctherapy.com"
51.222.253.17 - - [01/Jan/2023:22:05:38 -0800] "GET /cruise/pictures/picture-4.jpg HTTP/1.1" 200 194777 "-" "Mozilla/5.0 (compatible; AhrefsBot/7.0; +http://ahrefs.com/robot/)" "erctherapy.com"
114.119.141.206 - - [01/Jan/2023:22:25:27 -0800] "GET /robots.txt HTTP/1.1" 404 88 "-" "Mozilla/5.0 (compatible;PetalBot;+https://webmaster.petalsearch.com/site/petalbot)" "www.erctherapy.com"
51.222.253.20 - - [01/Jan/2023:22:25:40 -0800] "GET /cruise/index9.html HTTP/1.1" 200 1510 "-" "Mozilla/5.0 (compatible; AhrefsBot/7.0; +http://ahrefs.com/robot/)" "erctherapy.com"
51.222.253.17 - - [01/Jan/2023:22:25:41 -0800] "GET /cruise/thumbnails/thumb-125.jpg HTTP/1.1" 200 16045 "-" "Mozilla/5.0 (compatible; AhrefsBot/7.0; +http://ahrefs.com/robot/)" "erctherapy.com"
51.222.253.6 - - [01/Jan/2023:22:25:42 -0800] "GET /cruise/thumbnails/thumb-129.jpg HTTP/1.1" 200 17454 "-" "Mozilla/5.0 (compatible; AhrefsBot/7.0; +http://ahrefs.com/robot/)" "erctherapy.com"
51.222.253.12 - - [01/Jan/2023:22:25:44 -0800] "GET /cruise/thumbnails/thumb-128.jpg HTTP/1.1" 200 16071 "-" "Mozilla/5.0 (compatible; AhrefsBot/7.0; +http://ahrefs.com/robot/)" "erctherapy.com"
51.222.253.15 - - [01/Jan/2023:22:25:45 -0800] "GET /cruise/thumbnails/thumb-135.jpg HTTP/1.1" 200 12641 "-" "Mozilla/5.0 (compatible; AhrefsBot/7.0; +http://ahrefs.com/robot/)" "erctherapy.com"
51.222.253.15 - - [01/Jan/2023:22:25:46 -0800] "GET /cruise/thumbnails/thumb-127.jpg HTTP/1.1" 200 12493 "-" "Mozilla/5.0 (compatible; AhrefsBot/7.0; +http://ahrefs.com/robot/)" "erctherapy.com"
51.222.253.19 - - [01/Jan/2023:22:25:48 -0800] "GET /cruise/thumbnails/thumb-123.jpg HTTP/1.1" 200 19237 "-" "Mozilla/5.0 (compatible; AhrefsBot/7.0; +http://ahrefs.com/robot/)" "erctherapy.com"
51.222.253.17 - - [01/Jan/2023:22:25:49 -0800] "GET /cruise/thumbnails/thumb-122.jpg HTTP/1.1" 200 18808 "-" "Mozilla/5.0 (compatible; AhrefsBot/7.0; +http://ahrefs.com/robot/)" "erctherapy.com"
51.222.253.11 - - [01/Jan/2023:22:25:50 -0800] "GET /cruise/thumbnails/thumb-130.jpg HTTP/1.1" 200 15134 "-" "Mozilla/5.0 (compatible; AhrefsBot/7.0; +http://ahrefs.com/robot/)" "erctherapy.com"
51.222.253.12 - - [01/Jan/2023:22:25:51 -0800] "GET /cruise/thumbnails/thumb-126.jpg HTTP/1.1" 200 18063 "-" "Mozilla/5.0 (compatible; AhrefsBot/7.0; +http://ahrefs.com/robot/)" "erctherapy.com"
51.222.253.5 - - [01/Jan/2023:22:25:52 -0800] "GET /cruise/thumbnails/thumb-132.jpg HTTP/1.1" 200 19287 "-" "Mozilla/5.0 (compatible; AhrefsBot/7.0; +http://ahrefs.com/robot/)" "erctherapy.com"
51.222.253.9 - - [01/Jan/2023:22:25:53 -0800] "GET /cruise/thumbnails/thumb-121.jpg HTTP/1.1" 200 19920 "-" "Mozilla/5.0 (compatible; AhrefsBot/7.0; +http://ahrefs.com/robot/)" "erctherapy.com"
51.222.253.11 - - [01/Jan/2023:22:25:54 -0800] "GET /cruise/thumbnails/thumb-134.jpg HTTP/1.1" 200 11955 "-" "Mozilla/5.0 (compatible; AhrefsBot/7.0; +http://ahrefs.com/robot/)" "erctherapy.com"
51.222.253.14 - - [01/Jan/2023:22:25:55 -0800] "GET /cruise/thumbnails/thumb-133.jpg HTTP/1.1" 200 9890 "-" "Mozilla/5.0 (compatible; AhrefsBot/7.0; +http://ahrefs.com/robot/)" "erctherapy.com"
51.222.253.5 - - [01/Jan/2023:22:25:55 -0800] "GET /cruise/thumbnails/thumb-131.jpg HTTP/1.1" 200 16327 "-" "Mozilla/5.0 (compatible; AhrefsBot/7.0; +http://ahrefs.com/robot/)" "erctherapy.com"
51.222.253.3 - - [01/Jan/2023:22:25:56 -0800] "GET /cruise/thumbnails/thumb-124.jpg HTTP/1.1" 200 20206 "-" "Mozilla/5.0 (compatible; AhrefsBot/7.0; +http://ahrefs.com/robot/)" "erctherapy.com"
51.222.253.6 - - [01/Jan/2023:22:46:36 -0800] "GET /robots.txt HTTP/1.1" 404 88 "-" "Mozilla/5.0 (compatible; AhrefsBot/7.0; +http://ahrefs.com/robot/)" "www.erctherapy.com"
51.222.253.3 - - [01/Jan/2023:22:46:37 -0800] "GET /cruise/large-4.html HTTP/1.1" 200 889 "-" "Mozilla/5.0 (compatible; AhrefsBot/7.0; +http://ahrefs.com/robot/)" "www.erctherapy.com"
51.222.253.19 - - [01/Jan/2023:22:46:38 -0800] "GET /cruise/pictures/picture-4.jpg HTTP/1.1" 200 194777 "-" "Mozilla/5.0 (compatible; AhrefsBot/7.0; +http://ahrefs.com/robot/)" "www.erctherapy.com"
51.222.253.17 - - [01/Jan/2023:23:06:30 -0800] "GET /sitebuilder/images/?C=M;O=A HTTP/1.1" 200 489 "-" "Mozilla/5.0 (compatible; AhrefsBot/7.0; +http://ahrefs.com/robot/)" "www.erctherapy.com"
51.222.253.16 - - [01/Jan/2023:23:27:25 -0800] "GET /cruise/large-5.html HTTP/1.1" 200 883 "-" "Mozilla/5.0 (compatible; AhrefsBot/7.0; +http://ahrefs.com/robot/)" "erctherapy.com"
51.222.253.20 - - [01/Jan/2023:23:27:27 -0800] "GET /cruise/pictures/picture-5.jpg HTTP/1.1" 200 161981 "-" "Mozilla/5.0 (compatible; AhrefsBot/7.0; +http://ahrefs.com/robot/)" "erctherapy.com"
51.222.253.13 - - [02/Jan/2023:00:05:39 -0800] "GET /storm/?C=S;O=A HTTP/1.1" 200 409 "-" "Mozilla/5.0 (compatible; AhrefsBot/7.0; +http://ahrefs.com/robot/)" "erctherapy.com"
51.222.253.18 - - [02/Jan/2023:00:45:06 -0800] "GET /sitebuilder/images/?C=D;O=A HTTP/1.1" 200 490 "-" "Mozilla/5.0 (compatible; AhrefsBot/7.0; +http://ahrefs.com/robot/)" "www.erctherapy.com"
199.244.88.231 - - [02/Jan/2023:01:16:28 -0800] "GET / HTTP/1.1" 200 570 "-" "Mozilla/5.0 (X11; Linux x86_64) AppleWebKit/537.36 (KHTML, like Gecko) Chrome/105.0.0.0 Safari/537.36" "erctherapy.com"
54.36.149.13 - - [02/Jan/2023:01:23:41 -0800] "GET /robots.txt HTTP/1.1" 404 88 "-" "Mozilla/5.0 (compatible; AhrefsBot/7.0; +http://ahrefs.com/robot/)" "erctherapy.com"
51.222.253.19 - - [02/Jan/2023:01:23:42 -0800] "GET /cruise/large-6.html HTTP/1.1" 200 883 "-" "Mozilla/5.0 (compatible; AhrefsBot/7.0; +http://ahrefs.com/robot/)" "erctherapy.com"
51.222.253.5 - - [02/Jan/2023:01:23:43 -0800] "GET /cruise/pictures/picture-6.jpg HTTP/1.1" 200 178772 "-" "Mozilla/5.0 (compatible; AhrefsBot/7.0; +http://ahrefs.com/robot/)" "erctherapy.com"
51.222.253.10 - - [02/Jan/2023:02:01:15 -0800] "GET /cruise/large-5.html HTTP/1.1" 200 883 "-" "Mozilla/5.0 (compatible; AhrefsBot/7.0; +http://ahrefs.com/robot/)" "www.erctherapy.com"
51.222.253.1 - - [02/Jan/2023:02:01:17 -0800] "GET /cruise/pictures/picture-5.jpg HTTP/1.1" 200 161981 "-" "Mozilla/5.0 (compatible; AhrefsBot/7.0; +http://ahrefs.com/robot/)" "www.erctherapy.com"
51.222.253.9 - - [02/Jan/2023:02:39:55 -0800] "GET /images/navbars/?C=D;O=A HTTP/1.1" 200 361 "-" "Mozilla/5.0 (compatible; AhrefsBot/7.0; +http://ahrefs.com/robot/)" "erctherapy.com"
51.222.253.6 - - [02/Jan/2023:03:19:37 -0800] "GET /images/navbars/?C=S;O=A HTTP/1.1" 200 362 "-" "Mozilla/5.0 (compatible; AhrefsBot/7.0; +http://ahrefs.com/robot/)" "erctherapy.com"
51.222.253.13 - - [02/Jan/2023:04:00:38 -0800] "GET /images/navbars/?C=N;O=A HTTP/1.1" 200 361 "-" "Mozilla/5.0 (compatible; AhrefsBot/7.0; +http://ahrefs.com/robot/)" "erctherapy.com"
51.222.253.4 - - [02/Jan/2023:04:40:14 -0800] "GET /clipart/pageHeaders/ HTTP/1.1" 200 376 "-" "Mozilla/5.0 (compatible; AhrefsBot/7.0; +http://ahrefs.com/robot/)" "www.erctherapy.com"
51.222.253.11 - - [02/Jan/2023:05:17:52 -0800] "GET /cruise/large-134.html HTTP/1.1" 200 890 "-" "Mozilla/5.0 (compatible; AhrefsBot/7.0; +http://ahrefs.com/robot/)" "erctherapy.com"
51.222.253.20 - - [02/Jan/2023:05:17:55 -0800] "GET /cruise/pictures/picture-134.jpg HTTP/1.1" 200 224736 "-" "Mozilla/5.0 (compatible; AhrefsBot/7.0; +http://ahrefs.com/robot/)" "erctherapy.com"
51.222.253.3 - - [02/Jan/2023:05:58:38 -0800] "GET /storm/?C=D;O=A HTTP/1.1" 200 408 "-" "Mozilla/5.0 (compatible; AhrefsBot/7.0; +http://ahrefs.com/robot/)" "erctherapy.com"
40.76.233.187 - - [02/Jan/2023:06:16:39 -0800] "GET / HTTP/1.1" 200 570 "-" "python-requests/2.27.1" "erctherapy.com"
51.222.253.19 - - [02/Jan/2023:06:36:19 -0800] "GET /storm/?C=M;O=A HTTP/1.1" 200 409 "-" "Mozilla/5.0 (compatible; AhrefsBot/7.0; +http://ahrefs.com/robot/)" "erctherapy.com"
51.222.253.19 - - [02/Jan/2023:06:57:06 -0800] "GET /images/navbars/?C=M;O=A HTTP/1.1" 200 362 "-" "Mozilla/5.0 (compatible; AhrefsBot/7.0; +http://ahrefs.com/robot/)" "erctherapy.com"
157.55.39.62 - - [02/Jan/2023:07:10:45 -0800] "GET /robots.txt HTTP/1.1" 404 88 "-" "Mozilla/5.0 (compatible; bingbot/2.0; +http://www.bing.com/bingbot.htm)" "www.erctherapy.com"
157.55.39.57 - - [02/Jan/2023:07:10:47 -0800] "GET /sitebuilder/?C=N;O=D HTTP/1.1" 200 353 "-" "Mozilla/5.0 (compatible; bingbot/2.0; +http://www.bing.com/bingbot.htm)" "www.erctherapy.com"
157.55.39.57 - - [02/Jan/2023:07:10:47 -0800] "GET /cruise/large-33.html HTTP/1.1" 200 901 "-" "Mozilla/5.0 (compatible; bingbot/2.0; +http://www.bing.com/bingbot.htm)" "www.erctherapy.com"
207.46.13.53 - - [02/Jan/2023:07:10:51 -0800] "GET /cruise/large-46.html HTTP/1.1" 200 898 "-" "Mozilla/5.0 (compatible; bingbot/2.0; +http://www.bing.com/bingbot.htm)" "www.erctherapy.com"
40.77.167.23 - - [02/Jan/2023:07:10:52 -0800] "GET /clipart/pageHeaders/ HTTP/1.1" 200 376 "-" "Mozilla/5.0 (compatible; bingbot/2.0; +http://www.bing.com/bingbot.htm)" "www.erctherapy.com"
207.46.13.24 - - [02/Jan/2023:07:10:56 -0800] "GET /docs/?C=N;O=D HTTP/1.1" 200 360 "-" "Mozilla/5.0 AppleWebKit/537.36 (KHTML, like Gecko; compatible; bingbot/2.0; +http://www.bing.com/bingbot.htm) Chrome/103.0.5060.134 Safari/537.36" "www.erctherapy.com"
157.55.39.110 - - [02/Jan/2023:07:10:57 -0800] "GET /sitebuilder/images/ HTTP/1.1" 200 490 "-" "Mozilla/5.0 AppleWebKit/537.36 (KHTML, like Gecko; compatible; bingbot/2.0; +http://www.bing.com/bingbot.htm) Chrome/103.0.5060.134 Safari/537.36" "www.erctherapy.com"
93.158.161.44 - - [02/Jan/2023:07:12:06 -0800] "GET /robots.txt HTTP/1.1" 404 73 "-" "Mozilla/5.0 (compatible; YandexBot/3.0; +http://yandex.com/bots)" "erctherapy.com"
93.158.161.33 - - [02/Jan/2023:07:12:10 -0800] "GET /cruise/large-199.html HTTP/1.1" 200 895 "-" "Mozilla/5.0 (compatible; YandexBot/3.0; +http://yandex.com/bots)" "erctherapy.com"
51.222.253.4 - - [02/Jan/2023:07:16:51 -0800] "GET /cruise/index6.html HTTP/1.1" 200 1395 "-" "Mozilla/5.0 (compatible; AhrefsBot/7.0; +http://ahrefs.com/robot/)" "erctherapy.com"
51.222.253.1 - - [02/Jan/2023:07:17:54 -0800] "GET /cruise/thumbnails/thumb-89.jpg HTTP/1.1" 200 17951 "-" "Mozilla/5.0 (compatible; AhrefsBot/7.0; +http://ahrefs.com/robot/)" "erctherapy.com"
51.222.253.14 - - [02/Jan/2023:07:17:55 -0800] "GET /cruise/thumbnails/thumb-81.jpg HTTP/1.1" 200 11533 "-" "Mozilla/5.0 (compatible; AhrefsBot/7.0; +http://ahrefs.com/robot/)" "erctherapy.com"
51.222.253.8 - - [02/Jan/2023:07:17:56 -0800] "GET /cruise/thumbnails/thumb-88.jpg HTTP/1.1" 200 10786 "-" "Mozilla/5.0 (compatible; AhrefsBot/7.0; +http://ahrefs.com/robot/)" "erctherapy.com"
51.222.253.18 - - [02/Jan/2023:07:17:56 -0800] "GET /cruise/thumbnails/thumb-85.jpg HTTP/1.1" 200 16620 "-" "Mozilla/5.0 (compatible; AhrefsBot/7.0; +http://ahrefs.com/robot/)" "erctherapy.com"
51.222.253.11 - - [02/Jan/2023:07:17:58 -0800] "GET /cruise/thumbnails/thumb-80.jpg HTTP/1.1" 200 8547 "-" "Mozilla/5.0 (compatible; AhrefsBot/7.0; +http://ahrefs.com/robot/)" "erctherapy.com"
51.222.253.3 - - [02/Jan/2023:07:17:59 -0800] "GET /cruise/thumbnails/thumb-78.jpg HTTP/1.1" 200 11421 "-" "Mozilla/5.0 (compatible; AhrefsBot/7.0; +http://ahrefs.com/robot/)" "erctherapy.com"
51.222.253.2 - - [02/Jan/2023:07:18:00 -0800] "GET /cruise/thumbnails/thumb-79.jpg HTTP/1.1" 200 10582 "-" "Mozilla/5.0 (compatible; AhrefsBot/7.0; +http://ahrefs.com/robot/)" "erctherapy.com"
51.222.253.14 - - [02/Jan/2023:07:18:00 -0800] "GET /cruise/thumbnails/thumb-77.jpg HTTP/1.1" 200 11018 "-" "Mozilla/5.0 (compatible; AhrefsBot/7.0; +http://ahrefs.com/robot/)" "erctherapy.com"
51.222.253.11 - - [02/Jan/2023:07:18:01 -0800] "GET /cruise/thumbnails/thumb-83.jpg HTTP/1.1" 200 8522 "-" "Mozilla/5.0 (compatible; AhrefsBot/7.0; +http://ahrefs.com/robot/)" "erctherapy.com"
51.222.253.19 - - [02/Jan/2023:07:18:02 -0800] "GET /cruise/thumbnails/thumb-86.jpg HTTP/1.1" 200 9699 "-" "Mozilla/5.0 (compatible; AhrefsBot/7.0; +http://ahrefs.com/robot/)" "erctherapy.com"
51.222.253.13 - - [02/Jan/2023:07:18:03 -0800] "GET /cruise/thumbnails/thumb-84.jpg HTTP/1.1" 200 8694 "-" "Mozilla/5.0 (compatible; AhrefsBot/7.0; +http://ahrefs.com/robot/)" "erctherapy.com"
51.222.253.4 - - [02/Jan/2023:07:18:04 -0800] "GET /cruise/thumbnails/thumb-87.jpg HTTP/1.1" 200 10646 "-" "Mozilla/5.0 (compatible; AhrefsBot/7.0; +http://ahrefs.com/robot/)" "erctherapy.com"
51.222.253.2 - - [02/Jan/2023:07:18:04 -0800] "GET /cruise/thumbnails/thumb-90.jpg HTTP/1.1" 200 15584 "-" "Mozilla/5.0 (compatible; AhrefsBot/7.0; +http://ahrefs.com/robot/)" "erctherapy.com"
51.222.253.3 - - [02/Jan/2023:07:34:05 -0800] "GET /cruise/large-26.html HTTP/1.1" 200 897 "-" "Mozilla/5.0 (compatible; AhrefsBot/7.0; +http://ahrefs.com/robot/)" "www.erctherapy.com"
51.222.253.6 - - [02/Jan/2023:07:34:07 -0800] "GET /cruise/pictures/picture-26.jpg HTTP/1.1" 200 190901 "-" "Mozilla/5.0 (compatible; AhrefsBot/7.0; +http://ahrefs.com/robot/)" "www.erctherapy.com"
51.222.253.10 - - [02/Jan/2023:07:53:19 -0800] "GET /cruise/ HTTP/1.1" 200 1485 "-" "Mozilla/5.0 (compatible; AhrefsBot/7.0; +http://ahrefs.com/robot/)" "erctherapy.com"
51.222.253.4 - - [02/Jan/2023:07:53:22 -0800] "GET /cruise/thumbnails/thumb-13.jpg HTTP/1.1" 200 8826 "-" "Mozilla/5.0 (compatible; AhrefsBot/7.0; +http://ahrefs.com/robot/)" "erctherapy.com"
51.222.253.6 - - [02/Jan/2023:07:53:23 -0800] "GET /cruise/thumbnails/thumb-6.jpg HTTP/1.1" 200 9935 "-" "Mozilla/5.0 (compatible; AhrefsBot/7.0; +http://ahrefs.com/robot/)" "erctherapy.com"
51.222.253.7 - - [02/Jan/2023:07:53:24 -0800] "GET /cruise/thumbnails/thumb-7.jpg HTTP/1.1" 200 11996 "-" "Mozilla/5.0 (compatible; AhrefsBot/7.0; +http://ahrefs.com/robot/)" "erctherapy.com"
51.222.253.6 - - [02/Jan/2023:07:53:24 -0800] "GET /cruise/thumbnails/thumb-3.jpg HTTP/1.1" 200 9220 "-" "Mozilla/5.0 (compatible; AhrefsBot/7.0; +http://ahrefs.com/robot/)" "erctherapy.com"
51.222.253.5 - - [02/Jan/2023:07:53:56 -0800] "GET /cruise/thumbnails/thumb-11.jpg HTTP/1.1" 200 19006 "-" "Mozilla/5.0 (compatible; AhrefsBot/7.0; +http://ahrefs.com/robot/)" "erctherapy.com"
51.222.253.16 - - [02/Jan/2023:07:54:09 -0800] "GET /cruise/thumbnails/thumb-15.jpg HTTP/1.1" 200 20357 "-" "Mozilla/5.0 (compatible; AhrefsBot/7.0; +http://ahrefs.com/robot/)" "erctherapy.com"
51.222.253.3 - - [02/Jan/2023:07:54:11 -0800] "GET /cruise/thumbnails/thumb-14.jpg HTTP/1.1" 200 13011 "-" "Mozilla/5.0 (compatible; AhrefsBot/7.0; +http://ahrefs.com/robot/)" "erctherapy.com"
51.222.253.11 - - [02/Jan/2023:07:54:12 -0800] "GET /cruise/thumbnails/thumb-5.jpg HTTP/1.1" 200 8564 "-" "Mozilla/5.0 (compatible; AhrefsBot/7.0; +http://ahrefs.com/robot/)" "erctherapy.com"
51.222.253.11 - - [02/Jan/2023:07:54:12 -0800] "GET /cruise/thumbnails/thumb-9.jpg HTTP/1.1" 200 16999 "-" "Mozilla/5.0 (compatible; AhrefsBot/7.0; +http://ahrefs.com/robot/)" "erctherapy.com"
51.222.253.6 - - [02/Jan/2023:07:54:45 -0800] "GET /cruise/thumbnails/thumb-12.jpg HTTP/1.1" 200 18317 "-" "Mozilla/5.0 (compatible; AhrefsBot/7.0; +http://ahrefs.com/robot/)" "erctherapy.com"
51.222.253.19 - - [02/Jan/2023:07:54:47 -0800] "GET /cruise/thumbnails/thumb-2.jpg HTTP/1.1" 200 14643 "-" "Mozilla/5.0 (compatible; AhrefsBot/7.0; +http://ahrefs.com/robot/)" "erctherapy.com"
51.222.253.9 - - [02/Jan/2023:07:54:48 -0800] "GET /cruise/thumbnails/thumb-8.jpg HTTP/1.1" 200 21459 "-" "Mozilla/5.0 (compatible; AhrefsBot/7.0; +http://ahrefs.com/robot/)" "erctherapy.com"
51.222.253.13 - - [02/Jan/2023:07:54:50 -0800] "GET /cruise/thumbnails/thumb-10.jpg HTTP/1.1" 200 21200 "-" "Mozilla/5.0 (compatible; AhrefsBot/7.0; +http://ahrefs.com/robot/)" "erctherapy.com"
40.77.167.23 - - [02/Jan/2023:07:57:13 -0800] "GET /cruise/large-110.html HTTP/1.1" 200 918 "-" "Mozilla/5.0 AppleWebKit/537.36 (KHTML, like Gecko; compatible; bingbot/2.0; +http://www.bing.com/bingbot.htm) Chrome/103.0.5060.134 Safari/537.36" "erctherapy.com"
51.222.253.10 - - [02/Jan/2023:08:11:15 -0800] "GET /clipart/pageHeaders/?C=N;O=D HTTP/1.1" 200 374 "-" "Mozilla/5.0 (compatible; AhrefsBot/7.0; +http://ahrefs.com/robot/)" "erctherapy.com"
51.222.253.15 - - [02/Jan/2023:08:29:31 -0800] "GET /sitebuilder/?C=S;O=A HTTP/1.1" 200 356 "-" "Mozilla/5.0 (compatible; AhrefsBot/7.0; +http://ahrefs.com/robot/)" "erctherapy.com"
51.222.253.9 - - [02/Jan/2023:08:48:14 -0800] "GET /sitebuilder/?C=M;O=A HTTP/1.1" 200 356 "-" "Mozilla/5.0 (compatible; AhrefsBot/7.0; +http://ahrefs.com/robot/)" "erctherapy.com"
51.222.253.16 - - [02/Jan/2023:09:06:05 -0800] "GET /images/navbars/ HTTP/1.1" 200 361 "-" "Mozilla/5.0 (compatible; AhrefsBot/7.0; +http://ahrefs.com/robot/)" "erctherapy.com"
51.222.253.17 - - [02/Jan/2023:09:24:05 -0800] "GET /sitebuilder/?C=D;O=D HTTP/1.1" 200 353 "-" "Mozilla/5.0 (compatible; AhrefsBot/7.0; +http://ahrefs.com/robot/)" "erctherapy.com"
51.222.253.13 - - [02/Jan/2023:09:42:19 -0800] "GET /docs/?C=N;O=D HTTP/1.1" 200 360 "-" "Mozilla/5.0 (compatible; AhrefsBot/7.0; +http://ahrefs.com/robot/)" "erctherapy.com"
51.222.253.8 - - [02/Jan/2023:10:01:17 -0800] "GET /robots.txt HTTP/1.1" 404 88 "-" "Mozilla/5.0 (compatible; AhrefsBot/7.0; +http://ahrefs.com/robot/)" "erctherapy.com"
51.222.253.11 - - [02/Jan/2023:10:01:18 -0800] "GET /cruise/large-2.html HTTP/1.1" 200 883 "-" "Mozilla/5.0 (compatible; AhrefsBot/7.0; +http://ahrefs.com/robot/)" "erctherapy.com"
51.222.253.2 - - [02/Jan/2023:10:01:23 -0800] "GET /cruise/pictures/picture-2.jpg HTTP/1.1" 200 189969 "-" "Mozilla/5.0 (compatible; AhrefsBot/7.0; +http://ahrefs.com/robot/)" "erctherapy.com"
51.222.253.12 - - [02/Jan/2023:10:21:05 -0800] "GET /sitebuilder/images/?C=N;O=D HTTP/1.1" 200 488 "-" "Mozilla/5.0 (compatible; AhrefsBot/7.0; +http://ahrefs.com/robot/)" "erctherapy.com"
51.222.253.7 - - [02/Jan/2023:10:39:31 -0800] "GET /cruise/large-1.html HTTP/1.1" 200 871 "-" "Mozilla/5.0 (compatible; AhrefsBot/7.0; +http://ahrefs.com/robot/)" "erctherapy.com"
51.222.253.11 - - [02/Jan/2023:10:39:33 -0800] "GET /cruise/pictures/picture-1.jpg HTTP/1.1" 200 193870 "-" "Mozilla/5.0 (compatible; AhrefsBot/7.0; +http://ahrefs.com/robot/)" "erctherapy.com"
51.222.253.6 - - [02/Jan/2023:10:57:42 -0800] "GET /cruise/large-3.html HTTP/1.1" 200 888 "-" "Mozilla/5.0 (compatible; AhrefsBot/7.0; +http://ahrefs.com/robot/)" "erctherapy.com"
51.222.253.16 - - [02/Jan/2023:10:57:44 -0800] "GET /cruise/pictures/picture-3.jpg HTTP/1.1" 200 148470 "-" "Mozilla/5.0 (compatible; AhrefsBot/7.0; +http://ahrefs.com/robot/)" "erctherapy.com"
51.222.253.8 - - [02/Jan/2023:11:15:55 -0800] "GET /?C=N;O=D HTTP/1.1" 200 568 "-" "Mozilla/5.0 (compatible; AhrefsBot/7.0; +http://ahrefs.com/robot/)" "erctherapy.com"
51.222.253.14 - - [02/Jan/2023:11:34:35 -0800] "GET /?C=S;O=D HTTP/1.1" 200 556 "-" "Mozilla/5.0 (compatible; AhrefsBot/7.0; +http://ahrefs.com/robot/)" "erctherapy.com"
51.222.253.12 - - [02/Jan/2023:11:54:16 -0800] "GET /?C=S;O=D HTTP/1.1" 200 556 "-" "Mozilla/5.0 (compatible; AhrefsBot/7.0; +http://ahrefs.com/robot/)" "erctherapy.com"
54.36.148.219 - - [02/Jan/2023:12:12:06 -0800] "GET /robots.txt HTTP/1.1" 404 88 "-" "Mozilla/5.0 (compatible; AhrefsBot/7.0; +http://ahrefs.com/robot/)" "www.erctherapy.com"
51.222.253.17 - - [02/Jan/2023:12:12:07 -0800] "GET /clipart/?C=S;O=A HTTP/1.1" 200 371 "-" "Mozilla/5.0 (compatible; AhrefsBot/7.0; +http://ahrefs.com/robot/)" "www.erctherapy.com"
51.222.253.17 - - [02/Jan/2023:12:30:29 -0800] "GET /cruise/large-6.html HTTP/1.1" 200 883 "-" "Mozilla/5.0 (compatible; AhrefsBot/7.0; +http://ahrefs.com/robot/)" "erctherapy.com"
51.222.253.20 - - [02/Jan/2023:12:30:31 -0800] "GET /cruise/pictures/picture-6.jpg HTTP/1.1" 200 178772 "-" "Mozilla/5.0 (compatible; AhrefsBot/7.0; +http://ahrefs.com/robot/)" "erctherapy.com"
93.158.161.59 - - [02/Jan/2023:12:45:31 -0800] "GET /robots.txt HTTP/1.1" 404 73 "-" "Mozilla/5.0 (compatible; YandexBot/3.0; +http://yandex.com/bots)" "erctherapy.com"
77.88.5.84 - - [02/Jan/2023:12:45:35 -0800] "GET /cruise/large-176.html HTTP/1.1" 200 908 "-" "Mozilla/5.0 (compatible; YandexBot/3.0; +http://yandex.com/bots)" "erctherapy.com"
51.222.253.3 - - [02/Jan/2023:12:48:23 -0800] "GET /sitebuilder/images/ HTTP/1.1" 200 490 "-" "Mozilla/5.0 (compatible; AhrefsBot/7.0; +http://ahrefs.com/robot/)" "erctherapy.com"
51.222.253.18 - - [02/Jan/2023:13:07:08 -0800] "GET /cruise/large-22.html HTTP/1.1" 200 913 "-" "Mozilla/5.0 (compatible; AhrefsBot/7.0; +http://ahrefs.com/robot/)" "erctherapy.com"
51.222.253.10 - - [02/Jan/2023:13:07:11 -0800] "GET /cruise/pictures/picture-22.jpg HTTP/1.1" 200 195456 "-" "Mozilla/5.0 (compatible; AhrefsBot/7.0; +http://ahrefs.com/robot/)" "erctherapy.com"
51.222.253.15 - - [02/Jan/2023:13:25:21 -0800] "GET /clipart/?C=D;O=A HTTP/1.1" 200 369 "-" "Mozilla/5.0 (compatible; AhrefsBot/7.0; +http://ahrefs.com/robot/)" "www.erctherapy.com"
140.246.136.252 - - [02/Jan/2023:13:26:38 -0800] "GET / HTTP/1.1" 200 570 "-" "Mozilla/5.0 (iPhone; CPU iPhone OS 13_2_3 like Mac OS X) AppleWebKit/605.1.15 (KHTML, like Gecko) Version/13.0.3 Mobile/15E148 Safari/604.1" "erctherapy.com"
51.222.253.3 - - [02/Jan/2023:13:43:59 -0800] "GET /robots.txt HTTP/1.1" 404 88 "-" "Mozilla/5.0 (compatible; AhrefsBot/7.0; +http://ahrefs.com/robot/)" "erctherapy.com"
51.222.253.5 - - [02/Jan/2023:13:44:00 -0800] "GET /cruise/large-21.html HTTP/1.1" 200 886 "-" "Mozilla/5.0 (compatible; AhrefsBot/7.0; +http://ahrefs.com/robot/)" "erctherapy.com"
77.88.5.3 - - [02/Jan/2023:14:00:09 -0800] "GET /cruise/large-136.html HTTP/1.1" 200 893 "-" "Mozilla/5.0 (compatible; YandexBot/3.0; +http://yandex.com/bots)" "erctherapy.com"
51.222.253.15 - - [02/Jan/2023:14:01:00 -0800] "GET /?C=M;O=D HTTP/1.1" 200 563 "-" "Mozilla/5.0 (compatible; AhrefsBot/7.0; +http://ahrefs.com/robot/)" "erctherapy.com"
77.88.5.41 - - [02/Jan/2023:14:10:25 -0800] "GET /robots.txt HTTP/1.1" 404 73 "-" "Mozilla/5.0 (compatible; YandexBot/3.0; +http://yandex.com/bots)" "www.erctherapy.com"
93.158.161.44 - - [02/Jan/2023:14:10:31 -0800] "GET / HTTP/1.1" 200 570 "-" "Mozilla/5.0 (compatible; YandexBot/3.0; +http://yandex.com/bots)" "www.erctherapy.com"
204.48.19.180 - - [02/Jan/2023:14:12:05 -0800] "GET /storm/ HTTP/1.1" 200 408 "-" "Mozilla/5.0 (Macintosh; Intel Mac OS X 10_15_7) AppleWebKit/537.36 (KHTML, like Gecko) Chrome/107.0.0.0 Safari/537.36" "www.erctherapy.com"
93.158.161.29 - - [02/Jan/2023:14:18:50 -0800] "GET /cruise/large-211.html HTTP/1.1" 200 916 "-" "Mozilla/5.0 (compatible; YandexBot/3.0; +http://yandex.com/bots)" "erctherapy.com"
51.222.253.17 - - [02/Jan/2023:14:37:18 -0800] "GET /cruise/index15.html HTTP/1.1" 200 1410 "-" "Mozilla/5.0 (compatible; AhrefsBot/7.0; +http://ahrefs.com/robot/)" "erctherapy.com"
51.222.253.7 - - [02/Jan/2023:14:37:20 -0800] "GET /cruise/thumbnails/thumb-216.jpg HTTP/1.1" 200 18546 "-" "Mozilla/5.0 (compatible; AhrefsBot/7.0; +http://ahrefs.com/robot/)" "erctherapy.com"
51.222.253.19 - - [02/Jan/2023:14:37:21 -0800] "GET /cruise/thumbnails/thumb-215.jpg HTTP/1.1" 200 14192 "-" "Mozilla/5.0 (compatible; AhrefsBot/7.0; +http://ahrefs.com/robot/)" "erctherapy.com"
51.222.253.5 - - [02/Jan/2023:14:37:52 -0800] "GET /cruise/thumbnails/thumb-212.jpg HTTP/1.1" 200 14993 "-" "Mozilla/5.0 (compatible; AhrefsBot/7.0; +http://ahrefs.com/robot/)" "erctherapy.com"
51.222.253.17 - - [02/Jan/2023:14:37:53 -0800] "GET /cruise/thumbnails/thumb-218.jpg HTTP/1.1" 200 20082 "-" "Mozilla/5.0 (compatible; AhrefsBot/7.0; +http://ahrefs.com/robot/)" "erctherapy.com"
51.222.253.18 - - [02/Jan/2023:14:37:54 -0800] "GET /cruise/thumbnails/thumb-213.jpg HTTP/1.1" 200 15805 "-" "Mozilla/5.0 (compatible; AhrefsBot/7.0; +http://ahrefs.com/robot/)" "erctherapy.com"
