54.188.184.240 - - [18/Sep/2022:17:46:01 -0700] "GET / HTTP/1.1" 200 570 "-" "Mozilla/5.0 (X11; Linux x86_64) AppleWebKit/537.36 (KHTML, like Gecko) Chrome/83.0.4103.97 Safari/537.36" "erctherapy.com"
35.92.58.0 - - [18/Sep/2022:17:46:16 -0700] "GET /favicon.ico HTTP/1.1" 404 88 "-" "Mozilla/5.0 (X11; Linux x86_64) AppleWebKit/537.36 (KHTML, like Gecko) Chrome/83.0.4103.97 Safari/537.36" "erctherapy.com"
35.92.58.0 - - [18/Sep/2022:17:46:18 -0700] "GET / HTTP/1.1" 200 570 "-" "Mozilla/5.0 (X11; Linux x86_64) AppleWebKit/537.36 (KHTML, like Gecko) Chrome/83.0.4103.97 Safari/537.36" "erctherapy.com"
52.13.57.136 - - [18/Sep/2022:17:48:54 -0700] "GET / HTTP/1.1" 200 570 "-" "Mozilla/5.0 (X11; Linux x86_64) AppleWebKit/537.36 (KHTML, like Gecko) Chrome/83.0.4103.97 Safari/537.36" "erctherapy.com"
52.88.38.110 - - [18/Sep/2022:17:49:09 -0700] "GET /favicon.ico HTTP/1.1" 404 88 "-" "Mozilla/5.0 (X11; Linux x86_64) AppleWebKit/537.36 (KHTML, like Gecko) Chrome/83.0.4103.97 Safari/537.36" "erctherapy.com"
52.88.38.110 - - [18/Sep/2022:17:49:09 -0700] "GET / HTTP/1.1" 200 570 "-" "Mozilla/5.0 (X11; Linux x86_64) AppleWebKit/537.36 (KHTML, like Gecko) Chrome/83.0.4103.97 Safari/537.36" "erctherapy.com"
35.165.171.182 - - [18/Sep/2022:17:50:22 -0700] "GET /favicon.ico HTTP/1.1" 404 88 "-" "Mozilla/5.0 (X11; Linux x86_64) AppleWebKit/537.36 (KHTML, like Gecko) Chrome/83.0.4103.97 Safari/537.36" "erctherapy.com"
34.213.189.93 - - [18/Sep/2022:17:57:18 -0700] "GET / HTTP/1.1" 200 570 "-" "Mozilla/5.0 (X11; Linux x86_64) AppleWebKit/537.36 (KHTML, like Gecko) Chrome/83.0.4103.97 Safari/537.36" "erctherapy.com"
35.167.142.110 - - [18/Sep/2022:17:57:48 -0700] "GET /favicon.ico HTTP/1.1" 404 88 "-" "Mozilla/5.0 (X11; Linux x86_64) AppleWebKit/537.36 (KHTML, like Gecko) Chrome/83.0.4103.97 Safari/537.36" "erctherapy.com"
35.167.142.110 - - [18/Sep/2022:17:57:53 -0700] "GET / HTTP/1.1" 200 570 "-" "Mozilla/5.0 (X11; Linux x86_64) AppleWebKit/537.36 (KHTML, like Gecko) Chrome/83.0.4103.97 Safari/537.36" "erctherapy.com"
40.117.85.187 - - [18/Sep/2022:18:22:15 -0700] "POST / HTTP/1.1" 404 88 "-" "Mozilla/5.0 (X11; Linux x86_64) AppleWebKit/537.36 (KHTML, like Gecko) Chrome/81.0.4044.129 Safari/537.36" "erctherapy.com"
135.181.75.58 - - [18/Sep/2022:19:41:43 -0700] "GET /robots.txt HTTP/1.1" 404 73 "-" "Mozilla/5.0 (compatible; MJ12bot/v1.4.8; http://mj12bot.com/)" "erctherapy.com"
135.181.75.58 - - [18/Sep/2022:19:41:54 -0700] "GET /?D=A HTTP/1.1" 200 570 "-" "Mozilla/5.0 (compatible; MJ12bot/v1.4.8; http://mj12bot.com/)" "erctherapy.com"
135.181.75.58 - - [18/Sep/2022:19:42:05 -0700] "GET /?S=A HTTP/1.1" 200 570 "-" "Mozilla/5.0 (compatible; MJ12bot/v1.4.8; http://mj12bot.com/)" "erctherapy.com"
135.181.75.58 - - [18/Sep/2022:19:42:16 -0700] "GET /buttons/ HTTP/1.1" 200 313 "-" "Mozilla/5.0 (compatible; MJ12bot/v1.4.8; http://mj12bot.com/)" "erctherapy.com"
135.181.75.58 - - [18/Sep/2022:19:42:27 -0700] "GET /images/ HTTP/1.1" 200 753 "-" "Mozilla/5.0 (compatible; MJ12bot/v1.4.8; http://mj12bot.com/)" "erctherapy.com"
135.181.75.58 - - [18/Sep/2022:19:42:38 -0700] "GET /images/navbars/ HTTP/1.1" 200 361 "-" "Mozilla/5.0 (compatible; MJ12bot/v1.4.8; http://mj12bot.com/)" "erctherapy.com"
135.181.75.58 - - [18/Sep/2022:19:42:50 -0700] "GET /sitebuilder/ HTTP/1.1" 200 355 "-" "Mozilla/5.0 (compatible; MJ12bot/v1.4.8; http://mj12bot.com/)" "erctherapy.com"
135.181.75.58 - - [18/Sep/2022:19:43:02 -0700] "GET /robots.txt HTTP/1.1" 404 73 "-" "Mozilla/5.0 (compatible; MJ12bot/v1.4.8; http://mj12bot.com/)" "www.erctherapy.com"
135.181.75.58 - - [18/Sep/2022:19:43:10 -0700] "GET /cruise/index2.html HTTP/1.1" 200 1566 "-" "Mozilla/5.0 (compatible; MJ12bot/v1.4.8; http://mj12bot.com/)" "www.erctherapy.com"
135.181.75.58 - - [18/Sep/2022:19:43:25 -0700] "GET /cruise/index6.html HTTP/1.1" 200 1395 "-" "Mozilla/5.0 (compatible; MJ12bot/v1.4.8; http://mj12bot.com/)" "www.erctherapy.com"
135.181.75.58 - - [18/Sep/2022:19:43:35 -0700] "GET /cruise/large-188.html HTTP/1.1" 200 894 "-" "Mozilla/5.0 (compatible; MJ12bot/v1.4.8; http://mj12bot.com/)" "www.erctherapy.com"
135.181.75.58 - - [18/Sep/2022:19:43:45 -0700] "GET /cruise/large-96.html HTTP/1.1" 200 915 "-" "Mozilla/5.0 (compatible; MJ12bot/v1.4.8; http://mj12bot.com/)" "www.erctherapy.com"
216.244.66.247 - - [18/Sep/2022:20:12:43 -0700] "GET /robots.txt HTTP/1.1" 404 73 "-" "Mozilla/5.0 (compatible; DotBot/1.2; +https://opensiteexplorer.org/dotbot; help@moz.com)" "erctherapy.com"
208.67.104.167 - - [18/Sep/2022:20:53:20 -0700] "GET / HTTP/1.1" 200 570 "-" "python-requests/2.27.1" "erctherapy.com"
216.244.66.247 - - [18/Sep/2022:21:04:40 -0700] "GET /robots.txt HTTP/1.1" 404 73 "-" "Mozilla/5.0 (compatible; DotBot/1.2; +https://opensiteexplorer.org/dotbot; help@moz.com)" "www.erctherapy.com"
192.71.42.108 - - [18/Sep/2022:21:30:32 -0700] "GET /robots.txt HTTP/1.1" 404 88 "-" "Mozilla/5.0 (Windows NT 10.0; Win64; x64) AppleWebKit/537.36 (KHTML, like Gecko) Chrome/103.0.5060.134 Safari/537.36 Edg/103.0.1264.71" "erctherapy.com"
192.71.23.211 - - [18/Sep/2022:21:30:32 -0700] "GET /humans.txt HTTP/1.1" 404 88 "-" "Mozilla/5.0 (Windows NT 10.0; Win64; x64) AppleWebKit/537.36 (KHTML, like Gecko) Chrome/103.0.5060.134 Safari/537.36 Edg/103.0.1264.71" "erctherapy.com"
192.71.2.171 - - [18/Sep/2022:21:30:33 -0700] "GET /ads.txt HTTP/1.1" 404 88 "-" "Mozilla/5.0 (Windows NT 10.0; Win64; x64) AppleWebKit/537.36 (KHTML, like Gecko) Chrome/103.0.5060.134 Safari/537.36 Edg/103.0.1264.71" "erctherapy.com"
192.71.36.158 - - [18/Sep/2022:21:30:33 -0700] "GET / HTTP/1.1" 200 570 "-" "Mozilla/5.0 (Windows NT 10.0; Win64; x64) AppleWebKit/537.36 (KHTML, like Gecko) Chrome/103.0.5060.134 Safari/537.36 Edg/103.0.1264.71" "erctherapy.com"
195.191.219.131 - - [18/Sep/2022:21:48:26 -0700] "GET /robots.txt HTTP/1.1" 404 73 "-" "Mozilla/5.0 (compatible; MJ12bot/v1.4.8; http://mj12bot.com/)" "erctherapy.com"
195.191.219.131 - - [18/Sep/2022:21:48:28 -0700] "GET / HTTP/1.1" 200 570 "-" "Mozilla/5.0 (compatible; MJ12bot/v1.4.8; http://mj12bot.com/)" "erctherapy.com"
216.244.66.247 - - [18/Sep/2022:21:58:12 -0700] "GET /robots.txt HTTP/1.1" 404 73 "-" "Mozilla/5.0 (compatible; DotBot/1.2; +https://opensiteexplorer.org/dotbot; help@moz.com)" "www.erctherapy.com"
157.55.39.23 - - [18/Sep/2022:22:04:43 -0700] "GET /robots.txt HTTP/1.1" 404 88 "-" "Mozilla/5.0 (compatible; bingbot/2.0; +http://www.bing.com/bingbot.htm)" "erctherapy.com"
157.55.39.23 - - [18/Sep/2022:22:04:43 -0700] "GET /robots.txt HTTP/1.1" 404 88 "-" "Mozilla/5.0 (compatible; bingbot/2.0; +http://www.bing.com/bingbot.htm)" "erctherapy.com"
157.55.39.119 - - [18/Sep/2022:22:04:53 -0700] "GET /cruise/large-21.html HTTP/1.1" 200 886 "-" "Mozilla/5.0 (compatible; bingbot/2.0; +http://www.bing.com/bingbot.htm)" "erctherapy.com"
216.244.66.247 - - [18/Sep/2022:22:52:05 -0700] "GET /robots.txt HTTP/1.1" 404 73 "-" "Mozilla/5.0 (compatible; DotBot/1.2; +https://opensiteexplorer.org/dotbot; help@moz.com)" "www.erctherapy.com"
216.244.66.247 - - [18/Sep/2022:23:45:58 -0700] "GET /robots.txt HTTP/1.1" 404 73 "-" "Mozilla/5.0 (compatible; DotBot/1.2; +https://opensiteexplorer.org/dotbot; help@moz.com)" "www.erctherapy.com"
216.244.66.247 - - [19/Sep/2022:00:39:10 -0700] "GET /robots.txt HTTP/1.1" 404 73 "-" "Mozilla/5.0 (compatible; DotBot/1.2; +https://opensiteexplorer.org/dotbot; help@moz.com)" "erctherapy.com"
216.244.66.247 - - [19/Sep/2022:00:39:10 -0700] "GET /robots.txt HTTP/1.1" 404 73 "-" "Mozilla/5.0 (compatible; DotBot/1.2; +https://opensiteexplorer.org/dotbot; help@moz.com)" "www.erctherapy.com"
157.55.39.23 - - [19/Sep/2022:00:54:57 -0700] "GET /robots.txt HTTP/1.1" 404 88 "-" "Mozilla/5.0 AppleWebKit/537.36 (KHTML, like Gecko; compatible; bingbot/2.0; +http://www.bing.com/bingbot.htm) Chrome/103.0.5060.134 Safari/537.36" "erctherapy.com"
157.55.39.23 - - [19/Sep/2022:00:54:57 -0700] "GET /robots.txt HTTP/1.1" 404 88 "-" "Mozilla/5.0 AppleWebKit/537.36 (KHTML, like Gecko; compatible; bingbot/2.0; +http://www.bing.com/bingbot.htm) Chrome/103.0.5060.134 Safari/537.36" "erctherapy.com"
40.77.167.13 - - [19/Sep/2022:00:55:03 -0700] "GET /cruise/large-24.html HTTP/1.1" 200 910 "-" "Mozilla/5.0 (compatible; bingbot/2.0; +http://www.bing.com/bingbot.htm)" "erctherapy.com"
216.244.66.247 - - [19/Sep/2022:01:30:35 -0700] "GET /robots.txt HTTP/1.1" 404 73 "-" "Mozilla/5.0 (compatible; DotBot/1.2; +https://opensiteexplorer.org/dotbot; help@moz.com)" "erctherapy.com"
216.244.66.247 - - [19/Sep/2022:01:30:35 -0700] "GET /robots.txt HTTP/1.1" 404 73 "-" "Mozilla/5.0 (compatible; DotBot/1.2; +https://opensiteexplorer.org/dotbot; help@moz.com)" "www.erctherapy.com"
114.119.152.196 - - [19/Sep/2022:01:36:22 -0700] "GET /robots.txt HTTP/1.1" 404 88 "-" "Mozilla/5.0 (compatible;PetalBot;+https://webmaster.petalsearch.com/site/petalbot)" "www.erctherapy.com"
20.0.153.29 - - [19/Sep/2022:01:51:20 -0700] "GET / HTTP/1.1" 200 570 "-" "Go-http-client/1.1" "erctherapy.com"
20.0.153.29 - - [19/Sep/2022:01:51:21 -0700] "GET /wp-includes/css/buttons.css HTTP/1.1" 404 88 "-" "Go-http-client/1.1" "erctherapy.com"
20.0.153.29 - - [19/Sep/2022:01:51:21 -0700] "GET /media/system/js/core.js HTTP/1.1" 404 88 "-" "Go-http-client/1.1" "erctherapy.com"
5.255.231.124 - - [19/Sep/2022:02:02:44 -0700] "GET /robots.txt HTTP/1.1" 404 73 "-" "Mozilla/5.0 (compatible; YandexBot/3.0; +http://yandex.com/bots)" "erctherapy.com"
95.108.213.4 - - [19/Sep/2022:02:02:48 -0700] "GET /cruise/large-144.html HTTP/1.1" 200 890 "-" "Mozilla/5.0 (compatible; YandexBot/3.0; +http://yandex.com/bots)" "erctherapy.com"
216.244.66.247 - - [19/Sep/2022:02:23:45 -0700] "GET /robots.txt HTTP/1.1" 404 73 "-" "Mozilla/5.0 (compatible; DotBot/1.2; +https://opensiteexplorer.org/dotbot; help@moz.com)" "www.erctherapy.com"
5.45.207.149 - - [19/Sep/2022:02:43:05 -0700] "GET /cruise/large-142.html HTTP/1.1" 200 895 "-" "Mozilla/5.0 (compatible; YandexBot/3.0; +http://yandex.com/bots)" "erctherapy.com"
216.244.66.247 - - [19/Sep/2022:03:18:06 -0700] "GET /robots.txt HTTP/1.1" 404 73 "-" "Mozilla/5.0 (compatible; DotBot/1.2; +https://opensiteexplorer.org/dotbot; help@moz.com)" "erctherapy.com"
216.244.66.247 - - [19/Sep/2022:04:11:31 -0700] "GET /robots.txt HTTP/1.1" 404 73 "-" "Mozilla/5.0 (compatible; DotBot/1.2; +https://opensiteexplorer.org/dotbot; help@moz.com)" "erctherapy.com"
37.19.197.135 - - [19/Sep/2022:04:34:05 -0700] "GET /robots.txt HTTP/1.1" 404 73 "-" "panscient.com" "www.erctherapy.com"
37.19.197.135 - - [19/Sep/2022:04:34:10 -0700] "GET / HTTP/1.1" 200 570 "-" "panscient.com" "www.erctherapy.com"
37.19.197.135 - - [19/Sep/2022:04:34:11 -0700] "GET /robots.txt HTTP/1.1" 404 73 "-" "panscient.com" "www.erctherapy.com"
37.19.197.135 - - [19/Sep/2022:04:34:23 -0700] "GET /about.html HTTP/1.1" 200 1660 "-" "panscient.com" "www.erctherapy.com"
37.19.197.135 - - [19/Sep/2022:04:34:28 -0700] "GET /robots.txt HTTP/1.1" 404 88 "-" "panscient.com" "www.erctherapy.com"
37.19.197.135 - - [19/Sep/2022:04:34:28 -0700] "GET /contact.html HTTP/1.1" 200 2016 "-" "panscient.com" "www.erctherapy.com"
37.19.197.135 - - [19/Sep/2022:04:34:30 -0700] "GET /clipart/ HTTP/1.1" 200 369 "-" "panscient.com" "www.erctherapy.com"
37.19.197.135 - - [19/Sep/2022:04:35:08 -0700] "GET /clipart/pageHeaders/ HTTP/1.1" 200 376 "-" "panscient.com" "www.erctherapy.com"
37.19.197.135 - - [19/Sep/2022:04:35:47 -0700] "GET /clipart/backgrounds/ HTTP/1.1" 200 365 "-" "panscient.com" "www.erctherapy.com"
37.19.197.135 - - [19/Sep/2022:04:36:07 -0700] "GET /clipart/backgrounds/fullpage/ HTTP/1.1" 200 394 "-" "panscient.com" "www.erctherapy.com"
37.19.197.135 - - [19/Sep/2022:04:36:29 -0700] "GET /docs/ HTTP/1.1" 200 363 "-" "panscient.com" "www.erctherapy.com"
37.19.197.135 - - [19/Sep/2022:04:36:30 -0700] "GET /clipart/?C=N;O=D HTTP/1.1" 200 368 "-" "panscient.com" "www.erctherapy.com"
37.19.197.135 - - [19/Sep/2022:04:36:31 -0700] "GET /about.html HTTP/1.1" 200 1660 "-" "panscient.com" "www.erctherapy.com"
37.19.197.135 - - [19/Sep/2022:04:36:33 -0700] "GET /philippines.html HTTP/1.1" 200 2786 "-" "panscient.com" "www.erctherapy.com"
37.19.197.135 - - [19/Sep/2022:04:36:34 -0700] "GET /contact.html HTTP/1.1" 200 2016 "-" "panscient.com" "www.erctherapy.com"
37.19.197.135 - - [19/Sep/2022:04:36:35 -0700] "GET /?C=D;O=A HTTP/1.1" 200 570 "-" "panscient.com" "www.erctherapy.com"
37.19.197.135 - - [19/Sep/2022:04:36:36 -0700] "GET /?C=D;O=D HTTP/1.1" 200 568 "-" "panscient.com" "www.erctherapy.com"
37.19.197.135 - - [19/Sep/2022:04:37:17 -0700] "GET /?C=N;O=D HTTP/1.1" 200 568 "-" "panscient.com" "www.erctherapy.com"
37.19.197.135 - - [19/Sep/2022:04:37:18 -0700] "GET /?C=N;O=A HTTP/1.1" 200 570 "-" "panscient.com" "www.erctherapy.com"
37.19.197.135 - - [19/Sep/2022:04:37:20 -0700] "GET / HTTP/1.1" 200 570 "-" "panscient.com" "www.erctherapy.com"
216.244.66.247 - - [19/Sep/2022:05:04:23 -0700] "GET /robots.txt HTTP/1.1" 404 73 "-" "Mozilla/5.0 (compatible; DotBot/1.2; +https://opensiteexplorer.org/dotbot; help@moz.com)" "erctherapy.com"
216.244.66.247 - - [19/Sep/2022:05:04:23 -0700] "GET /robots.txt HTTP/1.1" 404 73 "-" "Mozilla/5.0 (compatible; DotBot/1.2; +https://opensiteexplorer.org/dotbot; help@moz.com)" "www.erctherapy.com"
66.249.79.196 - - [19/Sep/2022:05:26:54 -0700] "GET /robots.txt HTTP/1.1" 404 88 "-" "Mozilla/5.0 (compatible; Googlebot/2.1; +http://www.google.com/bot.html)" "erctherapy.com"
66.249.68.40 - - [19/Sep/2022:05:54:39 -0700] "GET /robots.txt HTTP/1.1" 404 88 "-" "Mozilla/5.0 (compatible; Googlebot/2.1; +http://www.google.com/bot.html)" "www.erctherapy.com"
51.15.183.168 - - [19/Sep/2022:06:36:28 -0700] "GET /fckeditor/editor/filemanager/browser/default/connectors/php/connector.php?Command=GetFoldersAndFiles&Type=File&CurrentFolder=%2F HTTP/1.1" 404 73 "-" "Mozilla/5.0 (Windows NT 6.3; Win64; x64) AppleWebKit/537.36 (KHTML, like Gecko) Chrome/75.0.3770.100 Safari/537.36" "erctherapy.com"
216.244.66.247 - - [19/Sep/2022:06:49:18 -0700] "GET /robots.txt HTTP/1.1" 404 73 "-" "Mozilla/5.0 (compatible; DotBot/1.2; +https://opensiteexplorer.org/dotbot; help@moz.com)" "erctherapy.com"
216.244.66.247 - - [19/Sep/2022:06:49:18 -0700] "GET /robots.txt HTTP/1.1" 404 73 "-" "Mozilla/5.0 (compatible; DotBot/1.2; +https://opensiteexplorer.org/dotbot; help@moz.com)" "www.erctherapy.com"
216.244.66.247 - - [19/Sep/2022:07:41:36 -0700] "GET /robots.txt HTTP/1.1" 404 73 "-" "Mozilla/5.0 (compatible; DotBot/1.2; +https://opensiteexplorer.org/dotbot; help@moz.com)" "www.erctherapy.com"
216.244.66.247 - - [19/Sep/2022:08:35:19 -0700] "GET /robots.txt HTTP/1.1" 404 73 "-" "Mozilla/5.0 (compatible; DotBot/1.2; +https://opensiteexplorer.org/dotbot; help@moz.com)" "www.erctherapy.com"
87.250.224.101 - - [19/Sep/2022:08:43:19 -0700] "GET /robots.txt HTTP/1.1" 404 73 "-" "Mozilla/5.0 (compatible; YandexBot/3.0; +http://yandex.com/bots)" "www.erctherapy.com"
5.255.231.133 - - [19/Sep/2022:08:43:25 -0700] "GET / HTTP/1.1" 200 570 "-" "Mozilla/5.0 (compatible; YandexBot/3.0; +http://yandex.com/bots)" "www.erctherapy.com"
207.46.13.51 - - [19/Sep/2022:09:00:12 -0700] "GET /cruise/large-7.html HTTP/1.1" 200 887 "-" "Mozilla/5.0 (compatible; bingbot/2.0; +http://www.bing.com/bingbot.htm)" "www.erctherapy.com"
216.244.66.247 - - [19/Sep/2022:09:28:19 -0700] "GET /robots.txt HTTP/1.1" 404 73 "-" "Mozilla/5.0 (compatible; DotBot/1.2; +https://opensiteexplorer.org/dotbot; help@moz.com)" "erctherapy.com"
54.80.227.69 - - [19/Sep/2022:10:17:01 -0700] "GET /robots.txt HTTP/1.1" 404 73 "-" "Mozilla/5.0 (X11; Linux x86_64) AppleWebKit/537.36 (KHTML, like Gecko) Chrome/94.0.4606.81 Safari/537.36" "erctherapy.com"
54.80.227.69 - - [19/Sep/2022:10:17:01 -0700] "GET / HTTP/1.1" 200 2041 "-" "Mozilla/5.0 (X11; Linux x86_64) AppleWebKit/537.36 (KHTML, like Gecko) Chrome/94.0.4606.81 Safari/537.36" "erctherapy.com"
216.244.66.247 - - [19/Sep/2022:10:19:36 -0700] "GET /robots.txt HTTP/1.1" 404 73 "-" "Mozilla/5.0 (compatible; DotBot/1.2; +https://opensiteexplorer.org/dotbot; help@moz.com)" "erctherapy.com"
216.244.66.247 - - [19/Sep/2022:11:10:41 -0700] "GET /robots.txt HTTP/1.1" 404 73 "-" "Mozilla/5.0 (compatible; DotBot/1.2; +https://opensiteexplorer.org/dotbot; help@moz.com)" "erctherapy.com"
216.244.66.247 - - [19/Sep/2022:11:10:41 -0700] "GET /robots.txt HTTP/1.1" 404 73 "-" "Mozilla/5.0 (compatible; DotBot/1.2; +https://opensiteexplorer.org/dotbot; help@moz.com)" "www.erctherapy.com"
216.244.66.247 - - [19/Sep/2022:12:02:42 -0700] "GET /robots.txt HTTP/1.1" 404 73 "-" "Mozilla/5.0 (compatible; DotBot/1.2; +https://opensiteexplorer.org/dotbot; help@moz.com)" "erctherapy.com"
216.244.66.247 - - [19/Sep/2022:12:02:42 -0700] "GET /robots.txt HTTP/1.1" 404 73 "-" "Mozilla/5.0 (compatible; DotBot/1.2; +https://opensiteexplorer.org/dotbot; help@moz.com)" "www.erctherapy.com"
147.78.47.233 - - [19/Sep/2022:12:11:42 -0700] "GET /administrator/ HTTP/1.1" 404 88 "-" "Mozilla/5.0 (Windows NT 10.0; Win64; x64) AppleWebKit/537.36 (KHTML, like Gecko) Chrome/64.0.3282.140 Safari/537.36 Edge/18.17763" "erctherapy.com"
216.244.66.247 - - [19/Sep/2022:12:52:23 -0700] "GET /robots.txt HTTP/1.1" 404 73 "-" "Mozilla/5.0 (compatible; DotBot/1.2; +https://opensiteexplorer.org/dotbot; help@moz.com)" "erctherapy.com"
51.15.183.168 - - [19/Sep/2022:13:05:12 -0700] "GET /admin/fckeditor/editor/filemanager/browser/default/connectors/php/connector.php?Command=GetFoldersAndFiles&Type=File&CurrentFolder=%2F HTTP/1.1" 404 73 "-" "Mozilla/5.0 (Windows NT 6.3; Win64; x64) AppleWebKit/537.36 (KHTML, like Gecko) Chrome/75.0.3770.100 Safari/537.36" "erctherapy.com"
216.244.66.247 - - [19/Sep/2022:13:44:23 -0700] "GET /robots.txt HTTP/1.1" 404 73 "-" "Mozilla/5.0 (compatible; DotBot/1.2; +https://opensiteexplorer.org/dotbot; help@moz.com)" "www.erctherapy.com"
23.100.232.233 - - [19/Sep/2022:14:26:49 -0700] "GET /philippines.html HTTP/1.1" 200 2786 "-" "Mozilla/5.0 (compatible; MSIE 9.0; Windows NT 6.1; Trident/5.0;  Trident/5.0)" "erctherapy.com"
3.236.151.217 - - [19/Sep/2022:14:36:28 -0700] "GET /robots.txt HTTP/1.1" 404 73 "-" "Mozilla/5.0 (X11; Linux x86_64) AppleWebKit/537.36 (KHTML, like Gecko) Chrome/94.0.4606.81 Safari/537.36" "erctherapy.com"
3.236.151.217 - - [19/Sep/2022:14:36:28 -0700] "GET / HTTP/1.1" 200 2041 "-" "Mozilla/5.0 (X11; Linux x86_64) AppleWebKit/537.36 (KHTML, like Gecko) Chrome/94.0.4606.81 Safari/537.36" "erctherapy.com"
216.244.66.247 - - [19/Sep/2022:14:38:45 -0700] "GET /robots.txt HTTP/1.1" 404 73 "-" "Mozilla/5.0 (compatible; DotBot/1.2; +https://opensiteexplorer.org/dotbot; help@moz.com)" "erctherapy.com"
157.55.39.23 - - [19/Sep/2022:15:24:02 -0700] "GET /robots.txt HTTP/1.1" 404 88 "-" "Mozilla/5.0 (compatible; bingbot/2.0; +http://www.bing.com/bingbot.htm)" "www.erctherapy.com"
157.55.39.23 - - [19/Sep/2022:15:24:02 -0700] "GET /robots.txt HTTP/1.1" 404 88 "-" "Mozilla/5.0 (compatible; bingbot/2.0; +http://www.bing.com/bingbot.htm)" "www.erctherapy.com"
40.77.167.13 - - [19/Sep/2022:15:24:06 -0700] "GET /storm/ HTTP/1.1" 200 408 "-" "Mozilla/5.0 (compatible; bingbot/2.0; +http://www.bing.com/bingbot.htm)" "www.erctherapy.com"
216.244.66.247 - - [19/Sep/2022:16:21:23 -0700] "GET /robots.txt HTTP/1.1" 404 73 "-" "Mozilla/5.0 (compatible; DotBot/1.2; +https://opensiteexplorer.org/dotbot; help@moz.com)" "erctherapy.com"
44.211.47.9 - - [19/Sep/2022:16:24:24 -0700] "GET /robots.txt HTTP/1.1" 404 73 "-" "Mozilla/5.0 (X11; Linux x86_64) AppleWebKit/537.36 (KHTML, like Gecko) Chrome/94.0.4606.81 Safari/537.36" "erctherapy.com"
44.211.47.9 - - [19/Sep/2022:16:24:24 -0700] "GET / HTTP/1.1" 200 2041 "-" "Mozilla/5.0 (X11; Linux x86_64) AppleWebKit/537.36 (KHTML, like Gecko) Chrome/94.0.4606.81 Safari/537.36" "erctherapy.com"
216.244.66.247 - - [19/Sep/2022:17:12:51 -0700] "GET /robots.txt HTTP/1.1" 404 73 "-" "Mozilla/5.0 (compatible; DotBot/1.2; +https://opensiteexplorer.org/dotbot; help@moz.com)" "www.erctherapy.com"
216.244.66.247 - - [19/Sep/2022:17:12:51 -0700] "GET /robots.txt HTTP/1.1" 404 73 "-" "Mozilla/5.0 (compatible; DotBot/1.2; +https://opensiteexplorer.org/dotbot; help@moz.com)" "erctherapy.com"
35.91.81.188 - - [19/Sep/2022:17:29:07 -0700] "GET / HTTP/1.1" 200 570 "-" "Mozilla/5.0 (X11; Linux x86_64) AppleWebKit/537.36 (KHTML, like Gecko) Chrome/83.0.4103.97 Safari/537.36" "erctherapy.com"
54.212.18.76 - - [19/Sep/2022:17:29:07 -0700] "GET / HTTP/1.1" 200 570 "-" "Mozilla/5.0 (X11; Linux x86_64) AppleWebKit/537.36 (KHTML, like Gecko) Chrome/83.0.4103.97 Safari/537.36" "erctherapy.com"
52.32.194.176 - - [19/Sep/2022:17:29:15 -0700] "GET /favicon.ico HTTP/1.1" 404 88 "-" "Mozilla/5.0 (X11; Linux x86_64) AppleWebKit/537.36 (KHTML, like Gecko) Chrome/83.0.4103.97 Safari/537.36" "erctherapy.com"
52.32.194.176 - - [19/Sep/2022:17:29:15 -0700] "GET / HTTP/1.1" 200 570 "-" "Mozilla/5.0 (X11; Linux x86_64) AppleWebKit/537.36 (KHTML, like Gecko) Chrome/83.0.4103.97 Safari/537.36" "erctherapy.com"
35.89.119.233 - - [19/Sep/2022:17:29:36 -0700] "GET /favicon.ico HTTP/1.1" 404 88 "-" "Mozilla/5.0 (X11; Linux x86_64) AppleWebKit/537.36 (KHTML, like Gecko) Chrome/83.0.4103.97 Safari/537.36" "erctherapy.com"
35.89.119.233 - - [19/Sep/2022:17:29:42 -0700] "GET / HTTP/1.1" 200 570 "-" "Mozilla/5.0 (X11; Linux x86_64) AppleWebKit/537.36 (KHTML, like Gecko) Chrome/83.0.4103.97 Safari/537.36" "erctherapy.com"
40.122.209.133 - - [19/Sep/2022:17:33:22 -0700] "GET / HTTP/1.1" 200 2041 "-" "Mozilla/5.0 (Windows NT 10.0; Win64; x64) AppleWebKit/537.36 (KHTML, like Gecko) Chrome/95.0.4638.69 Safari/537.36" "erctherapy.com"
40.122.209.133 - - [19/Sep/2022:17:33:22 -0700] "GET /wp-includes/ID3/license.txt HTTP/1.1" 404 73 "-" "Mozilla/5.0 (Windows NT 10.0; Win64; x64) AppleWebKit/537.36 (KHTML, like Gecko) Chrome/95.0.4638.69 Safari/537.36" "erctherapy.com"
40.122.209.133 - - [19/Sep/2022:17:33:23 -0700] "GET /feed/ HTTP/1.1" 404 73 "-" "Mozilla/5.0 (Windows NT 10.0; Win64; x64) AppleWebKit/537.36 (KHTML, like Gecko) Chrome/95.0.4638.69 Safari/537.36" "erctherapy.com"
40.122.209.133 - - [19/Sep/2022:17:33:23 -0700] "GET /xmlrpc.php?rsd HTTP/1.1" 404 73 "-" "Mozilla/5.0 (Windows NT 10.0; Win64; x64) AppleWebKit/537.36 (KHTML, like Gecko) Chrome/95.0.4638.69 Safari/537.36" "erctherapy.com"
40.122.209.133 - - [19/Sep/2022:17:33:24 -0700] "GET /blog/wp-includes/wlwmanifest.xml HTTP/1.1" 404 73 "-" "Mozilla/5.0 (Windows NT 10.0; Win64; x64) AppleWebKit/537.36 (KHTML, like Gecko) Chrome/95.0.4638.69 Safari/537.36" "erctherapy.com"
40.122.209.133 - - [19/Sep/2022:17:33:25 -0700] "GET /web/wp-includes/wlwmanifest.xml HTTP/1.1" 404 73 "-" "Mozilla/5.0 (Windows NT 10.0; Win64; x64) AppleWebKit/537.36 (KHTML, like Gecko) Chrome/95.0.4638.69 Safari/537.36" "erctherapy.com"
40.122.209.133 - - [19/Sep/2022:17:33:25 -0700] "GET /wordpress/wp-includes/wlwmanifest.xml HTTP/1.1" 404 73 "-" "Mozilla/5.0 (Windows NT 10.0; Win64; x64) AppleWebKit/537.36 (KHTML, like Gecko) Chrome/95.0.4638.69 Safari/537.36" "erctherapy.com"
40.122.209.133 - - [19/Sep/2022:17:34:26 -0700] "GET /2019/wp-includes/wlwmanifest.xml HTTP/1.1" 404 73 "-" "Mozilla/5.0 (Windows NT 10.0; Win64; x64) AppleWebKit/537.36 (KHTML, like Gecko) Chrome/95.0.4638.69 Safari/537.36" "erctherapy.com"
40.122.209.133 - - [19/Sep/2022:17:34:27 -0700] "GET /2021/wp-includes/wlwmanifest.xml HTTP/1.1" 404 73 "-" "Mozilla/5.0 (Windows NT 10.0; Win64; x64) AppleWebKit/537.36 (KHTML, like Gecko) Chrome/95.0.4638.69 Safari/537.36" "erctherapy.com"
40.122.209.133 - - [19/Sep/2022:17:34:27 -0700] "GET /shop/wp-includes/wlwmanifest.xml HTTP/1.1" 404 73 "-" "Mozilla/5.0 (Windows NT 10.0; Win64; x64) AppleWebKit/537.36 (KHTML, like Gecko) Chrome/95.0.4638.69 Safari/537.36" "erctherapy.com"
40.122.209.133 - - [19/Sep/2022:17:34:28 -0700] "GET /wp1/wp-includes/wlwmanifest.xml HTTP/1.1" 404 73 "-" "Mozilla/5.0 (Windows NT 10.0; Win64; x64) AppleWebKit/537.36 (KHTML, like Gecko) Chrome/95.0.4638.69 Safari/537.36" "erctherapy.com"
40.122.209.133 - - [19/Sep/2022:17:34:28 -0700] "GET /test/wp-includes/wlwmanifest.xml HTTP/1.1" 404 73 "-" "Mozilla/5.0 (Windows NT 10.0; Win64; x64) AppleWebKit/537.36 (KHTML, like Gecko) Chrome/95.0.4638.69 Safari/537.36" "erctherapy.com"
40.122.209.133 - - [19/Sep/2022:17:35:31 -0700] "GET /cms/wp-includes/wlwmanifest.xml HTTP/1.1" 404 73 "-" "Mozilla/5.0 (Windows NT 10.0; Win64; x64) AppleWebKit/537.36 (KHTML, like Gecko) Chrome/95.0.4638.69 Safari/537.36" "erctherapy.com"
157.55.39.119 - - [19/Sep/2022:18:18:19 -0700] "GET /cruise/ HTTP/1.1" 200 1485 "-" "Mozilla/5.0 (compatible; bingbot/2.0; +http://www.bing.com/bingbot.htm)" "www.erctherapy.com"
207.46.13.58 - - [19/Sep/2022:18:32:47 -0700] "GET /clipart/backgrounds/ HTTP/1.1" 200 365 "-" "Mozilla/5.0 (compatible; bingbot/2.0; +http://www.bing.com/bingbot.htm)" "www.erctherapy.com"
18.206.204.188 - - [19/Sep/2022:19:31:10 -0700] "GET /robots.txt HTTP/1.1" 404 73 "-" "Mozilla/5.0 (X11; Linux x86_64) AppleWebKit/537.36 (KHTML, like Gecko) Chrome/94.0.4606.81 Safari/537.36" "erctherapy.com"
18.206.204.188 - - [19/Sep/2022:19:31:10 -0700] "GET / HTTP/1.1" 200 2041 "-" "Mozilla/5.0 (X11; Linux x86_64) AppleWebKit/537.36 (KHTML, like Gecko) Chrome/94.0.4606.81 Safari/537.36" "erctherapy.com"
216.244.66.247 - - [19/Sep/2022:19:45:36 -0700] "GET /robots.txt HTTP/1.1" 404 73 "-" "Mozilla/5.0 (compatible; DotBot/1.2; +https://opensiteexplorer.org/dotbot; help@moz.com)" "erctherapy.com"
216.244.66.247 - - [19/Sep/2022:19:45:36 -0700] "GET /robots.txt HTTP/1.1" 404 73 "-" "Mozilla/5.0 (compatible; DotBot/1.2; +https://opensiteexplorer.org/dotbot; help@moz.com)" "www.erctherapy.com"
216.244.66.247 - - [19/Sep/2022:21:28:49 -0700] "GET /robots.txt HTTP/1.1" 404 73 "-" "Mozilla/5.0 (compatible; DotBot/1.2; +https://opensiteexplorer.org/dotbot; help@moz.com)" "www.erctherapy.com"
216.244.66.247 - - [19/Sep/2022:21:28:49 -0700] "GET /robots.txt HTTP/1.1" 404 73 "-" "Mozilla/5.0 (compatible; DotBot/1.2; +https://opensiteexplorer.org/dotbot; help@moz.com)" "erctherapy.com"
66.249.68.42 - - [19/Sep/2022:21:32:55 -0700] "GET /robots.txt HTTP/1.1" 404 88 "-" "Mozilla/5.0 (compatible; Googlebot/2.1; +http://www.google.com/bot.html)" "www.erctherapy.com"
44.197.170.241 - - [19/Sep/2022:21:46:13 -0700] "GET /robots.txt HTTP/1.1" 404 73 "-" "Mozilla/5.0 (X11; Linux x86_64) AppleWebKit/537.36 (KHTML, like Gecko) Chrome/94.0.4606.81 Safari/537.36" "erctherapy.com"
44.197.170.241 - - [19/Sep/2022:21:46:13 -0700] "GET /about.html HTTP/1.1" 200 6248 "-" "Mozilla/5.0 (X11; Linux x86_64) AppleWebKit/537.36 (KHTML, like Gecko) Chrome/94.0.4606.81 Safari/537.36" "erctherapy.com"
44.197.170.241 - - [19/Sep/2022:21:46:14 -0700] "GET /contact.html HTTP/1.1" 200 10724 "-" "Mozilla/5.0 (X11; Linux x86_64) AppleWebKit/537.36 (KHTML, like Gecko) Chrome/94.0.4606.81 Safari/537.36" "erctherapy.com"
216.244.66.247 - - [19/Sep/2022:22:19:25 -0700] "GET /robots.txt HTTP/1.1" 404 73 "-" "Mozilla/5.0 (compatible; DotBot/1.2; +https://opensiteexplorer.org/dotbot; help@moz.com)" "www.erctherapy.com"
66.249.79.196 - - [19/Sep/2022:22:45:53 -0700] "GET /robots.txt HTTP/1.1" 404 88 "-" "Mozilla/5.0 (compatible; Googlebot/2.1; +http://www.google.com/bot.html)" "erctherapy.com"
66.249.79.198 - - [19/Sep/2022:22:46:32 -0700] "GET /favicon.ico HTTP/1.1" 404 88 "-" "Googlebot-Image/1.0" "erctherapy.com"
216.244.66.247 - - [20/Sep/2022:00:01:35 -0700] "GET /robots.txt HTTP/1.1" 404 73 "-" "Mozilla/5.0 (compatible; DotBot/1.2; +https://opensiteexplorer.org/dotbot; help@moz.com)" "erctherapy.com"
216.244.66.247 - - [20/Sep/2022:00:01:35 -0700] "GET /robots.txt HTTP/1.1" 404 73 "-" "Mozilla/5.0 (compatible; DotBot/1.2; +https://opensiteexplorer.org/dotbot; help@moz.com)" "www.erctherapy.com"
3.83.64.155 - - [20/Sep/2022:00:04:57 -0700] "GET /robots.txt HTTP/1.1" 404 73 "-" "Mozilla/5.0 (X11; Linux x86_64) AppleWebKit/537.36 (KHTML, like Gecko) Chrome/94.0.4606.81 Safari/537.36" "erctherapy.com"
3.83.64.155 - - [20/Sep/2022:00:04:57 -0700] "GET /about.html HTTP/1.1" 200 6248 "-" "Mozilla/5.0 (X11; Linux x86_64) AppleWebKit/537.36 (KHTML, like Gecko) Chrome/94.0.4606.81 Safari/537.36" "erctherapy.com"
3.83.64.155 - - [20/Sep/2022:00:04:58 -0700] "GET /contact.html HTTP/1.1" 200 10724 "-" "Mozilla/5.0 (X11; Linux x86_64) AppleWebKit/537.36 (KHTML, like Gecko) Chrome/94.0.4606.81 Safari/537.36" "erctherapy.com"
216.244.66.247 - - [20/Sep/2022:00:52:12 -0700] "GET /robots.txt HTTP/1.1" 404 73 "-" "Mozilla/5.0 (compatible; DotBot/1.2; +https://opensiteexplorer.org/dotbot; help@moz.com)" "www.erctherapy.com"
216.244.66.247 - - [20/Sep/2022:01:42:28 -0700] "GET /robots.txt HTTP/1.1" 404 73 "-" "Mozilla/5.0 (compatible; DotBot/1.2; +https://opensiteexplorer.org/dotbot; help@moz.com)" "erctherapy.com"
207.46.13.57 - - [20/Sep/2022:02:05:42 -0700] "GET /about.html HTTP/1.1" 200 1660 "-" "Mozilla/5.0 AppleWebKit/537.36 (KHTML, like Gecko; compatible; bingbot/2.0; +http://www.bing.com/bingbot.htm) Chrome/103.0.5060.134 Safari/537.36" "erctherapy.com"
42.83.147.34 - - [20/Sep/2022:02:24:12 -0700] "GET / HTTP/1.1" 200 570 "-" "Mozilla/5.0 (Windows NT 6.1; Win64; x64) AppleWebKit/537.36 (KHTML, like Gecko)Chrome/74.0.3729.169 Safari/537.36" "erctherapy.com"
3.94.173.24 - - [20/Sep/2022:03:29:04 -0700] "GET /robots.txt HTTP/1.1" 404 73 "-" "Mozilla/5.0 (X11; Linux x86_64) AppleWebKit/537.36 (KHTML, like Gecko) Chrome/94.0.4606.81 Safari/537.36" "erctherapy.com"
3.94.173.24 - - [20/Sep/2022:03:29:05 -0700] "GET /news.html HTTP/1.1" 200 9641 "-" "Mozilla/5.0 (X11; Linux x86_64) AppleWebKit/537.36 (KHTML, like Gecko) Chrome/94.0.4606.81 Safari/537.36" "erctherapy.com"
216.244.66.247 - - [20/Sep/2022:04:15:07 -0700] "GET /robots.txt HTTP/1.1" 404 73 "-" "Mozilla/5.0 (compatible; DotBot/1.2; +https://opensiteexplorer.org/dotbot; help@moz.com)" "erctherapy.com"
216.244.66.247 - - [20/Sep/2022:04:15:07 -0700] "GET /robots.txt HTTP/1.1" 404 73 "-" "Mozilla/5.0 (compatible; DotBot/1.2; +https://opensiteexplorer.org/dotbot; help@moz.com)" "www.erctherapy.com"
114.119.128.50 - - [20/Sep/2022:04:31:20 -0700] "GET /robots.txt HTTP/1.1" 404 88 "-" "Mozilla/5.0 (compatible;PetalBot;+https://webmaster.petalsearch.com/site/petalbot)" "www.erctherapy.com"
216.244.66.247 - - [20/Sep/2022:05:05:31 -0700] "GET /robots.txt HTTP/1.1" 404 73 "-" "Mozilla/5.0 (compatible; DotBot/1.2; +https://opensiteexplorer.org/dotbot; help@moz.com)" "erctherapy.com"
216.244.66.247 - - [20/Sep/2022:05:57:10 -0700] "GET /robots.txt HTTP/1.1" 404 73 "-" "Mozilla/5.0 (compatible; DotBot/1.2; +https://opensiteexplorer.org/dotbot; help@moz.com)" "www.erctherapy.com"
51.15.183.168 - - [20/Sep/2022:06:43:46 -0700] "GET /admin/FCKeditor/editor/filemanager/browser/default/connectors/php/connector.php?Command=GetFoldersAndFiles&Type=File&CurrentFolder=%2F HTTP/1.1" 404 73 "-" "Mozilla/5.0 (Windows NT 6.3; Win64; x64) AppleWebKit/537.36 (KHTML, like Gecko) Chrome/75.0.3770.100 Safari/537.36" "erctherapy.com"
207.46.13.83 - - [20/Sep/2022:07:27:01 -0700] "GET /cruise/large-72.html HTTP/1.1" 200 893 "-" "Mozilla/5.0 (compatible; bingbot/2.0; +http://www.bing.com/bingbot.htm)" "erctherapy.com"
216.244.66.247 - - [20/Sep/2022:08:28:59 -0700] "GET /robots.txt HTTP/1.1" 404 73 "-" "Mozilla/5.0 (compatible; DotBot/1.2; +https://opensiteexplorer.org/dotbot; help@moz.com)" "www.erctherapy.com"
46.101.157.99 - - [20/Sep/2022:08:49:48 -0700] "HEAD / HTTP/1.1" 200 - "https://www.bing.com" "Mozilla/5.0 (Windows NT 5.1) AppleWebKit/537.36 (KHTML, like Gecko) Chrome/35.0.2309.372 Safari/537.36" "erctherapy.com"
46.101.157.99 - - [20/Sep/2022:08:49:48 -0700] "GET /wp-login.php HTTP/1.1" 404 88 "http://erctherapy.com" "Mozilla/5.0 (Windows NT 5.1) AppleWebKit/537.36 (KHTML, like Gecko) Chrome/35.0.2309.372 Safari/537.36" "erctherapy.com"
46.101.157.99 - - [20/Sep/2022:08:49:49 -0700] "GET /wordpress/wp-login.php HTTP/1.1" 404 88 "http://erctherapy.com" "Mozilla/5.0 (Windows NT 5.1) AppleWebKit/537.36 (KHTML, like Gecko) Chrome/35.0.2309.372 Safari/537.36" "erctherapy.com"
46.101.157.99 - - [20/Sep/2022:08:49:49 -0700] "GET /blog/wp-login.php HTTP/1.1" 404 88 "http://erctherapy.com" "Mozilla/5.0 (Windows NT 5.1) AppleWebKit/537.36 (KHTML, like Gecko) Chrome/35.0.2309.372 Safari/537.36" "erctherapy.com"
46.101.157.99 - - [20/Sep/2022:08:49:50 -0700] "GET /wp/wp-login.php HTTP/1.1" 404 88 "http://erctherapy.com" "Mozilla/5.0 (Windows NT 5.1) AppleWebKit/537.36 (KHTML, like Gecko) Chrome/35.0.2309.372 Safari/537.36" "erctherapy.com"
216.244.66.247 - - [20/Sep/2022:09:19:34 -0700] "GET /robots.txt HTTP/1.1" 404 73 "-" "Mozilla/5.0 (compatible; DotBot/1.2; +https://opensiteexplorer.org/dotbot; help@moz.com)" "erctherapy.com"
147.78.47.249 - - [20/Sep/2022:09:26:24 -0700] "GET /_ignition/health-check/ HTTP/1.1" 404 88 "-" "Mozilla/5.0 (Windows NT 10.0; Win64; x64) AppleWebKit/537.36 (KHTML, like Gecko) Chrome/105.0.0.0 Safari/537.36" "erctherapy.com"
147.78.47.249 - - [20/Sep/2022:09:26:26 -0700] "GET /public/_ignition/health-check/ HTTP/1.1" 404 88 "-" "Mozilla/5.0 (Windows NT 10.0; Win64; x64) AppleWebKit/537.36 (KHTML, like Gecko) Chrome/105.0.0.0 Safari/537.36" "erctherapy.com"
147.78.47.249 - - [20/Sep/2022:09:26:28 -0700] "GET /wp-includes/wlwmanifest.xml HTTP/1.1" 404 88 "-" "Mozilla/5.0 (Windows NT 10.0; Win64; x64) AppleWebKit/537.36 (KHTML, like Gecko) Chrome/105.0.0.0 Safari/537.36" "erctherapy.com"
216.244.66.247 - - [20/Sep/2022:10:10:08 -0700] "GET /robots.txt HTTP/1.1" 404 73 "-" "Mozilla/5.0 (compatible; DotBot/1.2; +https://opensiteexplorer.org/dotbot; help@moz.com)" "www.erctherapy.com"
216.244.66.247 - - [20/Sep/2022:10:10:08 -0700] "GET /robots.txt HTTP/1.1" 404 73 "-" "Mozilla/5.0 (compatible; DotBot/1.2; +https://opensiteexplorer.org/dotbot; help@moz.com)" "erctherapy.com"
161.35.127.186 - - [20/Sep/2022:10:27:02 -0700] "POST / HTTP/1.1" 404 73 "-" "Mozilla/5.0 (X11; Linux x86_64) AppleWebKit/537.36 (KHTML, like Gecko) Chrome/81.0.4044.129 Safari/537.36" "erctherapy.com"
216.244.66.247 - - [20/Sep/2022:11:00:37 -0700] "GET /robots.txt HTTP/1.1" 404 73 "-" "Mozilla/5.0 (compatible; DotBot/1.2; +https://opensiteexplorer.org/dotbot; help@moz.com)" "erctherapy.com"
216.244.66.247 - - [20/Sep/2022:11:00:37 -0700] "GET /robots.txt HTTP/1.1" 404 73 "-" "Mozilla/5.0 (compatible; DotBot/1.2; +https://opensiteexplorer.org/dotbot; help@moz.com)" "www.erctherapy.com"
93.113.111.193 - - [20/Sep/2022:11:25:35 -0700] "GET /wp-login.php HTTP/1.1" 404 88 "-" "Mozilla/5.0 (Windows NT 10.0; Win64; x64; rv:96.0) Gecko/20100101 Firefox/96" "erctherapy.com"
216.244.66.247 - - [20/Sep/2022:11:55:02 -0700] "GET /robots.txt HTTP/1.1" 404 73 "-" "Mozilla/5.0 (compatible; DotBot/1.2; +https://opensiteexplorer.org/dotbot; help@moz.com)" "www.erctherapy.com"
216.244.66.247 - - [20/Sep/2022:11:55:02 -0700] "GET /robots.txt HTTP/1.1" 404 73 "-" "Mozilla/5.0 (compatible; DotBot/1.2; +https://opensiteexplorer.org/dotbot; help@moz.com)" "erctherapy.com"
207.241.231.151 - - [20/Sep/2022:12:19:42 -0700] "GET /robots.txt HTTP/1.1" 404 73 "-" "Mozilla/5.0 (compatible; special_archiver/3.1.1 +http://www.archive.org/details/archive.org_bot)" "erctherapy.com"
207.241.231.151 - - [20/Sep/2022:12:19:42 -0700] "GET /cruise/assets/css/global.css HTTP/1.1" 200 4144 "http://erctherapy.com/cruise/" "Mozilla/5.0 (compatible; special_archiver/3.1.1 +http://www.archive.org/details/archive.org_bot)" "erctherapy.com"
207.241.231.151 - - [20/Sep/2022:12:19:42 -0700] "GET /cruise/thumbnails/thumb-6.jpg HTTP/1.1" 200 9935 "http://erctherapy.com/cruise/" "Mozilla/5.0 (compatible; special_archiver/3.1.1 +http://www.archive.org/details/archive.org_bot)" "erctherapy.com"
216.244.66.247 - - [20/Sep/2022:12:43:00 -0700] "GET /robots.txt HTTP/1.1" 404 73 "-" "Mozilla/5.0 (compatible; DotBot/1.2; +https://opensiteexplorer.org/dotbot; help@moz.com)" "erctherapy.com"
216.244.66.247 - - [20/Sep/2022:12:43:00 -0700] "GET /robots.txt HTTP/1.1" 404 73 "-" "Mozilla/5.0 (compatible; DotBot/1.2; +https://opensiteexplorer.org/dotbot; help@moz.com)" "www.erctherapy.com"
51.222.253.14 - - [20/Sep/2022:13:24:56 -0700] "GET /robots.txt HTTP/1.1" 404 88 "-" "Mozilla/5.0 (compatible; AhrefsBot/7.0; +http://ahrefs.com/robot/)" "erctherapy.com"
51.222.253.2 - - [20/Sep/2022:13:24:57 -0700] "GET / HTTP/1.1" 200 570 "-" "Mozilla/5.0 (compatible; AhrefsBot/7.0; +http://ahrefs.com/robot/)" "erctherapy.com"
66.249.68.38 - - [20/Sep/2022:13:29:41 -0700] "GET /robots.txt HTTP/1.1" 404 88 "-" "Mozilla/5.0 (compatible; Googlebot/2.1; +http://www.google.com/bot.html)" "www.erctherapy.com"
20.4.48.86 - - [20/Sep/2022:13:36:16 -0700] "GET / HTTP/1.1" 200 570 "-" "Go-http-client/1.1" "erctherapy.com"
20.4.48.86 - - [20/Sep/2022:13:36:16 -0700] "GET /wp-includes/css/buttons.css HTTP/1.1" 404 88 "-" "Go-http-client/1.1" "erctherapy.com"
20.4.48.86 - - [20/Sep/2022:13:36:16 -0700] "GET /media/system/js/core.js HTTP/1.1" 404 88 "-" "Go-http-client/1.1" "erctherapy.com"
51.222.253.6 - - [20/Sep/2022:13:38:08 -0700] "GET /cruise/large-113.html HTTP/1.1" 200 891 "-" "Mozilla/5.0 (compatible; AhrefsBot/7.0; +http://ahrefs.com/robot/)" "erctherapy.com"
51.222.253.1 - - [20/Sep/2022:13:50:56 -0700] "GET /cruise/large-34.html HTTP/1.1" 200 897 "-" "Mozilla/5.0 (compatible; AhrefsBot/7.0; +http://ahrefs.com/robot/)" "erctherapy.com"
51.222.253.14 - - [20/Sep/2022:14:03:32 -0700] "GET /cruise/large-108.html HTTP/1.1" 200 884 "-" "Mozilla/5.0 (compatible; AhrefsBot/7.0; +http://ahrefs.com/robot/)" "erctherapy.com"
51.222.253.17 - - [20/Sep/2022:14:13:07 -0700] "GET /cruise/large-112.html HTTP/1.1" 200 904 "-" "Mozilla/5.0 (compatible; AhrefsBot/7.0; +http://ahrefs.com/robot/)" "erctherapy.com"
51.222.253.5 - - [20/Sep/2022:14:13:10 -0700] "GET /cruise/pictures/picture-112.jpg HTTP/1.1" 200 284773 "-" "Mozilla/5.0 (compatible; AhrefsBot/7.0; +http://ahrefs.com/robot/)" "erctherapy.com"
51.222.253.13 - - [20/Sep/2022:14:22:38 -0700] "GET /cruise/large-23.html HTTP/1.1" 200 905 "-" "Mozilla/5.0 (compatible; AhrefsBot/7.0; +http://ahrefs.com/robot/)" "erctherapy.com"
216.244.66.247 - - [20/Sep/2022:14:23:56 -0700] "GET /robots.txt HTTP/1.1" 404 73 "-" "Mozilla/5.0 (compatible; DotBot/1.2; +https://opensiteexplorer.org/dotbot; help@moz.com)" "www.erctherapy.com"
51.222.253.15 - - [20/Sep/2022:14:32:17 -0700] "GET /cruise/large-24.html HTTP/1.1" 200 910 "-" "Mozilla/5.0 (compatible; AhrefsBot/7.0; +http://ahrefs.com/robot/)" "erctherapy.com"
51.222.253.1 - - [20/Sep/2022:14:41:44 -0700] "GET /cruise/large-25.html HTTP/1.1" 200 891 "-" "Mozilla/5.0 (compatible; AhrefsBot/7.0; +http://ahrefs.com/robot/)" "erctherapy.com"
51.222.253.10 - - [20/Sep/2022:14:51:10 -0700] "GET /cruise/large-26.html HTTP/1.1" 200 897 "-" "Mozilla/5.0 (compatible; AhrefsBot/7.0; +http://ahrefs.com/robot/)" "erctherapy.com"
51.222.253.15 - - [20/Sep/2022:14:51:16 -0700] "GET /cruise/pictures/picture-26.jpg HTTP/1.1" 200 190901 "-" "Mozilla/5.0 (compatible; AhrefsBot/7.0; +http://ahrefs.com/robot/)" "erctherapy.com"
51.222.253.14 - - [20/Sep/2022:15:01:18 -0700] "GET /cruise/large-35.html HTTP/1.1" 200 896 "-" "Mozilla/5.0 (compatible; AhrefsBot/7.0; +http://ahrefs.com/robot/)" "erctherapy.com"
51.222.253.11 - - [20/Sep/2022:15:01:21 -0700] "GET /cruise/pictures/picture-35.jpg HTTP/1.1" 200 227309 "-" "Mozilla/5.0 (compatible; AhrefsBot/7.0; +http://ahrefs.com/robot/)" "erctherapy.com"
51.222.253.17 - - [20/Sep/2022:15:10:49 -0700] "GET /cruise/large-103.html HTTP/1.1" 200 891 "-" "Mozilla/5.0 (compatible; AhrefsBot/7.0; +http://ahrefs.com/robot/)" "erctherapy.com"
216.244.66.247 - - [20/Sep/2022:15:15:07 -0700] "GET /robots.txt HTTP/1.1" 404 73 "-" "Mozilla/5.0 (compatible; DotBot/1.2; +https://opensiteexplorer.org/dotbot; help@moz.com)" "erctherapy.com"
216.244.66.247 - - [20/Sep/2022:15:15:07 -0700] "GET /robots.txt HTTP/1.1" 404 73 "-" "Mozilla/5.0 (compatible; DotBot/1.2; +https://opensiteexplorer.org/dotbot; help@moz.com)" "www.erctherapy.com"
51.222.253.11 - - [20/Sep/2022:15:20:00 -0700] "GET /cruise/large-107.html HTTP/1.1" 200 887 "-" "Mozilla/5.0 (compatible; AhrefsBot/7.0; +http://ahrefs.com/robot/)" "erctherapy.com"
51.222.253.8 - - [20/Sep/2022:15:28:58 -0700] "GET /clipart/backgrounds/ HTTP/1.1" 200 365 "-" "Mozilla/5.0 (compatible; AhrefsBot/7.0; +http://ahrefs.com/robot/)" "erctherapy.com"
51.222.253.12 - - [20/Sep/2022:15:37:55 -0700] "GET /cruise/large-114.html HTTP/1.1" 200 896 "-" "Mozilla/5.0 (compatible; AhrefsBot/7.0; +http://ahrefs.com/robot/)" "erctherapy.com"
51.222.253.13 - - [20/Sep/2022:15:46:43 -0700] "GET /cruise/large-116.html HTTP/1.1" 200 901 "-" "Mozilla/5.0 (compatible; AhrefsBot/7.0; +http://ahrefs.com/robot/)" "erctherapy.com"
51.222.253.6 - - [20/Sep/2022:15:46:50 -0700] "GET /cruise/pictures/picture-116.jpg HTTP/1.1" 200 250180 "-" "Mozilla/5.0 (compatible; AhrefsBot/7.0; +http://ahrefs.com/robot/)" "erctherapy.com"
199.244.88.221 - - [20/Sep/2022:15:50:45 -0700] "GET / HTTP/1.1" 200 570 "-" "Mozilla/5.0 (X11; Linux x86_64) AppleWebKit/537.36 (KHTML, like Gecko) Chrome/105.0.0.0 Safari/537.36" "erctherapy.com"
51.222.253.17 - - [20/Sep/2022:15:55:22 -0700] "GET /images/navbars/?C=M;O=A HTTP/1.1" 200 362 "-" "Mozilla/5.0 (compatible; AhrefsBot/7.0; +http://ahrefs.com/robot/)" "erctherapy.com"
51.222.253.7 - - [20/Sep/2022:16:03:51 -0700] "GET /images/navbars/?C=D;O=A HTTP/1.1" 200 361 "-" "Mozilla/5.0 (compatible; AhrefsBot/7.0; +http://ahrefs.com/robot/)" "erctherapy.com"
216.244.66.247 - - [20/Sep/2022:16:06:26 -0700] "GET /robots.txt HTTP/1.1" 404 73 "-" "Mozilla/5.0 (compatible; DotBot/1.2; +https://opensiteexplorer.org/dotbot; help@moz.com)" "erctherapy.com"
51.222.253.3 - - [20/Sep/2022:16:12:57 -0700] "GET /cruise/large-102.html HTTP/1.1" 200 904 "-" "Mozilla/5.0 (compatible; AhrefsBot/7.0; +http://ahrefs.com/robot/)" "erctherapy.com"
51.222.253.16 - - [20/Sep/2022:16:13:02 -0700] "GET /cruise/pictures/picture-102.jpg HTTP/1.1" 200 228077 "-" "Mozilla/5.0 (compatible; AhrefsBot/7.0; +http://ahrefs.com/robot/)" "erctherapy.com"
51.222.253.13 - - [20/Sep/2022:16:21:11 -0700] "GET /buttons/ HTTP/1.1" 200 313 "-" "Mozilla/5.0 (compatible; AhrefsBot/7.0; +http://ahrefs.com/robot/)" "erctherapy.com"
51.222.253.14 - - [20/Sep/2022:16:28:04 -0700] "GET /images/navbars/?C=S;O=A HTTP/1.1" 200 362 "-" "Mozilla/5.0 (compatible; AhrefsBot/7.0; +http://ahrefs.com/robot/)" "erctherapy.com"
51.222.253.18 - - [20/Sep/2022:16:35:06 -0700] "GET /cruise/large-115.html HTTP/1.1" 200 893 "-" "Mozilla/5.0 (compatible; AhrefsBot/7.0; +http://ahrefs.com/robot/)" "erctherapy.com"
51.222.253.3 - - [20/Sep/2022:16:42:15 -0700] "GET /cruise/large-101.html HTTP/1.1" 200 887 "-" "Mozilla/5.0 (compatible; AhrefsBot/7.0; +http://ahrefs.com/robot/)" "erctherapy.com"
51.222.253.15 - - [20/Sep/2022:16:49:32 -0700] "GET /cruise/large-98.html HTTP/1.1" 200 908 "-" "Mozilla/5.0 (compatible; AhrefsBot/7.0; +http://ahrefs.com/robot/)" "erctherapy.com"
51.222.253.6 - - [20/Sep/2022:16:49:38 -0700] "GET /cruise/pictures/picture-98.jpg HTTP/1.1" 200 196964 "-" "Mozilla/5.0 (compatible; AhrefsBot/7.0; +http://ahrefs.com/robot/)" "erctherapy.com"
51.222.253.9 - - [20/Sep/2022:16:56:38 -0700] "GET /cruise/large-100.html HTTP/1.1" 200 881 "-" "Mozilla/5.0 (compatible; AhrefsBot/7.0; +http://ahrefs.com/robot/)" "erctherapy.com"
216.244.66.247 - - [20/Sep/2022:16:57:20 -0700] "GET /robots.txt HTTP/1.1" 404 73 "-" "Mozilla/5.0 (compatible; DotBot/1.2; +https://opensiteexplorer.org/dotbot; help@moz.com)" "erctherapy.com"
51.222.253.16 - - [20/Sep/2022:17:03:58 -0700] "GET /cruise/large-99.html HTTP/1.1" 200 898 "-" "Mozilla/5.0 (compatible; AhrefsBot/7.0; +http://ahrefs.com/robot/)" "erctherapy.com"
51.222.253.3 - - [20/Sep/2022:17:11:39 -0700] "GET /cruise/large-118.html HTTP/1.1" 200 885 "-" "Mozilla/5.0 (compatible; AhrefsBot/7.0; +http://ahrefs.com/robot/)" "erctherapy.com"
51.222.253.13 - - [20/Sep/2022:17:11:43 -0700] "GET /cruise/pictures/picture-118.jpg HTTP/1.1" 200 291657 "-" "Mozilla/5.0 (compatible; AhrefsBot/7.0; +http://ahrefs.com/robot/)" "erctherapy.com"
194.38.20.161 - - [20/Sep/2022:17:19:30 -0700] "GET /wp-content/themes/konzept/includes/uploadify/upload.php HTTP/1.1" 404 73 "-" "ALittle Client" "erctherapy.com"
51.222.253.12 - - [20/Sep/2022:17:19:39 -0700] "GET /cruise/large-97.html HTTP/1.1" 200 918 "-" "Mozilla/5.0 (compatible; AhrefsBot/7.0; +http://ahrefs.com/robot/)" "erctherapy.com"
51.222.253.19 - - [20/Sep/2022:17:19:43 -0700] "GET /cruise/pictures/picture-97.jpg HTTP/1.1" 200 215441 "-" "Mozilla/5.0 (compatible; AhrefsBot/7.0; +http://ahrefs.com/robot/)" "erctherapy.com"
51.222.253.1 - - [20/Sep/2022:17:26:38 -0700] "GET /cruise/large-117.html HTTP/1.1" 200 899 "-" "Mozilla/5.0 (compatible; AhrefsBot/7.0; +http://ahrefs.com/robot/)" "erctherapy.com"
51.222.253.11 - - [20/Sep/2022:17:26:41 -0700] "GET /cruise/pictures/picture-117.jpg HTTP/1.1" 200 297975 "-" "Mozilla/5.0 (compatible; AhrefsBot/7.0; +http://ahrefs.com/robot/)" "erctherapy.com"
51.222.253.12 - - [20/Sep/2022:17:33:28 -0700] "GET /cruise/large-109.html HTTP/1.1" 200 916 "-" "Mozilla/5.0 (compatible; AhrefsBot/7.0; +http://ahrefs.com/robot/)" "erctherapy.com"
51.15.183.168 - - [20/Sep/2022:17:38:48 -0700] "GET /mambots/editors/fckeditor/editor/filemanager/browser/default/connectors/php/connector.php?Command=GetFoldersAndFiles&Type=File&CurrentFolder=%2F HTTP/1.1" 404 73 "-" "Mozilla/5.0 (Windows NT 6.3; Win64; x64) AppleWebKit/537.36 (KHTML, like Gecko) Chrome/75.0.3770.100 Safari/537.36" "erctherapy.com"
51.222.253.5 - - [20/Sep/2022:17:39:56 -0700] "GET /cruise/large-119.html HTTP/1.1" 200 892 "-" "Mozilla/5.0 (compatible; AhrefsBot/7.0; +http://ahrefs.com/robot/)" "erctherapy.com"
51.222.253.9 - - [20/Sep/2022:17:40:01 -0700] "GET /cruise/pictures/picture-119.jpg HTTP/1.1" 200 307345 "-" "Mozilla/5.0 (compatible; AhrefsBot/7.0; +http://ahrefs.com/robot/)" "erctherapy.com"
51.222.253.8 - - [20/Sep/2022:17:45:56 -0700] "GET /cruise/large-111.html HTTP/1.1" 200 900 "-" "Mozilla/5.0 (compatible; AhrefsBot/7.0; +http://ahrefs.com/robot/)" "erctherapy.com"
54.213.181.170 - - [20/Sep/2022:17:49:26 -0700] "GET / HTTP/1.1" 200 570 "-" "Mozilla/5.0 (X11; Linux x86_64) AppleWebKit/537.36 (KHTML, like Gecko) Chrome/83.0.4103.97 Safari/537.36" "erctherapy.com"
35.88.38.226 - - [20/Sep/2022:17:49:33 -0700] "GET / HTTP/1.1" 200 570 "-" "Mozilla/5.0 (X11; Linux x86_64) AppleWebKit/537.36 (KHTML, like Gecko) Chrome/83.0.4103.97 Safari/537.36" "erctherapy.com"
52.33.160.167 - - [20/Sep/2022:17:49:48 -0700] "GET /favicon.ico HTTP/1.1" 404 88 "-" "Mozilla/5.0 (X11; Linux x86_64) AppleWebKit/537.36 (KHTML, like Gecko) Chrome/83.0.4103.97 Safari/537.36" "erctherapy.com"
34.220.186.147 - - [20/Sep/2022:17:49:57 -0700] "GET /favicon.ico HTTP/1.1" 404 88 "-" "Mozilla/5.0 (X11; Linux x86_64) AppleWebKit/537.36 (KHTML, like Gecko) Chrome/83.0.4103.97 Safari/537.36" "erctherapy.com"
34.220.186.147 - - [20/Sep/2022:17:49:59 -0700] "GET / HTTP/1.1" 200 570 "-" "Mozilla/5.0 (X11; Linux x86_64) AppleWebKit/537.36 (KHTML, like Gecko) Chrome/83.0.4103.97 Safari/537.36" "erctherapy.com"
51.222.253.20 - - [20/Sep/2022:17:51:38 -0700] "GET /cruise/large-156.html HTTP/1.1" 200 899 "-" "Mozilla/5.0 (compatible; AhrefsBot/7.0; +http://ahrefs.com/robot/)" "erctherapy.com"
51.222.253.16 - - [20/Sep/2022:17:51:44 -0700] "GET /cruise/pictures/picture-156.jpg HTTP/1.1" 200 237551 "-" "Mozilla/5.0 (compatible; AhrefsBot/7.0; +http://ahrefs.com/robot/)" "erctherapy.com"
51.222.253.2 - - [20/Sep/2022:17:57:48 -0700] "GET /cruise/large-157.html HTTP/1.1" 200 887 "-" "Mozilla/5.0 (compatible; AhrefsBot/7.0; +http://ahrefs.com/robot/)" "erctherapy.com"
51.222.253.12 - - [20/Sep/2022:18:03:44 -0700] "GET /cruise/large-38.html HTTP/1.1" 200 895 "-" "Mozilla/5.0 (compatible; AhrefsBot/7.0; +http://ahrefs.com/robot/)" "erctherapy.com"
51.222.253.18 - - [20/Sep/2022:18:10:06 -0700] "GET /cruise/large-120.html HTTP/1.1" 200 894 "-" "Mozilla/5.0 (compatible; AhrefsBot/7.0; +http://ahrefs.com/robot/)" "erctherapy.com"
51.222.253.13 - - [20/Sep/2022:18:15:53 -0700] "GET /images/navbars/?C=N;O=A HTTP/1.1" 200 361 "-" "Mozilla/5.0 (compatible; AhrefsBot/7.0; +http://ahrefs.com/robot/)" "erctherapy.com"
51.222.253.1 - - [20/Sep/2022:18:22:11 -0700] "GET /storm/?C=D;O=D HTTP/1.1" 200 406 "-" "Mozilla/5.0 (compatible; AhrefsBot/7.0; +http://ahrefs.com/robot/)" "erctherapy.com"
51.222.253.8 - - [20/Sep/2022:18:28:33 -0700] "GET /cruise/ HTTP/1.1" 200 1485 "-" "Mozilla/5.0 (compatible; AhrefsBot/7.0; +http://ahrefs.com/robot/)" "erctherapy.com"
51.222.253.19 - - [20/Sep/2022:18:28:38 -0700] "GET /cruise/thumbnails/thumb-13.jpg HTTP/1.1" 200 8826 "-" "Mozilla/5.0 (compatible; AhrefsBot/7.0; +http://ahrefs.com/robot/)" "erctherapy.com"
51.222.253.7 - - [20/Sep/2022:18:28:38 -0700] "GET /cruise/thumbnails/thumb-4.jpg HTTP/1.1" 200 14510 "-" "Mozilla/5.0 (compatible; AhrefsBot/7.0; +http://ahrefs.com/robot/)" "erctherapy.com"
51.222.253.16 - - [20/Sep/2022:18:28:39 -0700] "GET /cruise/thumbnails/thumb-3.jpg HTTP/1.1" 200 9220 "-" "Mozilla/5.0 (compatible; AhrefsBot/7.0; +http://ahrefs.com/robot/)" "erctherapy.com"
51.222.253.10 - - [20/Sep/2022:18:28:40 -0700] "GET /cruise/thumbnails/thumb-14.jpg HTTP/1.1" 200 13011 "-" "Mozilla/5.0 (compatible; AhrefsBot/7.0; +http://ahrefs.com/robot/)" "erctherapy.com"
51.222.253.2 - - [20/Sep/2022:18:28:40 -0700] "GET /cruise/thumbnails/thumb-6.jpg HTTP/1.1" 200 9935 "-" "Mozilla/5.0 (compatible; AhrefsBot/7.0; +http://ahrefs.com/robot/)" "erctherapy.com"
51.222.253.1 - - [20/Sep/2022:18:28:41 -0700] "GET /cruise/thumbnails/thumb-8.jpg HTTP/1.1" 200 21459 "-" "Mozilla/5.0 (compatible; AhrefsBot/7.0; +http://ahrefs.com/robot/)" "erctherapy.com"
51.222.253.12 - - [20/Sep/2022:18:28:41 -0700] "GET /cruise/thumbnails/thumb-9.jpg HTTP/1.1" 200 16999 "-" "Mozilla/5.0 (compatible; AhrefsBot/7.0; +http://ahrefs.com/robot/)" "erctherapy.com"
51.222.253.20 - - [20/Sep/2022:18:28:42 -0700] "GET /cruise/thumbnails/thumb-5.jpg HTTP/1.1" 200 8564 "-" "Mozilla/5.0 (compatible; AhrefsBot/7.0; +http://ahrefs.com/robot/)" "erctherapy.com"
