94.23.209.55 - - [13/Sep/2022:22:07:09 -0700] "GET /cruise/large-42.html HTTP/1.1" 200 908 "-" "Mozilla/5.0 (compatible; MJ12bot/v1.4.8; http://mj12bot.com/)" "erctherapy.com"
94.23.209.55 - - [13/Sep/2022:22:07:15 -0700] "GET /cruise/large-43.html HTTP/1.1" 200 892 "-" "Mozilla/5.0 (compatible; MJ12bot/v1.4.8; http://mj12bot.com/)" "erctherapy.com"
94.23.209.55 - - [13/Sep/2022:22:07:25 -0700] "GET /cruise/large-44.html HTTP/1.1" 200 902 "-" "Mozilla/5.0 (compatible; MJ12bot/v1.4.8; http://mj12bot.com/)" "erctherapy.com"
94.23.209.55 - - [13/Sep/2022:22:07:28 -0700] "GET /cruise/large-45.html HTTP/1.1" 200 895 "-" "Mozilla/5.0 (compatible; MJ12bot/v1.4.8; http://mj12bot.com/)" "erctherapy.com"
94.23.209.55 - - [13/Sep/2022:22:07:32 -0700] "GET /cruise/large-5.html HTTP/1.1" 200 883 "-" "Mozilla/5.0 (compatible; MJ12bot/v1.4.8; http://mj12bot.com/)" "erctherapy.com"
94.23.209.55 - - [13/Sep/2022:22:07:36 -0700] "GET /cruise/large-6.html HTTP/1.1" 200 883 "-" "Mozilla/5.0 (compatible; MJ12bot/v1.4.8; http://mj12bot.com/)" "erctherapy.com"
94.23.209.55 - - [13/Sep/2022:22:07:42 -0700] "GET /cruise/large-60.html HTTP/1.1" 200 885 "-" "Mozilla/5.0 (compatible; MJ12bot/v1.4.8; http://mj12bot.com/)" "erctherapy.com"
94.23.209.55 - - [13/Sep/2022:22:07:48 -0700] "GET /cruise/large-7.html HTTP/1.1" 200 887 "-" "Mozilla/5.0 (compatible; MJ12bot/v1.4.8; http://mj12bot.com/)" "erctherapy.com"
94.23.209.55 - - [13/Sep/2022:22:07:51 -0700] "GET /cruise/large-70.html HTTP/1.1" 200 932 "-" "Mozilla/5.0 (compatible; MJ12bot/v1.4.8; http://mj12bot.com/)" "erctherapy.com"
94.23.209.55 - - [13/Sep/2022:22:07:54 -0700] "GET /cruise/large-79.html HTTP/1.1" 200 906 "-" "Mozilla/5.0 (compatible; MJ12bot/v1.4.8; http://mj12bot.com/)" "erctherapy.com"
94.23.209.55 - - [13/Sep/2022:22:07:58 -0700] "GET /cruise/large-8.html HTTP/1.1" 200 891 "-" "Mozilla/5.0 (compatible; MJ12bot/v1.4.8; http://mj12bot.com/)" "erctherapy.com"
94.23.209.55 - - [13/Sep/2022:22:08:03 -0700] "GET /cruise/large-80.html HTTP/1.1" 200 905 "-" "Mozilla/5.0 (compatible; MJ12bot/v1.4.8; http://mj12bot.com/)" "erctherapy.com"
94.23.209.55 - - [13/Sep/2022:22:08:08 -0700] "GET /cruise/large-81.html HTTP/1.1" 200 905 "-" "Mozilla/5.0 (compatible; MJ12bot/v1.4.8; http://mj12bot.com/)" "erctherapy.com"
94.23.209.55 - - [13/Sep/2022:22:08:12 -0700] "GET /cruise/large-82.html HTTP/1.1" 200 904 "-" "Mozilla/5.0 (compatible; MJ12bot/v1.4.8; http://mj12bot.com/)" "erctherapy.com"
94.23.209.55 - - [13/Sep/2022:22:08:17 -0700] "GET /cruise/large-83.html HTTP/1.1" 200 904 "-" "Mozilla/5.0 (compatible; MJ12bot/v1.4.8; http://mj12bot.com/)" "erctherapy.com"
94.23.209.55 - - [13/Sep/2022:22:08:22 -0700] "GET /cruise/large-84.html HTTP/1.1" 200 905 "-" "Mozilla/5.0 (compatible; MJ12bot/v1.4.8; http://mj12bot.com/)" "erctherapy.com"
94.23.209.55 - - [13/Sep/2022:22:08:26 -0700] "GET /cruise/large-85.html HTTP/1.1" 200 899 "-" "Mozilla/5.0 (compatible; MJ12bot/v1.4.8; http://mj12bot.com/)" "erctherapy.com"
94.23.209.55 - - [13/Sep/2022:22:08:35 -0700] "GET /cruise/large-86.html HTTP/1.1" 200 900 "-" "Mozilla/5.0 (compatible; MJ12bot/v1.4.8; http://mj12bot.com/)" "erctherapy.com"
94.23.209.55 - - [13/Sep/2022:22:08:39 -0700] "GET /cruise/large-87.html HTTP/1.1" 200 904 "-" "Mozilla/5.0 (compatible; MJ12bot/v1.4.8; http://mj12bot.com/)" "erctherapy.com"
94.23.209.55 - - [13/Sep/2022:22:08:44 -0700] "GET /cruise/large-88.html HTTP/1.1" 200 906 "-" "Mozilla/5.0 (compatible; MJ12bot/v1.4.8; http://mj12bot.com/)" "erctherapy.com"
94.23.209.55 - - [13/Sep/2022:22:08:48 -0700] "GET /cruise/large-89.html HTTP/1.1" 200 898 "-" "Mozilla/5.0 (compatible; MJ12bot/v1.4.8; http://mj12bot.com/)" "erctherapy.com"
94.23.209.55 - - [13/Sep/2022:22:08:51 -0700] "GET /cruise/large-90.html HTTP/1.1" 200 896 "-" "Mozilla/5.0 (compatible; MJ12bot/v1.4.8; http://mj12bot.com/)" "erctherapy.com"
51.222.253.17 - - [13/Sep/2022:22:08:52 -0700] "GET /cruise/large-45.html HTTP/1.1" 200 895 "-" "Mozilla/5.0 (compatible; AhrefsBot/7.0; +http://ahrefs.com/robot/)" "www.erctherapy.com"
94.23.209.55 - - [13/Sep/2022:22:08:56 -0700] "GET /cruise/large-91.html HTTP/1.1" 200 892 "-" "Mozilla/5.0 (compatible; MJ12bot/v1.4.8; http://mj12bot.com/)" "erctherapy.com"
94.23.209.55 - - [13/Sep/2022:22:09:00 -0700] "GET /cruise/large-92.html HTTP/1.1" 200 896 "-" "Mozilla/5.0 (compatible; MJ12bot/v1.4.8; http://mj12bot.com/)" "erctherapy.com"
94.23.209.55 - - [13/Sep/2022:22:09:05 -0700] "GET /cruise/large-94.html HTTP/1.1" 200 892 "-" "Mozilla/5.0 (compatible; MJ12bot/v1.4.8; http://mj12bot.com/)" "erctherapy.com"
94.23.209.55 - - [13/Sep/2022:22:09:09 -0700] "GET /cruise/large-95.html HTTP/1.1" 200 907 "-" "Mozilla/5.0 (compatible; MJ12bot/v1.4.8; http://mj12bot.com/)" "erctherapy.com"
94.23.209.55 - - [13/Sep/2022:22:09:12 -0700] "GET /cruise/large-96.html HTTP/1.1" 200 915 "-" "Mozilla/5.0 (compatible; MJ12bot/v1.4.8; http://mj12bot.com/)" "erctherapy.com"
94.23.209.55 - - [13/Sep/2022:22:09:20 -0700] "GET /cruise/large-98.html HTTP/1.1" 200 908 "-" "Mozilla/5.0 (compatible; MJ12bot/v1.4.8; http://mj12bot.com/)" "erctherapy.com"
94.23.209.55 - - [13/Sep/2022:22:09:23 -0700] "GET /cruise/large-99.html HTTP/1.1" 200 898 "-" "Mozilla/5.0 (compatible; MJ12bot/v1.4.8; http://mj12bot.com/)" "erctherapy.com"
94.23.209.55 - - [13/Sep/2022:22:09:27 -0700] "GET /docs/?S=D HTTP/1.1" 200 363 "-" "Mozilla/5.0 (compatible; MJ12bot/v1.4.8; http://mj12bot.com/)" "erctherapy.com"
94.23.209.55 - - [13/Sep/2022:22:09:37 -0700] "GET /images/?N=A HTTP/1.1" 200 753 "-" "Mozilla/5.0 (compatible; MJ12bot/v1.4.8; http://mj12bot.com/)" "erctherapy.com"
94.23.209.55 - - [13/Sep/2022:22:09:44 -0700] "GET /images/?S=D HTTP/1.1" 200 753 "-" "Mozilla/5.0 (compatible; MJ12bot/v1.4.8; http://mj12bot.com/)" "erctherapy.com"
94.23.209.55 - - [13/Sep/2022:22:09:53 -0700] "GET /images/navbars/?M=D HTTP/1.1" 200 361 "-" "Mozilla/5.0 (compatible; MJ12bot/v1.4.8; http://mj12bot.com/)" "erctherapy.com"
94.23.209.55 - - [13/Sep/2022:22:09:57 -0700] "GET /images/navbars/?N=A HTTP/1.1" 200 361 "-" "Mozilla/5.0 (compatible; MJ12bot/v1.4.8; http://mj12bot.com/)" "erctherapy.com"
94.23.209.55 - - [13/Sep/2022:22:10:05 -0700] "GET /images/navbars/?S=D HTTP/1.1" 200 361 "-" "Mozilla/5.0 (compatible; MJ12bot/v1.4.8; http://mj12bot.com/)" "erctherapy.com"
94.23.209.55 - - [13/Sep/2022:22:10:10 -0700] "GET /images/navbars/sidenav/ HTTP/1.1" 200 461 "-" "Mozilla/5.0 (compatible; MJ12bot/v1.4.8; http://mj12bot.com/)" "erctherapy.com"
94.23.209.55 - - [13/Sep/2022:22:10:12 -0700] "GET /sitebuilder/?D=D HTTP/1.1" 200 355 "-" "Mozilla/5.0 (compatible; MJ12bot/v1.4.8; http://mj12bot.com/)" "erctherapy.com"
94.23.209.55 - - [13/Sep/2022:22:10:17 -0700] "GET /sitebuilder/?N=A HTTP/1.1" 200 355 "-" "Mozilla/5.0 (compatible; MJ12bot/v1.4.8; http://mj12bot.com/)" "erctherapy.com"
94.23.209.55 - - [13/Sep/2022:22:10:20 -0700] "GET /sitebuilder/images/ HTTP/1.1" 200 490 "-" "Mozilla/5.0 (compatible; MJ12bot/v1.4.8; http://mj12bot.com/)" "erctherapy.com"
94.23.209.55 - - [13/Sep/2022:22:10:25 -0700] "GET /sitebuilder/images/?M=D HTTP/1.1" 200 490 "-" "Mozilla/5.0 (compatible; MJ12bot/v1.4.8; http://mj12bot.com/)" "erctherapy.com"
94.23.209.55 - - [13/Sep/2022:22:10:27 -0700] "GET /sitebuilder/images/?S=D HTTP/1.1" 200 490 "-" "Mozilla/5.0 (compatible; MJ12bot/v1.4.8; http://mj12bot.com/)" "erctherapy.com"
94.23.209.55 - - [13/Sep/2022:22:10:33 -0700] "GET /storm/?D=D HTTP/1.1" 200 408 "-" "Mozilla/5.0 (compatible; MJ12bot/v1.4.8; http://mj12bot.com/)" "erctherapy.com"
94.23.209.55 - - [13/Sep/2022:22:10:36 -0700] "GET /storm/?M=D HTTP/1.1" 200 408 "-" "Mozilla/5.0 (compatible; MJ12bot/v1.4.8; http://mj12bot.com/)" "erctherapy.com"
94.23.209.55 - - [13/Sep/2022:22:10:39 -0700] "GET /storm/?S=D HTTP/1.1" 200 408 "-" "Mozilla/5.0 (compatible; MJ12bot/v1.4.8; http://mj12bot.com/)" "erctherapy.com"
94.23.209.55 - - [13/Sep/2022:22:10:43 -0700] "GET /robots.txt HTTP/1.1" 404 73 "-" "Mozilla/5.0 (compatible; MJ12bot/v1.4.8; http://mj12bot.com/)" "www.erctherapy.com"
94.23.209.55 - - [13/Sep/2022:22:10:46 -0700] "GET /buttons/?M=A HTTP/1.1" 200 313 "-" "Mozilla/5.0 (compatible; MJ12bot/v1.4.8; http://mj12bot.com/)" "www.erctherapy.com"
94.23.209.55 - - [13/Sep/2022:22:10:50 -0700] "GET /clipart/ HTTP/1.1" 200 369 "-" "Mozilla/5.0 (compatible; MJ12bot/v1.4.8; http://mj12bot.com/)" "www.erctherapy.com"
94.23.209.55 - - [13/Sep/2022:22:10:54 -0700] "GET /clipart/backgrounds/ HTTP/1.1" 200 365 "-" "Mozilla/5.0 (compatible; MJ12bot/v1.4.8; http://mj12bot.com/)" "www.erctherapy.com"
94.23.209.55 - - [13/Sep/2022:22:10:58 -0700] "GET /clipart/backgrounds/?S=A HTTP/1.1" 200 365 "-" "Mozilla/5.0 (compatible; MJ12bot/v1.4.8; http://mj12bot.com/)" "www.erctherapy.com"
94.23.209.55 - - [13/Sep/2022:22:11:02 -0700] "GET /clipart/backgrounds/fullpage/ HTTP/1.1" 200 394 "-" "Mozilla/5.0 (compatible; MJ12bot/v1.4.8; http://mj12bot.com/)" "www.erctherapy.com"
94.23.209.55 - - [13/Sep/2022:22:11:07 -0700] "GET /cruise/large-121.html HTTP/1.1" 200 896 "-" "Mozilla/5.0 (compatible; MJ12bot/v1.4.8; http://mj12bot.com/)" "www.erctherapy.com"
94.23.209.55 - - [13/Sep/2022:22:11:13 -0700] "GET /cruise/large-123.html HTTP/1.1" 200 883 "-" "Mozilla/5.0 (compatible; MJ12bot/v1.4.8; http://mj12bot.com/)" "www.erctherapy.com"
94.23.209.55 - - [13/Sep/2022:22:11:18 -0700] "GET /cruise/large-124.html HTTP/1.1" 200 892 "-" "Mozilla/5.0 (compatible; MJ12bot/v1.4.8; http://mj12bot.com/)" "www.erctherapy.com"
94.23.209.55 - - [13/Sep/2022:22:11:23 -0700] "GET /cruise/large-125.html HTTP/1.1" 200 893 "-" "Mozilla/5.0 (compatible; MJ12bot/v1.4.8; http://mj12bot.com/)" "www.erctherapy.com"
94.23.209.55 - - [13/Sep/2022:22:11:29 -0700] "GET /cruise/large-126.html HTTP/1.1" 200 903 "-" "Mozilla/5.0 (compatible; MJ12bot/v1.4.8; http://mj12bot.com/)" "www.erctherapy.com"
94.23.209.55 - - [13/Sep/2022:22:11:33 -0700] "GET /cruise/large-127.html HTTP/1.1" 200 891 "-" "Mozilla/5.0 (compatible; MJ12bot/v1.4.8; http://mj12bot.com/)" "www.erctherapy.com"
94.23.209.55 - - [13/Sep/2022:22:11:37 -0700] "GET /cruise/large-128.html HTTP/1.1" 200 890 "-" "Mozilla/5.0 (compatible; MJ12bot/v1.4.8; http://mj12bot.com/)" "www.erctherapy.com"
94.23.209.55 - - [13/Sep/2022:22:11:40 -0700] "GET /cruise/large-129.html HTTP/1.1" 200 899 "-" "Mozilla/5.0 (compatible; MJ12bot/v1.4.8; http://mj12bot.com/)" "www.erctherapy.com"
94.23.209.55 - - [13/Sep/2022:22:11:46 -0700] "GET /cruise/large-130.html HTTP/1.1" 200 913 "-" "Mozilla/5.0 (compatible; MJ12bot/v1.4.8; http://mj12bot.com/)" "www.erctherapy.com"
94.23.209.55 - - [13/Sep/2022:22:11:51 -0700] "GET /cruise/large-131.html HTTP/1.1" 200 889 "-" "Mozilla/5.0 (compatible; MJ12bot/v1.4.8; http://mj12bot.com/)" "www.erctherapy.com"
94.23.209.55 - - [13/Sep/2022:22:11:58 -0700] "GET /cruise/large-132.html HTTP/1.1" 200 889 "-" "Mozilla/5.0 (compatible; MJ12bot/v1.4.8; http://mj12bot.com/)" "www.erctherapy.com"
94.23.209.55 - - [13/Sep/2022:22:12:08 -0700] "GET /cruise/large-133.html HTTP/1.1" 200 890 "-" "Mozilla/5.0 (compatible; MJ12bot/v1.4.8; http://mj12bot.com/)" "www.erctherapy.com"
94.23.209.55 - - [13/Sep/2022:22:12:09 -0700] "GET /cruise/large-135.html HTTP/1.1" 200 905 "-" "Mozilla/5.0 (compatible; MJ12bot/v1.4.8; http://mj12bot.com/)" "www.erctherapy.com"
94.23.209.55 - - [13/Sep/2022:22:12:12 -0700] "GET /cruise/large-181.html HTTP/1.1" 200 892 "-" "Mozilla/5.0 (compatible; MJ12bot/v1.4.8; http://mj12bot.com/)" "www.erctherapy.com"
94.23.209.55 - - [13/Sep/2022:22:12:14 -0700] "GET /cruise/large-182.html HTTP/1.1" 200 903 "-" "Mozilla/5.0 (compatible; MJ12bot/v1.4.8; http://mj12bot.com/)" "www.erctherapy.com"
94.23.209.55 - - [13/Sep/2022:22:12:16 -0700] "GET /cruise/large-183.html HTTP/1.1" 200 895 "-" "Mozilla/5.0 (compatible; MJ12bot/v1.4.8; http://mj12bot.com/)" "www.erctherapy.com"
94.23.209.55 - - [13/Sep/2022:22:12:18 -0700] "GET /cruise/large-184.html HTTP/1.1" 200 898 "-" "Mozilla/5.0 (compatible; MJ12bot/v1.4.8; http://mj12bot.com/)" "www.erctherapy.com"
94.23.209.55 - - [13/Sep/2022:22:12:20 -0700] "GET /cruise/large-185.html HTTP/1.1" 200 895 "-" "Mozilla/5.0 (compatible; MJ12bot/v1.4.8; http://mj12bot.com/)" "www.erctherapy.com"
94.23.209.55 - - [13/Sep/2022:22:12:25 -0700] "GET /cruise/large-186.html HTTP/1.1" 200 904 "-" "Mozilla/5.0 (compatible; MJ12bot/v1.4.8; http://mj12bot.com/)" "www.erctherapy.com"
94.23.209.55 - - [13/Sep/2022:22:12:27 -0700] "GET /cruise/large-187.html HTTP/1.1" 200 915 "-" "Mozilla/5.0 (compatible; MJ12bot/v1.4.8; http://mj12bot.com/)" "www.erctherapy.com"
94.23.209.55 - - [13/Sep/2022:22:12:29 -0700] "GET /cruise/large-189.html HTTP/1.1" 200 900 "-" "Mozilla/5.0 (compatible; MJ12bot/v1.4.8; http://mj12bot.com/)" "www.erctherapy.com"
94.23.209.55 - - [13/Sep/2022:22:12:31 -0700] "GET /cruise/large-190.html HTTP/1.1" 200 905 "-" "Mozilla/5.0 (compatible; MJ12bot/v1.4.8; http://mj12bot.com/)" "www.erctherapy.com"
94.23.209.55 - - [13/Sep/2022:22:12:34 -0700] "GET /cruise/large-192.html HTTP/1.1" 200 920 "-" "Mozilla/5.0 (compatible; MJ12bot/v1.4.8; http://mj12bot.com/)" "www.erctherapy.com"
94.23.209.55 - - [13/Sep/2022:22:12:35 -0700] "GET /cruise/large-193.html HTTP/1.1" 200 898 "-" "Mozilla/5.0 (compatible; MJ12bot/v1.4.8; http://mj12bot.com/)" "www.erctherapy.com"
94.23.209.55 - - [13/Sep/2022:22:12:38 -0700] "GET /cruise/large-194.html HTTP/1.1" 200 910 "-" "Mozilla/5.0 (compatible; MJ12bot/v1.4.8; http://mj12bot.com/)" "www.erctherapy.com"
94.23.209.55 - - [13/Sep/2022:22:12:40 -0700] "GET /cruise/large-195.html HTTP/1.1" 200 906 "-" "Mozilla/5.0 (compatible; MJ12bot/v1.4.8; http://mj12bot.com/)" "www.erctherapy.com"
94.23.209.55 - - [13/Sep/2022:22:12:41 -0700] "GET /cruise/large-20.html HTTP/1.1" 200 887 "-" "Mozilla/5.0 (compatible; MJ12bot/v1.4.8; http://mj12bot.com/)" "www.erctherapy.com"
94.23.209.55 - - [13/Sep/2022:22:12:43 -0700] "GET /cruise/large-200.html HTTP/1.1" 200 898 "-" "Mozilla/5.0 (compatible; MJ12bot/v1.4.8; http://mj12bot.com/)" "www.erctherapy.com"
94.23.209.55 - - [13/Sep/2022:22:12:45 -0700] "GET /cruise/large-201.html HTTP/1.1" 200 889 "-" "Mozilla/5.0 (compatible; MJ12bot/v1.4.8; http://mj12bot.com/)" "www.erctherapy.com"
94.23.209.55 - - [13/Sep/2022:22:12:47 -0700] "GET /cruise/large-212.html HTTP/1.1" 200 906 "-" "Mozilla/5.0 (compatible; MJ12bot/v1.4.8; http://mj12bot.com/)" "www.erctherapy.com"
94.23.209.55 - - [13/Sep/2022:22:12:49 -0700] "GET /cruise/large-216.html HTTP/1.1" 200 914 "-" "Mozilla/5.0 (compatible; MJ12bot/v1.4.8; http://mj12bot.com/)" "www.erctherapy.com"
94.23.209.55 - - [13/Sep/2022:22:12:51 -0700] "GET /cruise/large-217.html HTTP/1.1" 200 890 "-" "Mozilla/5.0 (compatible; MJ12bot/v1.4.8; http://mj12bot.com/)" "www.erctherapy.com"
94.23.209.55 - - [13/Sep/2022:22:12:54 -0700] "GET /cruise/large-22.html HTTP/1.1" 200 913 "-" "Mozilla/5.0 (compatible; MJ12bot/v1.4.8; http://mj12bot.com/)" "www.erctherapy.com"
94.23.209.55 - - [13/Sep/2022:22:13:00 -0700] "GET /cruise/large-25.html HTTP/1.1" 200 891 "-" "Mozilla/5.0 (compatible; MJ12bot/v1.4.8; http://mj12bot.com/)" "www.erctherapy.com"
94.23.209.55 - - [13/Sep/2022:22:13:04 -0700] "GET /cruise/large-26.html HTTP/1.1" 200 897 "-" "Mozilla/5.0 (compatible; MJ12bot/v1.4.8; http://mj12bot.com/)" "www.erctherapy.com"
94.23.209.55 - - [13/Sep/2022:22:13:10 -0700] "GET /cruise/large-32.html HTTP/1.1" 200 912 "-" "Mozilla/5.0 (compatible; MJ12bot/v1.4.8; http://mj12bot.com/)" "www.erctherapy.com"
94.23.209.55 - - [13/Sep/2022:22:13:17 -0700] "GET /cruise/large-69.html HTTP/1.1" 200 944 "-" "Mozilla/5.0 (compatible; MJ12bot/v1.4.8; http://mj12bot.com/)" "www.erctherapy.com"
94.23.209.55 - - [13/Sep/2022:22:13:22 -0700] "GET /cruise/large-70.html HTTP/1.1" 200 932 "-" "Mozilla/5.0 (compatible; MJ12bot/v1.4.8; http://mj12bot.com/)" "www.erctherapy.com"
94.23.209.55 - - [13/Sep/2022:22:13:30 -0700] "GET /cruise/large-71.html HTTP/1.1" 200 896 "-" "Mozilla/5.0 (compatible; MJ12bot/v1.4.8; http://mj12bot.com/)" "www.erctherapy.com"
94.23.209.55 - - [13/Sep/2022:22:13:37 -0700] "GET /cruise/large-86.html HTTP/1.1" 200 900 "-" "Mozilla/5.0 (compatible; MJ12bot/v1.4.8; http://mj12bot.com/)" "www.erctherapy.com"
94.23.209.55 - - [13/Sep/2022:22:13:43 -0700] "GET /cruise/large-91.html HTTP/1.1" 200 892 "-" "Mozilla/5.0 (compatible; MJ12bot/v1.4.8; http://mj12bot.com/)" "www.erctherapy.com"
94.23.209.55 - - [13/Sep/2022:22:13:51 -0700] "GET /cruise/large-92.html HTTP/1.1" 200 896 "-" "Mozilla/5.0 (compatible; MJ12bot/v1.4.8; http://mj12bot.com/)" "www.erctherapy.com"
94.23.209.55 - - [13/Sep/2022:22:14:00 -0700] "GET /cruise/large-93.html HTTP/1.1" 200 888 "-" "Mozilla/5.0 (compatible; MJ12bot/v1.4.8; http://mj12bot.com/)" "www.erctherapy.com"
94.23.209.55 - - [13/Sep/2022:22:14:06 -0700] "GET /cruise/large-94.html HTTP/1.1" 200 892 "-" "Mozilla/5.0 (compatible; MJ12bot/v1.4.8; http://mj12bot.com/)" "www.erctherapy.com"
94.23.209.55 - - [13/Sep/2022:22:14:11 -0700] "GET /cruise/large-95.html HTTP/1.1" 200 907 "-" "Mozilla/5.0 (compatible; MJ12bot/v1.4.8; http://mj12bot.com/)" "www.erctherapy.com"
94.23.209.55 - - [13/Sep/2022:22:14:14 -0700] "GET /images/navbars/sidenav/ HTTP/1.1" 200 461 "-" "Mozilla/5.0 (compatible; MJ12bot/v1.4.8; http://mj12bot.com/)" "www.erctherapy.com"
216.244.66.247 - - [13/Sep/2022:22:22:30 -0700] "GET /robots.txt HTTP/1.1" 404 73 "-" "Mozilla/5.0 (compatible; DotBot/1.2; +https://opensiteexplorer.org/dotbot; help@moz.com)" "erctherapy.com"
51.222.253.9 - - [13/Sep/2022:22:47:07 -0700] "GET /cruise/large-178.html HTTP/1.1" 200 898 "-" "Mozilla/5.0 (compatible; AhrefsBot/7.0; +http://ahrefs.com/robot/)" "erctherapy.com"
185.191.171.7 - - [13/Sep/2022:22:51:02 -0700] "GET /robots.txt HTTP/1.1" 404 88 "-" "Mozilla/5.0 (compatible; SemrushBot/7~bl; +http://www.semrush.com/bot.html)" "www.erctherapy.com"
185.191.171.42 - - [13/Sep/2022:22:51:02 -0700] "GET /cruise/large-175.html HTTP/1.1" 200 895 "-" "Mozilla/5.0 (compatible; SemrushBot/7~bl; +http://www.semrush.com/bot.html)" "www.erctherapy.com"
185.191.171.18 - - [13/Sep/2022:22:58:42 -0700] "GET /storm/?C=M%3BO%3DA HTTP/1.1" 200 408 "-" "Mozilla/5.0 (compatible; SemrushBot/7~bl; +http://www.semrush.com/bot.html)" "www.erctherapy.com"
216.244.66.247 - - [13/Sep/2022:23:14:55 -0700] "GET /robots.txt HTTP/1.1" 404 73 "-" "Mozilla/5.0 (compatible; DotBot/1.2; +https://opensiteexplorer.org/dotbot; help@moz.com)" "www.erctherapy.com"
216.244.66.247 - - [13/Sep/2022:23:14:55 -0700] "GET /robots.txt HTTP/1.1" 404 73 "-" "Mozilla/5.0 (compatible; DotBot/1.2; +https://opensiteexplorer.org/dotbot; help@moz.com)" "erctherapy.com"
51.222.253.9 - - [13/Sep/2022:23:49:06 -0700] "GET /cruise/index12.html HTTP/1.1" 200 1592 "-" "Mozilla/5.0 (compatible; AhrefsBot/7.0; +http://ahrefs.com/robot/)" "erctherapy.com"
51.222.253.18 - - [13/Sep/2022:23:49:10 -0700] "GET /cruise/thumbnails/thumb-170.jpg HTTP/1.1" 200 10815 "-" "Mozilla/5.0 (compatible; AhrefsBot/7.0; +http://ahrefs.com/robot/)" "erctherapy.com"
51.222.253.13 - - [13/Sep/2022:23:49:11 -0700] "GET /cruise/thumbnails/thumb-166.jpg HTTP/1.1" 200 17070 "-" "Mozilla/5.0 (compatible; AhrefsBot/7.0; +http://ahrefs.com/robot/)" "erctherapy.com"
51.222.253.13 - - [13/Sep/2022:23:49:11 -0700] "GET /cruise/thumbnails/thumb-180.jpg HTTP/1.1" 200 21630 "-" "Mozilla/5.0 (compatible; AhrefsBot/7.0; +http://ahrefs.com/robot/)" "erctherapy.com"
51.222.253.19 - - [13/Sep/2022:23:49:12 -0700] "GET /cruise/thumbnails/thumb-172.jpg HTTP/1.1" 200 17094 "-" "Mozilla/5.0 (compatible; AhrefsBot/7.0; +http://ahrefs.com/robot/)" "erctherapy.com"
51.222.253.1 - - [13/Sep/2022:23:49:13 -0700] "GET /cruise/thumbnails/thumb-175.jpg HTTP/1.1" 200 20320 "-" "Mozilla/5.0 (compatible; AhrefsBot/7.0; +http://ahrefs.com/robot/)" "erctherapy.com"
51.222.253.15 - - [13/Sep/2022:23:49:14 -0700] "GET /cruise/thumbnails/thumb-178.jpg HTTP/1.1" 200 11299 "-" "Mozilla/5.0 (compatible; AhrefsBot/7.0; +http://ahrefs.com/robot/)" "erctherapy.com"
51.222.253.7 - - [13/Sep/2022:23:49:14 -0700] "GET /cruise/thumbnails/thumb-179.jpg HTTP/1.1" 200 18606 "-" "Mozilla/5.0 (compatible; AhrefsBot/7.0; +http://ahrefs.com/robot/)" "erctherapy.com"
51.222.253.3 - - [13/Sep/2022:23:49:15 -0700] "GET /cruise/thumbnails/thumb-167.jpg HTTP/1.1" 200 9252 "-" "Mozilla/5.0 (compatible; AhrefsBot/7.0; +http://ahrefs.com/robot/)" "erctherapy.com"
51.222.253.3 - - [13/Sep/2022:23:49:16 -0700] "GET /cruise/thumbnails/thumb-168.jpg HTTP/1.1" 200 12889 "-" "Mozilla/5.0 (compatible; AhrefsBot/7.0; +http://ahrefs.com/robot/)" "erctherapy.com"
51.222.253.2 - - [13/Sep/2022:23:49:16 -0700] "GET /cruise/thumbnails/thumb-174.jpg HTTP/1.1" 200 19871 "-" "Mozilla/5.0 (compatible; AhrefsBot/7.0; +http://ahrefs.com/robot/)" "erctherapy.com"
51.222.253.11 - - [13/Sep/2022:23:49:17 -0700] "GET /cruise/thumbnails/thumb-173.jpg HTTP/1.1" 200 16772 "-" "Mozilla/5.0 (compatible; AhrefsBot/7.0; +http://ahrefs.com/robot/)" "erctherapy.com"
51.222.253.7 - - [13/Sep/2022:23:49:17 -0700] "GET /cruise/thumbnails/thumb-177.jpg HTTP/1.1" 200 11174 "-" "Mozilla/5.0 (compatible; AhrefsBot/7.0; +http://ahrefs.com/robot/)" "erctherapy.com"
51.222.253.18 - - [13/Sep/2022:23:49:18 -0700] "GET /cruise/thumbnails/thumb-169.jpg HTTP/1.1" 200 16546 "-" "Mozilla/5.0 (compatible; AhrefsBot/7.0; +http://ahrefs.com/robot/)" "erctherapy.com"
51.222.253.17 - - [13/Sep/2022:23:49:19 -0700] "GET /cruise/thumbnails/thumb-171.jpg HTTP/1.1" 200 10306 "-" "Mozilla/5.0 (compatible; AhrefsBot/7.0; +http://ahrefs.com/robot/)" "erctherapy.com"
51.222.253.15 - - [13/Sep/2022:23:49:19 -0700] "GET /cruise/thumbnails/thumb-176.jpg HTTP/1.1" 200 11851 "-" "Mozilla/5.0 (compatible; AhrefsBot/7.0; +http://ahrefs.com/robot/)" "erctherapy.com"
87.250.224.38 - - [13/Sep/2022:23:56:36 -0700] "GET /robots.txt HTTP/1.1" 404 73 "-" "Mozilla/5.0 (compatible; YandexBot/3.0; +http://yandex.com/bots)" "erctherapy.com"
5.255.253.117 - - [13/Sep/2022:23:56:40 -0700] "GET /cruise/large-79.html HTTP/1.1" 200 906 "-" "Mozilla/5.0 (compatible; YandexBot/3.0; +http://yandex.com/bots)" "erctherapy.com"
185.191.171.36 - - [14/Sep/2022:00:18:13 -0700] "GET /robots.txt HTTP/1.1" 404 88 "-" "Mozilla/5.0 (compatible; SemrushBot/7~bl; +http://www.semrush.com/bot.html)" "www.erctherapy.com"
185.191.171.2 - - [14/Sep/2022:00:18:13 -0700] "GET /cruise/large-183.html HTTP/1.1" 200 895 "-" "Mozilla/5.0 (compatible; SemrushBot/7~bl; +http://www.semrush.com/bot.html)" "www.erctherapy.com"
51.222.253.5 - - [14/Sep/2022:00:40:10 -0700] "GET /cruise/large-177.html HTTP/1.1" 200 905 "-" "Mozilla/5.0 (compatible; AhrefsBot/7.0; +http://ahrefs.com/robot/)" "erctherapy.com"
185.191.171.3 - - [14/Sep/2022:00:58:25 -0700] "GET /cruise/large-74.html HTTP/1.1" 200 916 "-" "Mozilla/5.0 (compatible; SemrushBot/7~bl; +http://www.semrush.com/bot.html)" "www.erctherapy.com"
216.244.66.247 - - [14/Sep/2022:00:58:44 -0700] "GET /robots.txt HTTP/1.1" 404 73 "-" "Mozilla/5.0 (compatible; DotBot/1.2; +https://opensiteexplorer.org/dotbot; help@moz.com)" "erctherapy.com"
207.46.13.58 - - [14/Sep/2022:01:09:55 -0700] "GET /cruise/large-75.html HTTP/1.1" 200 903 "-" "Mozilla/5.0 (compatible; bingbot/2.0; +http://www.bing.com/bingbot.htm)" "www.erctherapy.com"
185.191.171.6 - - [14/Sep/2022:01:25:55 -0700] "GET /robots.txt HTTP/1.1" 404 88 "-" "Mozilla/5.0 (compatible; SemrushBot/7~bl; +http://www.semrush.com/bot.html)" "www.erctherapy.com"
185.191.171.24 - - [14/Sep/2022:01:25:55 -0700] "GET /cruise/large-192.html HTTP/1.1" 200 920 "-" "Mozilla/5.0 (compatible; SemrushBot/7~bl; +http://www.semrush.com/bot.html)" "www.erctherapy.com"
51.222.253.7 - - [14/Sep/2022:01:34:48 -0700] "GET /robots.txt HTTP/1.1" 404 88 "-" "Mozilla/5.0 (compatible; AhrefsBot/7.0; +http://ahrefs.com/robot/)" "www.erctherapy.com"
51.222.253.10 - - [14/Sep/2022:01:34:49 -0700] "GET /images/ HTTP/1.1" 200 753 "-" "Mozilla/5.0 (compatible; AhrefsBot/7.0; +http://ahrefs.com/robot/)" "www.erctherapy.com"
185.191.171.38 - - [14/Sep/2022:01:52:04 -0700] "GET /docs/ HTTP/1.1" 200 363 "-" "Mozilla/5.0 (compatible; SemrushBot/7~bl; +http://www.semrush.com/bot.html)" "www.erctherapy.com"
185.191.171.1 - - [14/Sep/2022:02:03:17 -0700] "GET /buttons/?C=D%3BO%3DA HTTP/1.1" 200 313 "-" "Mozilla/5.0 (compatible; SemrushBot/7~bl; +http://www.semrush.com/bot.html)" "www.erctherapy.com"
51.222.253.11 - - [14/Sep/2022:02:25:05 -0700] "GET /cruise/large-152.html HTTP/1.1" 200 892 "-" "Mozilla/5.0 (compatible; AhrefsBot/7.0; +http://ahrefs.com/robot/)" "erctherapy.com"
51.222.253.8 - - [14/Sep/2022:02:25:09 -0700] "GET /cruise/pictures/picture-152.jpg HTTP/1.1" 200 291125 "-" "Mozilla/5.0 (compatible; AhrefsBot/7.0; +http://ahrefs.com/robot/)" "erctherapy.com"
185.191.171.1 - - [14/Sep/2022:02:27:57 -0700] "GET /robots.txt HTTP/1.1" 404 88 "-" "Mozilla/5.0 (compatible; SemrushBot/7~bl; +http://www.semrush.com/bot.html)" "www.erctherapy.com"
185.191.171.12 - - [14/Sep/2022:02:27:58 -0700] "GET /cruise/large-154.html HTTP/1.1" 200 892 "-" "Mozilla/5.0 (compatible; SemrushBot/7~bl; +http://www.semrush.com/bot.html)" "www.erctherapy.com"
185.191.171.6 - - [14/Sep/2022:02:38:19 -0700] "GET /cruise/large-201.html HTTP/1.1" 200 889 "-" "Mozilla/5.0 (compatible; SemrushBot/7~bl; +http://www.semrush.com/bot.html)" "www.erctherapy.com"
185.191.171.1 - - [14/Sep/2022:03:04:48 -0700] "GET /docs/?C=N%3BO%3DD HTTP/1.1" 200 363 "-" "Mozilla/5.0 (compatible; SemrushBot/7~bl; +http://www.semrush.com/bot.html)" "www.erctherapy.com"
185.191.171.18 - - [14/Sep/2022:03:12:00 -0700] "GET /cruise/large-65.html HTTP/1.1" 200 903 "-" "Mozilla/5.0 (compatible; SemrushBot/7~bl; +http://www.semrush.com/bot.html)" "www.erctherapy.com"
185.191.171.40 - - [14/Sep/2022:03:12:27 -0700] "GET /cruise/large-219.html HTTP/1.1" 200 893 "-" "Mozilla/5.0 (compatible; SemrushBot/7~bl; +http://www.semrush.com/bot.html)" "www.erctherapy.com"
185.191.171.17 - - [14/Sep/2022:03:14:51 -0700] "GET /cruise/large-166.html HTTP/1.1" 200 898 "-" "Mozilla/5.0 (compatible; SemrushBot/7~bl; +http://www.semrush.com/bot.html)" "www.erctherapy.com"
185.191.171.40 - - [14/Sep/2022:03:26:04 -0700] "GET /cruise/large-142.html HTTP/1.1" 200 895 "-" "Mozilla/5.0 (compatible; SemrushBot/7~bl; +http://www.semrush.com/bot.html)" "www.erctherapy.com"
51.222.253.11 - - [14/Sep/2022:03:27:39 -0700] "GET /cruise/large-176.html HTTP/1.1" 200 908 "-" "Mozilla/5.0 (compatible; AhrefsBot/7.0; +http://ahrefs.com/robot/)" "erctherapy.com"
51.222.253.11 - - [14/Sep/2022:03:27:42 -0700] "GET /cruise/pictures/picture-176.jpg HTTP/1.1" 200 255956 "-" "Mozilla/5.0 (compatible; AhrefsBot/7.0; +http://ahrefs.com/robot/)" "erctherapy.com"
185.191.171.39 - - [14/Sep/2022:03:50:39 -0700] "GET /robots.txt HTTP/1.1" 404 88 "-" "Mozilla/5.0 (compatible; SemrushBot/7~bl; +http://www.semrush.com/bot.html)" "www.erctherapy.com"
185.191.171.17 - - [14/Sep/2022:03:50:40 -0700] "GET /cruise/index15.html HTTP/1.1" 200 1410 "-" "Mozilla/5.0 (compatible; SemrushBot/7~bl; +http://www.semrush.com/bot.html)" "www.erctherapy.com"
185.191.171.10 - - [14/Sep/2022:04:05:20 -0700] "GET /cruise/large-162.html HTTP/1.1" 200 889 "-" "Mozilla/5.0 (compatible; SemrushBot/7~bl; +http://www.semrush.com/bot.html)" "www.erctherapy.com"
216.244.66.247 - - [14/Sep/2022:04:26:52 -0700] "GET /robots.txt HTTP/1.1" 404 73 "-" "Mozilla/5.0 (compatible; DotBot/1.2; +https://opensiteexplorer.org/dotbot; help@moz.com)" "erctherapy.com"
51.222.253.18 - - [14/Sep/2022:04:26:53 -0700] "GET /cruise/large-42.html HTTP/1.1" 200 908 "-" "Mozilla/5.0 (compatible; AhrefsBot/7.0; +http://ahrefs.com/robot/)" "erctherapy.com"
51.222.253.9 - - [14/Sep/2022:04:26:57 -0700] "GET /cruise/pictures/picture-42.jpg HTTP/1.1" 200 217538 "-" "Mozilla/5.0 (compatible; AhrefsBot/7.0; +http://ahrefs.com/robot/)" "erctherapy.com"
185.191.171.11 - - [14/Sep/2022:04:51:23 -0700] "GET /robots.txt HTTP/1.1" 404 88 "-" "Mozilla/5.0 (compatible; SemrushBot/7~bl; +http://www.semrush.com/bot.html)" "www.erctherapy.com"
185.191.171.42 - - [14/Sep/2022:04:51:23 -0700] "GET /cruise/index6.html HTTP/1.1" 200 1395 "-" "Mozilla/5.0 (compatible; SemrushBot/7~bl; +http://www.semrush.com/bot.html)" "www.erctherapy.com"
185.191.171.6 - - [14/Sep/2022:04:52:39 -0700] "GET /cruise/large-161.html HTTP/1.1" 200 890 "-" "Mozilla/5.0 (compatible; SemrushBot/7~bl; +http://www.semrush.com/bot.html)" "www.erctherapy.com"
185.191.171.23 - - [14/Sep/2022:04:59:04 -0700] "GET /?C=S%3BO%3DA HTTP/1.1" 200 570 "-" "Mozilla/5.0 (compatible; SemrushBot/7~bl; +http://www.semrush.com/bot.html)" "www.erctherapy.com"
51.222.253.11 - - [14/Sep/2022:05:27:43 -0700] "GET /news.html HTTP/1.1" 200 2265 "-" "Mozilla/5.0 (compatible; AhrefsBot/7.0; +http://ahrefs.com/robot/)" "www.erctherapy.com"
51.222.253.2 - - [14/Sep/2022:05:27:49 -0700] "GET /images/ERC_Logo2.png HTTP/1.1" 200 5315 "-" "Mozilla/5.0 (compatible; AhrefsBot/7.0; +http://ahrefs.com/robot/)" "www.erctherapy.com"
51.222.253.11 - - [14/Sep/2022:05:27:50 -0700] "GET /sitebuilder/images/IMG_0292-375x105.jpg HTTP/1.1" 200 7671 "-" "Mozilla/5.0 (compatible; AhrefsBot/7.0; +http://ahrefs.com/robot/)" "www.erctherapy.com"
51.222.253.16 - - [14/Sep/2022:05:27:50 -0700] "GET /sitebuilder/images/sidenavHome-114x23.jpg HTTP/1.1" 200 1351 "-" "Mozilla/5.0 (compatible; AhrefsBot/7.0; +http://ahrefs.com/robot/)" "www.erctherapy.com"
51.222.253.18 - - [14/Sep/2022:05:27:51 -0700] "GET /sitebuilder/images/sidenavContacUs-114x23.jpg HTTP/1.1" 200 1570 "-" "Mozilla/5.0 (compatible; AhrefsBot/7.0; +http://ahrefs.com/robot/)" "www.erctherapy.com"
51.222.253.19 - - [14/Sep/2022:05:27:51 -0700] "GET /sitebuilder/images/sidenavNews-114x23.jpg HTTP/1.1" 200 1358 "-" "Mozilla/5.0 (compatible; AhrefsBot/7.0; +http://ahrefs.com/robot/)" "www.erctherapy.com"
185.191.171.24 - - [14/Sep/2022:05:34:48 -0700] "GET /cruise/index7.html HTTP/1.1" 200 1485 "-" "Mozilla/5.0 (compatible; SemrushBot/7~bl; +http://www.semrush.com/bot.html)" "www.erctherapy.com"
185.191.171.8 - - [14/Sep/2022:05:38:05 -0700] "GET /cruise/large-145.html HTTP/1.1" 200 894 "-" "Mozilla/5.0 (compatible; SemrushBot/7~bl; +http://www.semrush.com/bot.html)" "www.erctherapy.com"
185.191.171.25 - - [14/Sep/2022:05:39:33 -0700] "GET /cruise/large-147.html HTTP/1.1" 200 895 "-" "Mozilla/5.0 (compatible; SemrushBot/7~bl; +http://www.semrush.com/bot.html)" "www.erctherapy.com"
42.83.147.34 - - [14/Sep/2022:05:48:22 -0700] "GET / HTTP/1.1" 200 570 "-" "Mozilla/5.0 (Windows NT 6.1; Win64; x64) AppleWebKit/537.36 (KHTML, like Gecko)Chrome/74.0.3729.169 Safari/537.36" "erctherapy.com"
185.191.171.19 - - [14/Sep/2022:05:48:34 -0700] "GET /cruise/large-185.html HTTP/1.1" 200 895 "-" "Mozilla/5.0 (compatible; SemrushBot/7~bl; +http://www.semrush.com/bot.html)" "www.erctherapy.com"
185.191.171.33 - - [14/Sep/2022:06:01:22 -0700] "GET /robots.txt HTTP/1.1" 404 88 "-" "Mozilla/5.0 (compatible; SemrushBot/7~bl; +http://www.semrush.com/bot.html)" "www.erctherapy.com"
185.191.171.25 - - [14/Sep/2022:06:01:22 -0700] "GET /images/?C=S%3BO%3DA HTTP/1.1" 200 753 "-" "Mozilla/5.0 (compatible; SemrushBot/7~bl; +http://www.semrush.com/bot.html)" "www.erctherapy.com"
185.191.171.11 - - [14/Sep/2022:06:02:18 -0700] "GET /cruise/large-207.html HTTP/1.1" 200 904 "-" "Mozilla/5.0 (compatible; SemrushBot/7~bl; +http://www.semrush.com/bot.html)" "www.erctherapy.com"
212.23.222.167 - - [14/Sep/2022:06:33:57 -0700] "GET / HTTP/1.1" 200 570 "-" "Mozilla/5.0 (Linux; U; Android 4.4.2; en-US; HM NOTE 1W Build/KOT49H) AppleWebKit/534.30 (KHTML, like Gecko) Version/4.0 UCBrowser/11.0.5.850 U3/0.8.0 Mobile Safari/534.30" "erctherapy.com"
212.23.222.167 - - [14/Sep/2022:06:33:57 -0700] "POST / HTTP/1.1" 404 88 "-" "Mozilla/5.0 (Linux; U; Android 4.4.2; en-US; HM NOTE 1W Build/KOT49H) AppleWebKit/534.30 (KHTML, like Gecko) Version/4.0 UCBrowser/11.0.5.850 U3/0.8.0 Mobile Safari/534.30" "erctherapy.com"
212.23.222.167 - - [14/Sep/2022:06:33:58 -0700] "GET /_profiler/phpinfo HTTP/1.1" 404 88 "-" "Mozilla/5.0 (Linux; U; Android 4.4.2; en-US; HM NOTE 1W Build/KOT49H) AppleWebKit/534.30 (KHTML, like Gecko) Version/4.0 UCBrowser/11.0.5.850 U3/0.8.0 Mobile Safari/534.30" "erctherapy.com"
212.23.222.167 - - [14/Sep/2022:06:33:58 -0700] "GET /debug/default/view?panel=config HTTP/1.1" 404 88 "-" "Mozilla/5.0 (Linux; U; Android 4.4.2; en-US; HM NOTE 1W Build/KOT49H) AppleWebKit/534.30 (KHTML, like Gecko) Version/4.0 UCBrowser/11.0.5.850 U3/0.8.0 Mobile Safari/534.30" "erctherapy.com"
212.23.222.167 - - [14/Sep/2022:06:33:58 -0700] "GET /config.json HTTP/1.1" 404 88 "-" "Mozilla/5.0 (Linux; U; Android 4.4.2; en-US; HM NOTE 1W Build/KOT49H) AppleWebKit/534.30 (KHTML, like Gecko) Version/4.0 UCBrowser/11.0.5.850 U3/0.8.0 Mobile Safari/534.30" "erctherapy.com"
194.38.20.161 - - [14/Sep/2022:06:51:06 -0700] "GET /wp-content/plugins/super-forms/uploads/php/index.php?file=tf2rghf.jpg HTTP/1.1" 404 73 "-" "ALittle Client" "erctherapy.com"
51.222.253.14 - - [14/Sep/2022:06:58:28 -0700] "GET /cruise/large-43.html HTTP/1.1" 200 892 "-" "Mozilla/5.0 (compatible; AhrefsBot/7.0; +http://ahrefs.com/robot/)" "erctherapy.com"
216.244.66.247 - - [14/Sep/2022:07:07:04 -0700] "GET /robots.txt HTTP/1.1" 404 73 "-" "Mozilla/5.0 (compatible; DotBot/1.2; +https://opensiteexplorer.org/dotbot; help@moz.com)" "www.erctherapy.com"
185.191.171.1 - - [14/Sep/2022:07:07:59 -0700] "GET /robots.txt HTTP/1.1" 404 88 "-" "Mozilla/5.0 (compatible; SemrushBot/7~bl; +http://www.semrush.com/bot.html)" "www.erctherapy.com"
185.191.171.35 - - [14/Sep/2022:07:07:59 -0700] "GET /cruise/large-180.html HTTP/1.1" 200 890 "-" "Mozilla/5.0 (compatible; SemrushBot/7~bl; +http://www.semrush.com/bot.html)" "www.erctherapy.com"
185.191.171.38 - - [14/Sep/2022:07:14:39 -0700] "GET /cruise/large-159.html HTTP/1.1" 200 910 "-" "Mozilla/5.0 (compatible; SemrushBot/7~bl; +http://www.semrush.com/bot.html)" "www.erctherapy.com"
185.191.171.3 - - [14/Sep/2022:07:16:09 -0700] "GET / HTTP/1.1" 200 570 "-" "Mozilla/5.0 (compatible; SemrushBot/7~bl; +http://www.semrush.com/bot.html)" "www.erctherapy.com"
54.36.149.89 - - [14/Sep/2022:07:40:41 -0700] "GET /robots.txt HTTP/1.1" 404 88 "-" "Mozilla/5.0 (compatible; AhrefsBot/7.0; +http://ahrefs.com/robot/)" "erctherapy.com"
51.222.253.8 - - [14/Sep/2022:07:40:42 -0700] "GET /cruise/large-175.html HTTP/1.1" 200 895 "-" "Mozilla/5.0 (compatible; AhrefsBot/7.0; +http://ahrefs.com/robot/)" "erctherapy.com"
51.222.253.5 - - [14/Sep/2022:07:40:45 -0700] "GET /cruise/pictures/picture-175.jpg HTTP/1.1" 200 307458 "-" "Mozilla/5.0 (compatible; AhrefsBot/7.0; +http://ahrefs.com/robot/)" "erctherapy.com"
185.191.171.8 - - [14/Sep/2022:08:02:53 -0700] "GET /sitebuilder/?C=N%3BO%3DD HTTP/1.1" 200 355 "-" "Mozilla/5.0 (compatible; SemrushBot/7~bl; +http://www.semrush.com/bot.html)" "www.erctherapy.com"
51.222.253.11 - - [14/Sep/2022:08:24:32 -0700] "GET /cruise/large-44.html HTTP/1.1" 200 902 "-" "Mozilla/5.0 (compatible; AhrefsBot/7.0; +http://ahrefs.com/robot/)" "erctherapy.com"
51.222.253.19 - - [14/Sep/2022:08:44:27 -0700] "GET /clipart/?C=D;O=A HTTP/1.1" 200 369 "-" "Mozilla/5.0 (compatible; AhrefsBot/7.0; +http://ahrefs.com/robot/)" "erctherapy.com"
107.178.207.4 - - [14/Sep/2022:09:25:17 -0700] "GET / HTTP/1.1" 200 570 "-" "Mozilla/5.0 (Windows NT 10.0; Win64; x64) AppleWebKit/537.36 (KHTML, like Gecko) Chrome/70.0.3538.102 Safari/537.36 Edge/18.19582" "erctherapy.com"
185.191.171.39 - - [14/Sep/2022:09:25:30 -0700] "GET /robots.txt HTTP/1.1" 404 88 "-" "Mozilla/5.0 (compatible; SemrushBot/7~bl; +http://www.semrush.com/bot.html)" "www.erctherapy.com"
185.191.171.15 - - [14/Sep/2022:09:25:30 -0700] "GET /images/navbars/?C=N%3BO%3DD HTTP/1.1" 200 361 "-" "Mozilla/5.0 (compatible; SemrushBot/7~bl; +http://www.semrush.com/bot.html)" "www.erctherapy.com"
216.244.66.247 - - [14/Sep/2022:09:42:15 -0700] "GET /robots.txt HTTP/1.1" 404 73 "-" "Mozilla/5.0 (compatible; DotBot/1.2; +https://opensiteexplorer.org/dotbot; help@moz.com)" "erctherapy.com"
216.244.66.247 - - [14/Sep/2022:09:42:15 -0700] "GET /robots.txt HTTP/1.1" 404 73 "-" "Mozilla/5.0 (compatible; DotBot/1.2; +https://opensiteexplorer.org/dotbot; help@moz.com)" "www.erctherapy.com"
216.244.66.247 - - [14/Sep/2022:10:34:13 -0700] "GET /robots.txt HTTP/1.1" 404 73 "-" "Mozilla/5.0 (compatible; DotBot/1.2; +https://opensiteexplorer.org/dotbot; help@moz.com)" "erctherapy.com"
51.222.253.15 - - [14/Sep/2022:10:41:57 -0700] "GET / HTTP/1.1" 200 570 "-" "Mozilla/5.0 (compatible; AhrefsBot/7.0; +http://ahrefs.com/robot/)" "erctherapy.com"
66.249.68.40 - - [14/Sep/2022:10:49:42 -0700] "GET /robots.txt HTTP/1.1" 404 88 "-" "Mozilla/5.0 (compatible; Googlebot/2.1; +http://www.google.com/bot.html)" "www.erctherapy.com"
66.249.68.42 - - [14/Sep/2022:10:49:42 -0700] "GET /images/clawback.jpg HTTP/1.1" 200 74102 "-" "Googlebot-Image/1.0" "www.erctherapy.com"
13.67.49.109 - - [14/Sep/2022:10:52:13 -0700] "GET / HTTP/1.1" 200 2041 "-" "Mozilla/5.0 (Windows NT 10.0; Win64; x64) AppleWebKit/537.36 (KHTML, like Gecko) Chrome/80.0.3987.149 Safari/537.36" "erctherapy.com"
13.67.49.109 - - [14/Sep/2022:10:52:14 -0700] "GET /wp-includes/wlwmanifest.xml HTTP/1.1" 404 73 "-" "Mozilla/5.0 (Windows NT 10.0; Win64; x64) AppleWebKit/537.36 (KHTML, like Gecko) Chrome/80.0.3987.149 Safari/537.36" "erctherapy.com"
13.67.49.109 - - [14/Sep/2022:10:52:14 -0700] "GET /xmlrpc.php?rsd HTTP/1.1" 500 5619 "-" "Mozilla/5.0 (Windows NT 10.0; Win64; x64) AppleWebKit/537.36 (KHTML, like Gecko) Chrome/80.0.3987.149 Safari/537.36" "erctherapy.com"
13.67.49.109 - - [14/Sep/2022:10:52:15 -0700] "GET / HTTP/1.1" 200 2041 "-" "Mozilla/5.0 (Windows NT 10.0; Win64; x64) AppleWebKit/537.36 (KHTML, like Gecko) Chrome/80.0.3987.149 Safari/537.36" "erctherapy.com"
13.67.49.109 - - [14/Sep/2022:10:52:15 -0700] "GET /blog/wp-includes/wlwmanifest.xml HTTP/1.1" 404 73 "-" "Mozilla/5.0 (Windows NT 10.0; Win64; x64) AppleWebKit/537.36 (KHTML, like Gecko) Chrome/80.0.3987.149 Safari/537.36" "erctherapy.com"
13.67.49.109 - - [14/Sep/2022:10:52:16 -0700] "GET /web/wp-includes/wlwmanifest.xml HTTP/1.1" 404 73 "-" "Mozilla/5.0 (Windows NT 10.0; Win64; x64) AppleWebKit/537.36 (KHTML, like Gecko) Chrome/80.0.3987.149 Safari/537.36" "erctherapy.com"
13.67.49.109 - - [14/Sep/2022:10:52:16 -0700] "GET /wordpress/wp-includes/wlwmanifest.xml HTTP/1.1" 404 73 "-" "Mozilla/5.0 (Windows NT 10.0; Win64; x64) AppleWebKit/537.36 (KHTML, like Gecko) Chrome/80.0.3987.149 Safari/537.36" "erctherapy.com"
13.67.49.109 - - [14/Sep/2022:10:52:17 -0700] "GET /website/wp-includes/wlwmanifest.xml HTTP/1.1" 404 73 "-" "Mozilla/5.0 (Windows NT 10.0; Win64; x64) AppleWebKit/537.36 (KHTML, like Gecko) Chrome/80.0.3987.149 Safari/537.36" "erctherapy.com"
13.67.49.109 - - [14/Sep/2022:10:52:17 -0700] "GET /wp/wp-includes/wlwmanifest.xml HTTP/1.1" 404 73 "-" "Mozilla/5.0 (Windows NT 10.0; Win64; x64) AppleWebKit/537.36 (KHTML, like Gecko) Chrome/80.0.3987.149 Safari/537.36" "erctherapy.com"
13.67.49.109 - - [14/Sep/2022:10:52:18 -0700] "GET /news/wp-includes/wlwmanifest.xml HTTP/1.1" 404 73 "-" "Mozilla/5.0 (Windows NT 10.0; Win64; x64) AppleWebKit/537.36 (KHTML, like Gecko) Chrome/80.0.3987.149 Safari/537.36" "erctherapy.com"
13.67.49.109 - - [14/Sep/2022:10:52:18 -0700] "GET /2018/wp-includes/wlwmanifest.xml HTTP/1.1" 404 73 "-" "Mozilla/5.0 (Windows NT 10.0; Win64; x64) AppleWebKit/537.36 (KHTML, like Gecko) Chrome/80.0.3987.149 Safari/537.36" "erctherapy.com"
13.67.49.109 - - [14/Sep/2022:10:52:19 -0700] "GET /2019/wp-includes/wlwmanifest.xml HTTP/1.1" 404 73 "-" "Mozilla/5.0 (Windows NT 10.0; Win64; x64) AppleWebKit/537.36 (KHTML, like Gecko) Chrome/80.0.3987.149 Safari/537.36" "erctherapy.com"
13.67.49.109 - - [14/Sep/2022:10:52:19 -0700] "GET /shop/wp-includes/wlwmanifest.xml HTTP/1.1" 404 73 "-" "Mozilla/5.0 (Windows NT 10.0; Win64; x64) AppleWebKit/537.36 (KHTML, like Gecko) Chrome/80.0.3987.149 Safari/537.36" "erctherapy.com"
13.67.49.109 - - [14/Sep/2022:10:52:20 -0700] "GET /test/wp-includes/wlwmanifest.xml HTTP/1.1" 404 73 "-" "Mozilla/5.0 (Windows NT 10.0; Win64; x64) AppleWebKit/537.36 (KHTML, like Gecko) Chrome/80.0.3987.149 Safari/537.36" "erctherapy.com"
13.67.49.109 - - [14/Sep/2022:10:52:20 -0700] "GET /media/wp-includes/wlwmanifest.xml HTTP/1.1" 404 73 "-" "Mozilla/5.0 (Windows NT 10.0; Win64; x64) AppleWebKit/537.36 (KHTML, like Gecko) Chrome/80.0.3987.149 Safari/537.36" "erctherapy.com"
13.67.49.109 - - [14/Sep/2022:10:52:21 -0700] "GET /wp2/wp-includes/wlwmanifest.xml HTTP/1.1" 404 73 "-" "Mozilla/5.0 (Windows NT 10.0; Win64; x64) AppleWebKit/537.36 (KHTML, like Gecko) Chrome/80.0.3987.149 Safari/537.36" "erctherapy.com"
13.67.49.109 - - [14/Sep/2022:10:52:21 -0700] "GET /site/wp-includes/wlwmanifest.xml HTTP/1.1" 404 73 "-" "Mozilla/5.0 (Windows NT 10.0; Win64; x64) AppleWebKit/537.36 (KHTML, like Gecko) Chrome/80.0.3987.149 Safari/537.36" "erctherapy.com"
13.67.49.109 - - [14/Sep/2022:10:52:22 -0700] "GET /cms/wp-includes/wlwmanifest.xml HTTP/1.1" 404 73 "-" "Mozilla/5.0 (Windows NT 10.0; Win64; x64) AppleWebKit/537.36 (KHTML, like Gecko) Chrome/80.0.3987.149 Safari/537.36" "erctherapy.com"
13.67.49.109 - - [14/Sep/2022:10:52:22 -0700] "GET /sito/wp-includes/wlwmanifest.xml HTTP/1.1" 404 73 "-" "Mozilla/5.0 (Windows NT 10.0; Win64; x64) AppleWebKit/537.36 (KHTML, like Gecko) Chrome/80.0.3987.149 Safari/537.36" "erctherapy.com"
137.226.113.44 - - [14/Sep/2022:11:25:40 -0700] "GET / HTTP/1.1" 200 570 "-" "Mozilla/5.0 zgrab/0.x (compatible; Researchscan/http; +http://researchscan.comsys.rwth-aachen.de)" "www.erctherapy.com"
51.222.253.10 - - [14/Sep/2022:11:28:07 -0700] "GET /clipart/?C=M;O=A HTTP/1.1" 200 370 "-" "Mozilla/5.0 (compatible; AhrefsBot/7.0; +http://ahrefs.com/robot/)" "erctherapy.com"
51.222.253.8 - - [14/Sep/2022:11:51:17 -0700] "GET /cruise/large-45.html HTTP/1.1" 200 895 "-" "Mozilla/5.0 (compatible; AhrefsBot/7.0; +http://ahrefs.com/robot/)" "erctherapy.com"
185.191.171.25 - - [14/Sep/2022:11:51:40 -0700] "GET /robots.txt HTTP/1.1" 404 88 "-" "Mozilla/5.0 (compatible; SemrushBot/7~bl; +http://www.semrush.com/bot.html)" "www.erctherapy.com"
185.191.171.17 - - [14/Sep/2022:11:51:40 -0700] "GET /images/navbars/?C=S%3BO%3DA HTTP/1.1" 200 361 "-" "Mozilla/5.0 (compatible; SemrushBot/7~bl; +http://www.semrush.com/bot.html)" "www.erctherapy.com"
51.222.253.16 - - [14/Sep/2022:12:15:37 -0700] "GET /robots.txt HTTP/1.1" 404 88 "-" "Mozilla/5.0 (compatible; AhrefsBot/7.0; +http://ahrefs.com/robot/)" "erctherapy.com"
51.222.253.11 - - [14/Sep/2022:12:15:38 -0700] "GET /cruise/index13.html HTTP/1.1" 200 1585 "-" "Mozilla/5.0 (compatible; AhrefsBot/7.0; +http://ahrefs.com/robot/)" "erctherapy.com"
51.222.253.18 - - [14/Sep/2022:12:15:41 -0700] "GET /cruise/thumbnails/thumb-193.jpg HTTP/1.1" 200 18567 "-" "Mozilla/5.0 (compatible; AhrefsBot/7.0; +http://ahrefs.com/robot/)" "erctherapy.com"
51.222.253.5 - - [14/Sep/2022:12:15:42 -0700] "GET /cruise/thumbnails/thumb-182.jpg HTTP/1.1" 200 13094 "-" "Mozilla/5.0 (compatible; AhrefsBot/7.0; +http://ahrefs.com/robot/)" "erctherapy.com"
51.222.253.12 - - [14/Sep/2022:12:15:42 -0700] "GET /cruise/thumbnails/thumb-195.jpg HTTP/1.1" 200 13745 "-" "Mozilla/5.0 (compatible; AhrefsBot/7.0; +http://ahrefs.com/robot/)" "erctherapy.com"
51.222.253.8 - - [14/Sep/2022:12:15:43 -0700] "GET /cruise/thumbnails/thumb-187.jpg HTTP/1.1" 200 24272 "-" "Mozilla/5.0 (compatible; AhrefsBot/7.0; +http://ahrefs.com/robot/)" "erctherapy.com"
51.222.253.3 - - [14/Sep/2022:12:15:43 -0700] "GET /cruise/thumbnails/thumb-181.jpg HTTP/1.1" 200 21518 "-" "Mozilla/5.0 (compatible; AhrefsBot/7.0; +http://ahrefs.com/robot/)" "erctherapy.com"
51.222.253.5 - - [14/Sep/2022:12:15:44 -0700] "GET /cruise/thumbnails/thumb-190.jpg HTTP/1.1" 200 14511 "-" "Mozilla/5.0 (compatible; AhrefsBot/7.0; +http://ahrefs.com/robot/)" "erctherapy.com"
51.222.253.5 - - [14/Sep/2022:12:15:45 -0700] "GET /cruise/thumbnails/thumb-183.jpg HTTP/1.1" 200 22479 "-" "Mozilla/5.0 (compatible; AhrefsBot/7.0; +http://ahrefs.com/robot/)" "erctherapy.com"
51.222.253.18 - - [14/Sep/2022:12:15:46 -0700] "GET /cruise/thumbnails/thumb-192.jpg HTTP/1.1" 200 13082 "-" "Mozilla/5.0 (compatible; AhrefsBot/7.0; +http://ahrefs.com/robot/)" "erctherapy.com"
51.222.253.15 - - [14/Sep/2022:12:15:46 -0700] "GET /cruise/thumbnails/thumb-191.jpg HTTP/1.1" 200 14156 "-" "Mozilla/5.0 (compatible; AhrefsBot/7.0; +http://ahrefs.com/robot/)" "erctherapy.com"
51.222.253.8 - - [14/Sep/2022:12:15:47 -0700] "GET /cruise/thumbnails/thumb-188.jpg HTTP/1.1" 200 26083 "-" "Mozilla/5.0 (compatible; AhrefsBot/7.0; +http://ahrefs.com/robot/)" "erctherapy.com"
51.222.253.3 - - [14/Sep/2022:12:15:47 -0700] "GET /cruise/thumbnails/thumb-184.jpg HTTP/1.1" 200 18138 "-" "Mozilla/5.0 (compatible; AhrefsBot/7.0; +http://ahrefs.com/robot/)" "erctherapy.com"
51.222.253.7 - - [14/Sep/2022:12:15:48 -0700] "GET /cruise/thumbnails/thumb-185.jpg HTTP/1.1" 200 16991 "-" "Mozilla/5.0 (compatible; AhrefsBot/7.0; +http://ahrefs.com/robot/)" "erctherapy.com"
51.222.253.8 - - [14/Sep/2022:12:15:49 -0700] "GET /cruise/thumbnails/thumb-186.jpg HTTP/1.1" 200 17626 "-" "Mozilla/5.0 (compatible; AhrefsBot/7.0; +http://ahrefs.com/robot/)" "erctherapy.com"
51.222.253.13 - - [14/Sep/2022:12:15:49 -0700] "GET /cruise/thumbnails/thumb-194.jpg HTTP/1.1" 200 13685 "-" "Mozilla/5.0 (compatible; AhrefsBot/7.0; +http://ahrefs.com/robot/)" "erctherapy.com"
51.222.253.19 - - [14/Sep/2022:12:15:50 -0700] "GET /cruise/thumbnails/thumb-189.jpg HTTP/1.1" 200 14551 "-" "Mozilla/5.0 (compatible; AhrefsBot/7.0; +http://ahrefs.com/robot/)" "erctherapy.com"
216.244.66.247 - - [14/Sep/2022:12:17:15 -0700] "GET /robots.txt HTTP/1.1" 404 73 "-" "Mozilla/5.0 (compatible; DotBot/1.2; +https://opensiteexplorer.org/dotbot; help@moz.com)" "www.erctherapy.com"
51.222.253.9 - - [14/Sep/2022:12:39:26 -0700] "GET /cruise/index6.html HTTP/1.1" 200 1395 "-" "Mozilla/5.0 (compatible; AhrefsBot/7.0; +http://ahrefs.com/robot/)" "erctherapy.com"
51.222.253.7 - - [14/Sep/2022:13:05:45 -0700] "GET /cruise/large-46.html HTTP/1.1" 200 898 "-" "Mozilla/5.0 (compatible; AhrefsBot/7.0; +http://ahrefs.com/robot/)" "erctherapy.com"
51.222.253.8 - - [14/Sep/2022:13:19:01 -0700] "GET /clipart/?C=N;O=A HTTP/1.1" 200 369 "-" "Mozilla/5.0 (compatible; AhrefsBot/7.0; +http://ahrefs.com/robot/)" "erctherapy.com"
147.78.47.233 - - [14/Sep/2022:13:28:35 -0700] "GET /wp-login.php HTTP/1.1" 500 2291 "-" "Mozilla/5.0 (Windows NT 10.0; Win64; x64) AppleWebKit/537.36 (KHTML, like Gecko) Chrome/64.0.3282.140 Safari/537.36 Edge/18.17763" "erctherapy.com"
51.222.253.16 - - [14/Sep/2022:13:33:50 -0700] "GET /clipart/pageHeaders/ HTTP/1.1" 200 376 "-" "Mozilla/5.0 (compatible; AhrefsBot/7.0; +http://ahrefs.com/robot/)" "erctherapy.com"
51.222.253.19 - - [14/Sep/2022:13:47:47 -0700] "GET /clipart/backgrounds/ HTTP/1.1" 200 365 "-" "Mozilla/5.0 (compatible; AhrefsBot/7.0; +http://ahrefs.com/robot/)" "erctherapy.com"
216.244.66.247 - - [14/Sep/2022:13:59:33 -0700] "GET /robots.txt HTTP/1.1" 404 73 "-" "Mozilla/5.0 (compatible; DotBot/1.2; +https://opensiteexplorer.org/dotbot; help@moz.com)" "www.erctherapy.com"
51.222.253.18 - - [14/Sep/2022:14:01:19 -0700] "GET /cruise/large-174.html HTTP/1.1" 200 902 "-" "Mozilla/5.0 (compatible; AhrefsBot/7.0; +http://ahrefs.com/robot/)" "erctherapy.com"
51.222.253.14 - - [14/Sep/2022:14:01:22 -0700] "GET /cruise/pictures/picture-174.jpg HTTP/1.1" 200 294588 "-" "Mozilla/5.0 (compatible; AhrefsBot/7.0; +http://ahrefs.com/robot/)" "erctherapy.com"
185.191.171.37 - - [14/Sep/2022:14:04:08 -0700] "GET /robots.txt HTTP/1.1" 404 88 "-" "Mozilla/5.0 (compatible; SemrushBot/7~bl; +http://www.semrush.com/bot.html)" "www.erctherapy.com"
185.191.171.45 - - [14/Sep/2022:14:04:11 -0700] "GET /clipart/backgrounds/?C=N%3BO%3DD HTTP/1.1" 200 365 "-" "Mozilla/5.0 (compatible; SemrushBot/7~bl; +http://www.semrush.com/bot.html)" "www.erctherapy.com"
51.222.253.6 - - [14/Sep/2022:14:16:00 -0700] "GET /storm/?C=M;O=A HTTP/1.1" 200 409 "-" "Mozilla/5.0 (compatible; AhrefsBot/7.0; +http://ahrefs.com/robot/)" "erctherapy.com"
185.191.171.21 - - [14/Sep/2022:14:22:59 -0700] "GET /sitebuilder/images/?C=M%3BO%3DA HTTP/1.1" 200 490 "-" "Mozilla/5.0 (compatible; SemrushBot/7~bl; +http://www.semrush.com/bot.html)" "www.erctherapy.com"
51.222.253.19 - - [14/Sep/2022:14:31:20 -0700] "GET /clipart/pageHeaders/?C=S;O=A HTTP/1.1" 200 376 "-" "Mozilla/5.0 (compatible; AhrefsBot/7.0; +http://ahrefs.com/robot/)" "erctherapy.com"
185.191.171.11 - - [14/Sep/2022:14:40:58 -0700] "GET /cruise/large-186.html HTTP/1.1" 200 904 "-" "Mozilla/5.0 (compatible; SemrushBot/7~bl; +http://www.semrush.com/bot.html)" "www.erctherapy.com"
51.222.253.9 - - [14/Sep/2022:14:46:11 -0700] "GET /cruise/large-173.html HTTP/1.1" 200 909 "-" "Mozilla/5.0 (compatible; AhrefsBot/7.0; +http://ahrefs.com/robot/)" "erctherapy.com"
51.222.253.7 - - [14/Sep/2022:14:46:14 -0700] "GET /cruise/pictures/picture-173.jpg HTTP/1.1" 200 259648 "-" "Mozilla/5.0 (compatible; AhrefsBot/7.0; +http://ahrefs.com/robot/)" "erctherapy.com"
51.222.253.10 - - [14/Sep/2022:15:14:37 -0700] "GET /clipart/?C=S;O=A HTTP/1.1" 200 371 "-" "Mozilla/5.0 (compatible; AhrefsBot/7.0; +http://ahrefs.com/robot/)" "erctherapy.com"
216.244.66.247 - - [14/Sep/2022:15:40:01 -0700] "GET /robots.txt HTTP/1.1" 404 73 "-" "Mozilla/5.0 (compatible; DotBot/1.2; +https://opensiteexplorer.org/dotbot; help@moz.com)" "erctherapy.com"
216.244.66.247 - - [14/Sep/2022:15:40:01 -0700] "GET /robots.txt HTTP/1.1" 404 73 "-" "Mozilla/5.0 (compatible; DotBot/1.2; +https://opensiteexplorer.org/dotbot; help@moz.com)" "www.erctherapy.com"
51.222.253.12 - - [14/Sep/2022:15:43:18 -0700] "GET /clipart/pageHeaders/?C=N;O=A HTTP/1.1" 200 376 "-" "Mozilla/5.0 (compatible; AhrefsBot/7.0; +http://ahrefs.com/robot/)" "erctherapy.com"
51.222.253.15 - - [14/Sep/2022:16:06:44 -0700] "GET /clipart/pageHeaders/?C=M;O=A HTTP/1.1" 200 376 "-" "Mozilla/5.0 (compatible; AhrefsBot/7.0; +http://ahrefs.com/robot/)" "erctherapy.com"
