185.191.171.7 - - [14/Sep/2022:16:07:34 -0700] "GET /robots.txt HTTP/1.1" 404 88 "-" "Mozilla/5.0 (compatible; SemrushBot/7~bl; +http://www.semrush.com/bot.html)" "www.erctherapy.com"
185.191.171.44 - - [14/Sep/2022:16:07:35 -0700] "GET /clipart/backgrounds/fullpage/ HTTP/1.1" 200 394 "-" "Mozilla/5.0 (compatible; SemrushBot/7~bl; +http://www.semrush.com/bot.html)" "www.erctherapy.com"
185.191.171.15 - - [14/Sep/2022:16:32:10 -0700] "GET /cruise/large-217.html HTTP/1.1" 200 890 "-" "Mozilla/5.0 (compatible; SemrushBot/7~bl; +http://www.semrush.com/bot.html)" "www.erctherapy.com"
51.222.253.19 - - [14/Sep/2022:16:32:49 -0700] "GET /clipart/pageHeaders/?C=D;O=A HTTP/1.1" 200 376 "-" "Mozilla/5.0 (compatible; AhrefsBot/7.0; +http://ahrefs.com/robot/)" "erctherapy.com"
51.222.253.9 - - [14/Sep/2022:16:56:29 -0700] "GET /cruise/large-172.html HTTP/1.1" 200 891 "-" "Mozilla/5.0 (compatible; AhrefsBot/7.0; +http://ahrefs.com/robot/)" "erctherapy.com"
51.222.253.19 - - [14/Sep/2022:16:56:33 -0700] "GET /cruise/pictures/picture-172.jpg HTTP/1.1" 200 252675 "-" "Mozilla/5.0 (compatible; AhrefsBot/7.0; +http://ahrefs.com/robot/)" "erctherapy.com"
34.220.140.176 - - [14/Sep/2022:17:05:44 -0700] "GET / HTTP/1.1" 200 570 "-" "Mozilla/5.0 (X11; Linux x86_64) AppleWebKit/537.36 (KHTML, like Gecko) Chrome/83.0.4103.97 Safari/537.36" "erctherapy.com"
35.162.40.88 - - [14/Sep/2022:17:06:11 -0700] "GET /favicon.ico HTTP/1.1" 404 88 "-" "Mozilla/5.0 (X11; Linux x86_64) AppleWebKit/537.36 (KHTML, like Gecko) Chrome/83.0.4103.97 Safari/537.36" "erctherapy.com"
35.162.40.88 - - [14/Sep/2022:17:06:13 -0700] "GET / HTTP/1.1" 200 570 "-" "Mozilla/5.0 (X11; Linux x86_64) AppleWebKit/537.36 (KHTML, like Gecko) Chrome/83.0.4103.97 Safari/537.36" "erctherapy.com"
35.92.23.219 - - [14/Sep/2022:17:06:56 -0700] "GET / HTTP/1.1" 200 570 "-" "Mozilla/5.0 (X11; Linux x86_64) AppleWebKit/537.36 (KHTML, like Gecko) Chrome/83.0.4103.97 Safari/537.36" "erctherapy.com"
52.89.18.89 - - [14/Sep/2022:17:07:09 -0700] "GET /favicon.ico HTTP/1.1" 404 88 "-" "Mozilla/5.0 (X11; Linux x86_64) AppleWebKit/537.36 (KHTML, like Gecko) Chrome/83.0.4103.97 Safari/537.36" "erctherapy.com"
52.89.18.89 - - [14/Sep/2022:17:07:14 -0700] "GET / HTTP/1.1" 200 570 "-" "Mozilla/5.0 (X11; Linux x86_64) AppleWebKit/537.36 (KHTML, like Gecko) Chrome/83.0.4103.97 Safari/537.36" "erctherapy.com"
34.212.107.107 - - [14/Sep/2022:17:10:55 -0700] "GET / HTTP/1.1" 200 570 "-" "Mozilla/5.0 (X11; Linux x86_64) AppleWebKit/537.36 (KHTML, like Gecko) Chrome/83.0.4103.97 Safari/537.36" "erctherapy.com"
52.89.18.89 - - [14/Sep/2022:17:11:24 -0700] "GET /favicon.ico HTTP/1.1" 404 88 "-" "Mozilla/5.0 (X11; Linux x86_64) AppleWebKit/537.36 (KHTML, like Gecko) Chrome/83.0.4103.97 Safari/537.36" "erctherapy.com"
52.89.18.89 - - [14/Sep/2022:17:11:29 -0700] "GET / HTTP/1.1" 200 570 "-" "Mozilla/5.0 (X11; Linux x86_64) AppleWebKit/537.36 (KHTML, like Gecko) Chrome/83.0.4103.97 Safari/537.36" "erctherapy.com"
121.4.79.217 - - [14/Sep/2022:17:19:29 -0700] "GET / HTTP/1.1" 200 570 "-" "Mozilla/5.0 (Linux; Android 6.0; Nexus 5 Build/MRA58N) AppleWebKit/537.36 (KHTML, like Gecko) Chrome/81.0.4044.138 Mobile Safari/537.36" "erctherapy.com"
51.222.253.14 - - [14/Sep/2022:17:19:39 -0700] "GET /sitebuilder/images/?C=M;O=A HTTP/1.1" 200 489 "-" "Mozilla/5.0 (compatible; AhrefsBot/7.0; +http://ahrefs.com/robot/)" "erctherapy.com"
185.191.171.8 - - [14/Sep/2022:17:43:20 -0700] "GET /robots.txt HTTP/1.1" 404 88 "-" "Mozilla/5.0 (compatible; SemrushBot/7~bl; +http://www.semrush.com/bot.html)" "www.erctherapy.com"
185.191.171.45 - - [14/Sep/2022:17:43:20 -0700] "GET /sitebuilder/ HTTP/1.1" 200 355 "-" "Mozilla/5.0 (compatible; SemrushBot/7~bl; +http://www.semrush.com/bot.html)" "www.erctherapy.com"
51.222.253.18 - - [14/Sep/2022:17:45:26 -0700] "GET /cruise/large-6.html HTTP/1.1" 200 883 "-" "Mozilla/5.0 (compatible; AhrefsBot/7.0; +http://ahrefs.com/robot/)" "erctherapy.com"
65.108.231.158 - - [14/Sep/2022:17:47:22 -0700] "GET /robots.txt HTTP/1.1" 404 73 "-" "Mozilla/5.0 (compatible; MJ12bot/v1.4.8; http://mj12bot.com/)" "erctherapy.com"
65.108.231.158 - - [14/Sep/2022:17:47:39 -0700] "GET /clipart/?D=A HTTP/1.1" 200 369 "-" "Mozilla/5.0 (compatible; MJ12bot/v1.4.8; http://mj12bot.com/)" "erctherapy.com"
65.108.231.158 - - [14/Sep/2022:17:47:58 -0700] "GET /clipart/?N=D HTTP/1.1" 200 369 "-" "Mozilla/5.0 (compatible; MJ12bot/v1.4.8; http://mj12bot.com/)" "erctherapy.com"
65.108.231.158 - - [14/Sep/2022:17:48:22 -0700] "GET /clipart/?S=A HTTP/1.1" 200 369 "-" "Mozilla/5.0 (compatible; MJ12bot/v1.4.8; http://mj12bot.com/)" "erctherapy.com"
65.108.231.158 - - [14/Sep/2022:17:48:39 -0700] "GET /clipart/backgrounds/?D=A HTTP/1.1" 200 365 "-" "Mozilla/5.0 (compatible; MJ12bot/v1.4.8; http://mj12bot.com/)" "erctherapy.com"
65.108.231.158 - - [14/Sep/2022:17:48:58 -0700] "GET /clipart/backgrounds/?M=A HTTP/1.1" 200 365 "-" "Mozilla/5.0 (compatible; MJ12bot/v1.4.8; http://mj12bot.com/)" "erctherapy.com"
65.108.231.158 - - [14/Sep/2022:17:49:16 -0700] "GET /clipart/backgrounds/?N=D HTTP/1.1" 200 365 "-" "Mozilla/5.0 (compatible; MJ12bot/v1.4.8; http://mj12bot.com/)" "erctherapy.com"
65.108.231.158 - - [14/Sep/2022:17:49:35 -0700] "GET /clipart/backgrounds/?S=A HTTP/1.1" 200 365 "-" "Mozilla/5.0 (compatible; MJ12bot/v1.4.8; http://mj12bot.com/)" "erctherapy.com"
65.108.231.158 - - [14/Sep/2022:17:49:55 -0700] "GET /clipart/backgrounds/fullpage/?N=D HTTP/1.1" 200 394 "-" "Mozilla/5.0 (compatible; MJ12bot/v1.4.8; http://mj12bot.com/)" "erctherapy.com"
65.108.231.158 - - [14/Sep/2022:17:50:13 -0700] "GET /clipart/backgrounds/fullpage/?S=A HTTP/1.1" 200 394 "-" "Mozilla/5.0 (compatible; MJ12bot/v1.4.8; http://mj12bot.com/)" "erctherapy.com"
65.108.231.158 - - [14/Sep/2022:17:50:33 -0700] "GET /clipart/backgrounds/fullpage?S=A HTTP/1.1" 301 1418 "-" "Mozilla/5.0 (compatible; MJ12bot/v1.4.8; http://mj12bot.com/)" "erctherapy.com"
34.215.188.254 - - [14/Sep/2022:18:02:42 -0700] "GET / HTTP/1.1" 200 570 "-" "Mozilla/5.0 (X11; Linux x86_64) AppleWebKit/537.36 (KHTML, like Gecko) Chrome/83.0.4103.97 Safari/537.36" "erctherapy.com"
35.89.104.196 - - [14/Sep/2022:18:02:57 -0700] "GET /favicon.ico HTTP/1.1" 404 88 "-" "Mozilla/5.0 (X11; Linux x86_64) AppleWebKit/537.36 (KHTML, like Gecko) Chrome/83.0.4103.97 Safari/537.36" "erctherapy.com"
35.89.104.196 - - [14/Sep/2022:18:02:59 -0700] "GET / HTTP/1.1" 200 570 "-" "Mozilla/5.0 (X11; Linux x86_64) AppleWebKit/537.36 (KHTML, like Gecko) Chrome/83.0.4103.97 Safari/537.36" "erctherapy.com"
65.108.231.158 - - [14/Sep/2022:18:07:22 -0700] "GET /clipart/backgrounds/fullpage?S=A HTTP/1.1" 301 1418 "-" "Mozilla/5.0 (compatible; MJ12bot/v1.4.8; http://mj12bot.com/)" "erctherapy.com"
65.108.231.158 - - [14/Sep/2022:18:07:24 -0700] "GET /clipart/backgrounds/fullpage/?S=A HTTP/1.1" 200 394 "-" "Mozilla/5.0 (compatible; MJ12bot/v1.4.8; http://mj12bot.com/)" "erctherapy.com"
65.108.231.158 - - [14/Sep/2022:18:07:26 -0700] "GET /clipart/backgrounds?D=A HTTP/1.1" 301 1413 "-" "Mozilla/5.0 (compatible; MJ12bot/v1.4.8; http://mj12bot.com/)" "erctherapy.com"
65.108.231.158 - - [14/Sep/2022:18:07:28 -0700] "GET /clipart/backgrounds/?D=A HTTP/1.1" 200 365 "-" "Mozilla/5.0 (compatible; MJ12bot/v1.4.8; http://mj12bot.com/)" "erctherapy.com"
65.108.231.158 - - [14/Sep/2022:18:07:30 -0700] "GET /clipart/backgrounds?M=A HTTP/1.1" 301 1413 "-" "Mozilla/5.0 (compatible; MJ12bot/v1.4.8; http://mj12bot.com/)" "erctherapy.com"
65.108.231.158 - - [14/Sep/2022:18:07:31 -0700] "GET /clipart/backgrounds/?M=A HTTP/1.1" 200 365 "-" "Mozilla/5.0 (compatible; MJ12bot/v1.4.8; http://mj12bot.com/)" "erctherapy.com"
65.108.231.158 - - [14/Sep/2022:18:07:34 -0700] "GET /clipart/backgrounds?N=D HTTP/1.1" 301 1413 "-" "Mozilla/5.0 (compatible; MJ12bot/v1.4.8; http://mj12bot.com/)" "erctherapy.com"
65.108.231.158 - - [14/Sep/2022:18:07:35 -0700] "GET /clipart/backgrounds/?N=D HTTP/1.1" 200 365 "-" "Mozilla/5.0 (compatible; MJ12bot/v1.4.8; http://mj12bot.com/)" "erctherapy.com"
65.108.231.158 - - [14/Sep/2022:18:07:38 -0700] "GET /clipart/backgrounds?S=A HTTP/1.1" 301 1413 "-" "Mozilla/5.0 (compatible; MJ12bot/v1.4.8; http://mj12bot.com/)" "erctherapy.com"
65.108.231.158 - - [14/Sep/2022:18:07:40 -0700] "GET /clipart/backgrounds/?S=A HTTP/1.1" 200 365 "-" "Mozilla/5.0 (compatible; MJ12bot/v1.4.8; http://mj12bot.com/)" "erctherapy.com"
65.108.231.158 - - [14/Sep/2022:18:07:41 -0700] "GET /clipart?D=A HTTP/1.1" 301 1410 "-" "Mozilla/5.0 (compatible; MJ12bot/v1.4.8; http://mj12bot.com/)" "erctherapy.com"
65.108.231.158 - - [14/Sep/2022:18:07:43 -0700] "GET /clipart/?D=A HTTP/1.1" 200 369 "-" "Mozilla/5.0 (compatible; MJ12bot/v1.4.8; http://mj12bot.com/)" "erctherapy.com"
65.108.231.158 - - [14/Sep/2022:18:07:46 -0700] "GET /clipart?N=D HTTP/1.1" 301 1410 "-" "Mozilla/5.0 (compatible; MJ12bot/v1.4.8; http://mj12bot.com/)" "erctherapy.com"
65.108.231.158 - - [14/Sep/2022:18:07:50 -0700] "GET /clipart/?N=D HTTP/1.1" 200 369 "-" "Mozilla/5.0 (compatible; MJ12bot/v1.4.8; http://mj12bot.com/)" "erctherapy.com"
65.108.231.158 - - [14/Sep/2022:18:07:51 -0700] "GET /clipart?S=A HTTP/1.1" 301 1409 "-" "Mozilla/5.0 (compatible; MJ12bot/v1.4.8; http://mj12bot.com/)" "erctherapy.com"
65.108.231.158 - - [14/Sep/2022:18:07:53 -0700] "GET /clipart/?S=A HTTP/1.1" 200 369 "-" "Mozilla/5.0 (compatible; MJ12bot/v1.4.8; http://mj12bot.com/)" "erctherapy.com"
65.108.231.158 - - [14/Sep/2022:18:07:56 -0700] "GET /images/navbars/?S=A HTTP/1.1" 200 361 "-" "Mozilla/5.0 (compatible; MJ12bot/v1.4.8; http://mj12bot.com/)" "erctherapy.com"
65.108.231.158 - - [14/Sep/2022:18:07:58 -0700] "GET /images/navbars?S=A HTTP/1.1" 301 1414 "-" "Mozilla/5.0 (compatible; MJ12bot/v1.4.8; http://mj12bot.com/)" "erctherapy.com"
65.108.231.158 - - [14/Sep/2022:18:08:00 -0700] "GET /images/navbars/?S=A HTTP/1.1" 200 361 "-" "Mozilla/5.0 (compatible; MJ12bot/v1.4.8; http://mj12bot.com/)" "erctherapy.com"
65.108.231.158 - - [14/Sep/2022:18:08:02 -0700] "GET /robots.txt HTTP/1.1" 404 73 "-" "Mozilla/5.0 (compatible; MJ12bot/v1.4.8; http://mj12bot.com/)" "www.erctherapy.com"
65.108.231.158 - - [14/Sep/2022:18:08:04 -0700] "GET /cruise/index4.html HTTP/1.1" 200 1560 "-" "Mozilla/5.0 (compatible; MJ12bot/v1.4.8; http://mj12bot.com/)" "www.erctherapy.com"
65.108.231.158 - - [14/Sep/2022:18:08:06 -0700] "GET /cruise/large-49.html HTTP/1.1" 200 900 "-" "Mozilla/5.0 (compatible; MJ12bot/v1.4.8; http://mj12bot.com/)" "www.erctherapy.com"
65.108.231.158 - - [14/Sep/2022:18:08:09 -0700] "GET /cruise/large-50.html HTTP/1.1" 200 896 "-" "Mozilla/5.0 (compatible; MJ12bot/v1.4.8; http://mj12bot.com/)" "www.erctherapy.com"
65.108.231.158 - - [14/Sep/2022:18:08:12 -0700] "GET /cruise/large-51.html HTTP/1.1" 200 898 "-" "Mozilla/5.0 (compatible; MJ12bot/v1.4.8; http://mj12bot.com/)" "www.erctherapy.com"
65.108.231.158 - - [14/Sep/2022:18:08:15 -0700] "GET /cruise/large-98.html HTTP/1.1" 200 908 "-" "Mozilla/5.0 (compatible; MJ12bot/v1.4.8; http://mj12bot.com/)" "www.erctherapy.com"
34.209.66.124 - - [14/Sep/2022:18:11:12 -0700] "GET / HTTP/1.1" 200 570 "-" "Mozilla/5.0 (X11; Linux x86_64) AppleWebKit/537.36 (KHTML, like Gecko) Chrome/83.0.4103.97 Safari/537.36" "erctherapy.com"
51.222.253.15 - - [14/Sep/2022:18:12:35 -0700] "GET /cruise/large-171.html HTTP/1.1" 200 900 "-" "Mozilla/5.0 (compatible; AhrefsBot/7.0; +http://ahrefs.com/robot/)" "erctherapy.com"
50.112.72.210 - - [14/Sep/2022:18:13:07 -0700] "GET / HTTP/1.1" 200 570 "-" "Mozilla/5.0 (X11; Linux x86_64) AppleWebKit/537.36 (KHTML, like Gecko) Chrome/83.0.4103.97 Safari/537.36" "erctherapy.com"
54.202.154.88 - - [14/Sep/2022:18:13:49 -0700] "GET / HTTP/1.1" 200 570 "-" "Mozilla/5.0 (X11; Linux x86_64) AppleWebKit/537.36 (KHTML, like Gecko) Chrome/83.0.4103.97 Safari/537.36" "erctherapy.com"
50.112.72.210 - - [14/Sep/2022:18:15:05 -0700] "GET /favicon.ico HTTP/1.1" 404 88 "-" "Mozilla/5.0 (X11; Linux x86_64) AppleWebKit/537.36 (KHTML, like Gecko) Chrome/83.0.4103.97 Safari/537.36" "erctherapy.com"
50.112.72.210 - - [14/Sep/2022:18:15:11 -0700] "GET / HTTP/1.1" 200 570 "-" "Mozilla/5.0 (X11; Linux x86_64) AppleWebKit/537.36 (KHTML, like Gecko) Chrome/83.0.4103.97 Safari/537.36" "erctherapy.com"
34.216.47.90 - - [14/Sep/2022:18:18:56 -0700] "GET / HTTP/1.1" 200 570 "-" "Mozilla/5.0 (X11; Linux x86_64) AppleWebKit/537.36 (KHTML, like Gecko) Chrome/83.0.4103.97 Safari/537.36" "erctherapy.com"
35.91.147.35 - - [14/Sep/2022:18:19:06 -0700] "GET /favicon.ico HTTP/1.1" 404 88 "-" "Mozilla/5.0 (X11; Linux x86_64) AppleWebKit/537.36 (KHTML, like Gecko) Chrome/83.0.4103.97 Safari/537.36" "erctherapy.com"
35.91.147.35 - - [14/Sep/2022:18:19:07 -0700] "GET / HTTP/1.1" 200 570 "-" "Mozilla/5.0 (X11; Linux x86_64) AppleWebKit/537.36 (KHTML, like Gecko) Chrome/83.0.4103.97 Safari/537.36" "erctherapy.com"
51.222.253.15 - - [14/Sep/2022:18:34:06 -0700] "GET /cruise/large-5.html HTTP/1.1" 200 883 "-" "Mozilla/5.0 (compatible; AhrefsBot/7.0; +http://ahrefs.com/robot/)" "erctherapy.com"
51.222.253.1 - - [14/Sep/2022:18:34:10 -0700] "GET /cruise/pictures/picture-5.jpg HTTP/1.1" 200 161981 "-" "Mozilla/5.0 (compatible; AhrefsBot/7.0; +http://ahrefs.com/robot/)" "erctherapy.com"
54.36.148.51 - - [14/Sep/2022:18:54:17 -0700] "GET /robots.txt HTTP/1.1" 404 88 "-" "Mozilla/5.0 (compatible; AhrefsBot/7.0; +http://ahrefs.com/robot/)" "www.erctherapy.com"
51.222.253.15 - - [14/Sep/2022:18:54:18 -0700] "GET /contact.html HTTP/1.1" 200 2016 "-" "Mozilla/5.0 (compatible; AhrefsBot/7.0; +http://ahrefs.com/robot/)" "www.erctherapy.com"
216.244.66.247 - - [14/Sep/2022:19:05:06 -0700] "GET /robots.txt HTTP/1.1" 404 73 "-" "Mozilla/5.0 (compatible; DotBot/1.2; +https://opensiteexplorer.org/dotbot; help@moz.com)" "www.erctherapy.com"
51.222.253.7 - - [14/Sep/2022:19:15:23 -0700] "GET /cruise/large-170.html HTTP/1.1" 200 902 "-" "Mozilla/5.0 (compatible; AhrefsBot/7.0; +http://ahrefs.com/robot/)" "erctherapy.com"
51.222.253.12 - - [14/Sep/2022:19:50:05 -0700] "GET /storm/?C=D;O=A HTTP/1.1" 200 408 "-" "Mozilla/5.0 (compatible; AhrefsBot/7.0; +http://ahrefs.com/robot/)" "erctherapy.com"
51.222.253.18 - - [14/Sep/2022:20:25:39 -0700] "GET /storm/?C=S;O=A HTTP/1.1" 200 409 "-" "Mozilla/5.0 (compatible; AhrefsBot/7.0; +http://ahrefs.com/robot/)" "erctherapy.com"
185.191.171.35 - - [14/Sep/2022:20:26:42 -0700] "GET /robots.txt HTTP/1.1" 404 88 "-" "Mozilla/5.0 (compatible; SemrushBot/7~bl; +http://www.semrush.com/bot.html)" "www.erctherapy.com"
185.191.171.10 - - [14/Sep/2022:20:26:43 -0700] "GET /clipart/pageHeaders/?C=S%3BO%3DA HTTP/1.1" 200 376 "-" "Mozilla/5.0 (compatible; SemrushBot/7~bl; +http://www.semrush.com/bot.html)" "www.erctherapy.com"
216.244.66.247 - - [14/Sep/2022:21:35:08 -0700] "GET /robots.txt HTTP/1.1" 404 73 "-" "Mozilla/5.0 (compatible; DotBot/1.2; +https://opensiteexplorer.org/dotbot; help@moz.com)" "erctherapy.com"
114.119.141.215 - - [14/Sep/2022:21:40:07 -0700] "GET /robots.txt HTTP/1.1" 404 88 "-" "Mozilla/5.0 (compatible;PetalBot;+https://webmaster.petalsearch.com/site/petalbot)" "www.erctherapy.com"
185.191.171.14 - - [14/Sep/2022:21:43:52 -0700] "GET /robots.txt HTTP/1.1" 404 88 "-" "Mozilla/5.0 (compatible; SemrushBot/7~bl; +http://www.semrush.com/bot.html)" "www.erctherapy.com"
185.191.171.24 - - [14/Sep/2022:21:43:52 -0700] "GET /clipart/pageHeaders/?C=N%3BO%3DD HTTP/1.1" 200 376 "-" "Mozilla/5.0 (compatible; SemrushBot/7~bl; +http://www.semrush.com/bot.html)" "www.erctherapy.com"
178.128.61.38 - - [14/Sep/2022:22:06:19 -0700] "GET //admin/timthumb.php HTTP/1.1" 404 73 "-" "-" "erctherapy.com"
178.128.61.38 - - [14/Sep/2022:22:06:19 -0700] "GET //admin/thumb.php HTTP/1.1" 404 73 "-" "-" "erctherapy.com"
51.222.253.17 - - [14/Sep/2022:22:06:55 -0700] "GET /robots.txt HTTP/1.1" 404 88 "-" "Mozilla/5.0 (compatible; AhrefsBot/7.0; +http://ahrefs.com/robot/)" "erctherapy.com"
51.222.253.14 - - [14/Sep/2022:22:06:56 -0700] "GET /cruise/large-169.html HTTP/1.1" 200 886 "-" "Mozilla/5.0 (compatible; AhrefsBot/7.0; +http://ahrefs.com/robot/)" "erctherapy.com"
37.221.67.137 - - [14/Sep/2022:22:09:28 -0700] "GET / HTTP/1.1" 200 570 "https://erctherapy.com" "Mozilla/5.0 (X11; Linux i686; rv:102.0) Gecko/20100101 Firefox/102.0" "erctherapy.com"
37.221.67.137 - - [14/Sep/2022:22:09:30 -0700] "GET /philippines.html HTTP/1.1" 200 2786 "https://erctherapy.com" "Mozilla/5.0 (X11; Linux i686; rv:102.0) Gecko/20100101 Firefox/102.0" "erctherapy.com"
216.244.66.247 - - [14/Sep/2022:22:26:35 -0700] "GET /robots.txt HTTP/1.1" 404 73 "-" "Mozilla/5.0 (compatible; DotBot/1.2; +https://opensiteexplorer.org/dotbot; help@moz.com)" "www.erctherapy.com"
65.108.40.25 - - [14/Sep/2022:22:27:36 -0700] "GET /robots.txt HTTP/1.1" 404 73 "-" "Mozilla/5.0 (compatible; MJ12bot/v1.4.8; http://mj12bot.com/)" "www.erctherapy.com"
65.108.40.25 - - [14/Sep/2022:22:27:41 -0700] "GET /cruise/large-140.html HTTP/1.1" 200 894 "-" "Mozilla/5.0 (compatible; MJ12bot/v1.4.8; http://mj12bot.com/)" "www.erctherapy.com"
65.108.40.25 - - [14/Sep/2022:22:27:44 -0700] "GET /cruise/large-142.html HTTP/1.1" 200 895 "-" "Mozilla/5.0 (compatible; MJ12bot/v1.4.8; http://mj12bot.com/)" "www.erctherapy.com"
65.108.40.25 - - [14/Sep/2022:22:27:47 -0700] "GET /cruise/large-151.html HTTP/1.1" 200 894 "-" "Mozilla/5.0 (compatible; MJ12bot/v1.4.8; http://mj12bot.com/)" "www.erctherapy.com"
65.108.40.25 - - [14/Sep/2022:22:27:50 -0700] "GET /cruise/large-164.html HTTP/1.1" 200 902 "-" "Mozilla/5.0 (compatible; MJ12bot/v1.4.8; http://mj12bot.com/)" "www.erctherapy.com"
51.222.253.7 - - [14/Sep/2022:23:29:29 -0700] "GET / HTTP/1.1" 200 570 "-" "Mozilla/5.0 (compatible; AhrefsBot/7.0; +http://ahrefs.com/robot/)" "erctherapy.com"
87.250.224.191 - - [14/Sep/2022:23:33:21 -0700] "GET /robots.txt HTTP/1.1" 404 73 "-" "Mozilla/5.0 (compatible; YandexBot/3.0; +http://yandex.com/bots)" "erctherapy.com"
87.250.224.33 - - [14/Sep/2022:23:33:25 -0700] "GET /cruise/large-160.html HTTP/1.1" 200 898 "-" "Mozilla/5.0 (compatible; YandexBot/3.0; +http://yandex.com/bots)" "erctherapy.com"
216.244.66.247 - - [15/Sep/2022:00:07:07 -0700] "GET /robots.txt HTTP/1.1" 404 73 "-" "Mozilla/5.0 (compatible; DotBot/1.2; +https://opensiteexplorer.org/dotbot; help@moz.com)" "www.erctherapy.com"
51.222.253.8 - - [15/Sep/2022:00:29:09 -0700] "GET /cruise/large-168.html HTTP/1.1" 200 897 "-" "Mozilla/5.0 (compatible; AhrefsBot/7.0; +http://ahrefs.com/robot/)" "erctherapy.com"
216.244.66.247 - - [15/Sep/2022:00:56:33 -0700] "GET /robots.txt HTTP/1.1" 404 73 "-" "Mozilla/5.0 (compatible; DotBot/1.2; +https://opensiteexplorer.org/dotbot; help@moz.com)" "www.erctherapy.com"
216.244.66.247 - - [15/Sep/2022:01:47:30 -0700] "GET /robots.txt HTTP/1.1" 404 73 "-" "Mozilla/5.0 (compatible; DotBot/1.2; +https://opensiteexplorer.org/dotbot; help@moz.com)" "www.erctherapy.com"
216.244.66.247 - - [15/Sep/2022:01:47:30 -0700] "GET /robots.txt HTTP/1.1" 404 73 "-" "Mozilla/5.0 (compatible; DotBot/1.2; +https://opensiteexplorer.org/dotbot; help@moz.com)" "erctherapy.com"
216.244.66.247 - - [15/Sep/2022:02:38:37 -0700] "GET /robots.txt HTTP/1.1" 404 73 "-" "Mozilla/5.0 (compatible; DotBot/1.2; +https://opensiteexplorer.org/dotbot; help@moz.com)" "erctherapy.com"
216.244.66.247 - - [15/Sep/2022:02:38:37 -0700] "GET /robots.txt HTTP/1.1" 404 73 "-" "Mozilla/5.0 (compatible; DotBot/1.2; +https://opensiteexplorer.org/dotbot; help@moz.com)" "www.erctherapy.com"
54.36.148.211 - - [15/Sep/2022:02:58:32 -0700] "GET /robots.txt HTTP/1.1" 404 88 "-" "Mozilla/5.0 (compatible; AhrefsBot/7.0; +http://ahrefs.com/robot/)" "erctherapy.com"
51.222.253.5 - - [15/Sep/2022:02:58:33 -0700] "GET /?C=D;O=D HTTP/1.1" 200 568 "-" "Mozilla/5.0 (compatible; AhrefsBot/7.0; +http://ahrefs.com/robot/)" "erctherapy.com"
34.139.111.130 - - [15/Sep/2022:03:10:01 -0700] "GET /robots.txt HTTP/1.1" 404 88 "-" "ZoominfoBot (zoominfobot at zoominfo dot com)" "www.erctherapy.com"
34.139.111.130 - - [15/Sep/2022:03:10:02 -0700] "GET / HTTP/1.1" 200 570 "-" "ZoominfoBot (zoominfobot at zoominfo dot com)" "www.erctherapy.com"
51.222.253.3 - - [15/Sep/2022:03:59:08 -0700] "GET /cruise/index3.html HTTP/1.1" 200 1593 "-" "Mozilla/5.0 (compatible; AhrefsBot/7.0; +http://ahrefs.com/robot/)" "erctherapy.com"
51.222.253.19 - - [15/Sep/2022:03:59:11 -0700] "GET /cruise/thumbnails/thumb-45.jpg HTTP/1.1" 200 7219 "-" "Mozilla/5.0 (compatible; AhrefsBot/7.0; +http://ahrefs.com/robot/)" "erctherapy.com"
51.222.253.2 - - [15/Sep/2022:03:59:12 -0700] "GET /cruise/thumbnails/thumb-36.jpg HTTP/1.1" 200 12729 "-" "Mozilla/5.0 (compatible; AhrefsBot/7.0; +http://ahrefs.com/robot/)" "erctherapy.com"
51.222.253.13 - - [15/Sep/2022:03:59:12 -0700] "GET /cruise/thumbnails/thumb-38.jpg HTTP/1.1" 200 16336 "-" "Mozilla/5.0 (compatible; AhrefsBot/7.0; +http://ahrefs.com/robot/)" "erctherapy.com"
51.222.253.6 - - [15/Sep/2022:03:59:13 -0700] "GET /cruise/thumbnails/thumb-34.jpg HTTP/1.1" 200 16056 "-" "Mozilla/5.0 (compatible; AhrefsBot/7.0; +http://ahrefs.com/robot/)" "erctherapy.com"
51.222.253.10 - - [15/Sep/2022:03:59:17 -0700] "GET /cruise/assets/css/global.css HTTP/1.1" 200 1339 "-" "Mozilla/5.0 (compatible; AhrefsBot/7.0; +http://ahrefs.com/robot/)" "erctherapy.com"
51.222.253.15 - - [15/Sep/2022:03:59:17 -0700] "GET /cruise/thumbnails/thumb-37.jpg HTTP/1.1" 200 16038 "-" "Mozilla/5.0 (compatible; AhrefsBot/7.0; +http://ahrefs.com/robot/)" "erctherapy.com"
51.222.253.4 - - [15/Sep/2022:03:59:18 -0700] "GET /cruise/thumbnails/thumb-31.jpg HTTP/1.1" 200 23045 "-" "Mozilla/5.0 (compatible; AhrefsBot/7.0; +http://ahrefs.com/robot/)" "erctherapy.com"
51.222.253.14 - - [15/Sep/2022:03:59:19 -0700] "GET /cruise/thumbnails/thumb-41.jpg HTTP/1.1" 200 17151 "-" "Mozilla/5.0 (compatible; AhrefsBot/7.0; +http://ahrefs.com/robot/)" "erctherapy.com"
51.222.253.6 - - [15/Sep/2022:03:59:20 -0700] "GET /cruise/thumbnails/thumb-40.jpg HTTP/1.1" 200 19514 "-" "Mozilla/5.0 (compatible; AhrefsBot/7.0; +http://ahrefs.com/robot/)" "erctherapy.com"
51.222.253.6 - - [15/Sep/2022:03:59:20 -0700] "GET /cruise/thumbnails/thumb-33.jpg HTTP/1.1" 200 15100 "-" "Mozilla/5.0 (compatible; AhrefsBot/7.0; +http://ahrefs.com/robot/)" "erctherapy.com"
51.222.253.1 - - [15/Sep/2022:03:59:21 -0700] "GET /cruise/thumbnails/thumb-44.jpg HTTP/1.1" 200 17334 "-" "Mozilla/5.0 (compatible; AhrefsBot/7.0; +http://ahrefs.com/robot/)" "erctherapy.com"
51.222.253.6 - - [15/Sep/2022:03:59:21 -0700] "GET /cruise/thumbnails/thumb-39.jpg HTTP/1.1" 200 15377 "-" "Mozilla/5.0 (compatible; AhrefsBot/7.0; +http://ahrefs.com/robot/)" "erctherapy.com"
51.222.253.11 - - [15/Sep/2022:03:59:22 -0700] "GET /cruise/thumbnails/thumb-42.jpg HTTP/1.1" 200 13530 "-" "Mozilla/5.0 (compatible; AhrefsBot/7.0; +http://ahrefs.com/robot/)" "erctherapy.com"
51.222.253.10 - - [15/Sep/2022:03:59:23 -0700] "GET /cruise/thumbnails/thumb-32.jpg HTTP/1.1" 200 23827 "-" "Mozilla/5.0 (compatible; AhrefsBot/7.0; +http://ahrefs.com/robot/)" "erctherapy.com"
51.222.253.20 - - [15/Sep/2022:03:59:23 -0700] "GET /cruise/thumbnails/thumb-43.jpg HTTP/1.1" 200 19962 "-" "Mozilla/5.0 (compatible; AhrefsBot/7.0; +http://ahrefs.com/robot/)" "erctherapy.com"
5.45.207.111 - - [15/Sep/2022:04:13:53 -0700] "GET /robots.txt HTTP/1.1" 404 73 "-" "Mozilla/5.0 (compatible; YandexBot/3.0; +http://yandex.com/bots)" "erctherapy.com"
87.250.224.111 - - [15/Sep/2022:04:13:57 -0700] "GET /cruise/large-109.html HTTP/1.1" 200 916 "-" "Mozilla/5.0 (compatible; YandexBot/3.0; +http://yandex.com/bots)" "erctherapy.com"
216.244.66.247 - - [15/Sep/2022:04:24:27 -0700] "GET /robots.txt HTTP/1.1" 404 73 "-" "Mozilla/5.0 (compatible; DotBot/1.2; +https://opensiteexplorer.org/dotbot; help@moz.com)" "www.erctherapy.com"
216.244.66.247 - - [15/Sep/2022:04:24:27 -0700] "GET /robots.txt HTTP/1.1" 404 73 "-" "Mozilla/5.0 (compatible; DotBot/1.2; +https://opensiteexplorer.org/dotbot; help@moz.com)" "erctherapy.com"
51.222.253.4 - - [15/Sep/2022:04:37:03 -0700] "GET /cruise/large-16.html HTTP/1.1" 200 885 "-" "Mozilla/5.0 (compatible; AhrefsBot/7.0; +http://ahrefs.com/robot/)" "erctherapy.com"
51.222.253.12 - - [15/Sep/2022:05:14:14 -0700] "GET /cruise/large-194.html HTTP/1.1" 200 910 "-" "Mozilla/5.0 (compatible; AhrefsBot/7.0; +http://ahrefs.com/robot/)" "erctherapy.com"
216.244.66.247 - - [15/Sep/2022:05:15:18 -0700] "GET /robots.txt HTTP/1.1" 404 73 "-" "Mozilla/5.0 (compatible; DotBot/1.2; +https://opensiteexplorer.org/dotbot; help@moz.com)" "www.erctherapy.com"
51.222.253.15 - - [15/Sep/2022:05:48:48 -0700] "GET /clipart/backgrounds/?C=S;O=D HTTP/1.1" 200 364 "-" "Mozilla/5.0 (compatible; AhrefsBot/7.0; +http://ahrefs.com/robot/)" "erctherapy.com"
216.244.66.247 - - [15/Sep/2022:06:07:25 -0700] "GET /robots.txt HTTP/1.1" 404 73 "-" "Mozilla/5.0 (compatible; DotBot/1.2; +https://opensiteexplorer.org/dotbot; help@moz.com)" "erctherapy.com"
185.191.171.44 - - [15/Sep/2022:06:23:58 -0700] "GET /robots.txt HTTP/1.1" 404 88 "-" "Mozilla/5.0 (compatible; SemrushBot/7~bl; +http://www.semrush.com/bot.html)" "www.erctherapy.com"
185.191.171.2 - - [15/Sep/2022:06:23:58 -0700] "GET /sitebuilder/images/?C=N%3BO%3DD HTTP/1.1" 200 490 "-" "Mozilla/5.0 (compatible; SemrushBot/7~bl; +http://www.semrush.com/bot.html)" "www.erctherapy.com"
51.222.253.8 - - [15/Sep/2022:06:25:18 -0700] "GET /cruise/large-167.html HTTP/1.1" 200 907 "-" "Mozilla/5.0 (compatible; AhrefsBot/7.0; +http://ahrefs.com/robot/)" "erctherapy.com"
51.222.253.3 - - [15/Sep/2022:06:25:20 -0700] "GET /cruise/pictures/picture-167.jpg HTTP/1.1" 200 195792 "-" "Mozilla/5.0 (compatible; AhrefsBot/7.0; +http://ahrefs.com/robot/)" "erctherapy.com"
51.222.253.17 - - [15/Sep/2022:06:49:37 -0700] "GET /sitebuilder/images/?C=N;O=A HTTP/1.1" 200 490 "-" "Mozilla/5.0 (compatible; AhrefsBot/7.0; +http://ahrefs.com/robot/)" "erctherapy.com"
216.244.66.247 - - [15/Sep/2022:06:59:52 -0700] "GET /robots.txt HTTP/1.1" 404 73 "-" "Mozilla/5.0 (compatible; DotBot/1.2; +https://opensiteexplorer.org/dotbot; help@moz.com)" "www.erctherapy.com"
51.222.253.12 - - [15/Sep/2022:07:13:39 -0700] "GET /cruise/large-163.html HTTP/1.1" 200 913 "-" "Mozilla/5.0 (compatible; AhrefsBot/7.0; +http://ahrefs.com/robot/)" "erctherapy.com"
178.128.61.38 - - [15/Sep/2022:07:18:45 -0700] "GET //filemanager/dialog.php HTTP/1.1" 404 73 "-" "-" "erctherapy.com"
178.128.61.38 - - [15/Sep/2022:07:18:46 -0700] "GET //assets/filemanager/dialog.php HTTP/1.1" 404 73 "-" "-" "erctherapy.com"
178.128.61.38 - - [15/Sep/2022:07:18:46 -0700] "GET //admin/themes/filemanager/dialog.php HTTP/1.1" 404 73 "-" "-" "erctherapy.com"
178.128.61.38 - - [15/Sep/2022:07:18:46 -0700] "GET //admin/editor/filemanager/dialog.php HTTP/1.1" 404 73 "-" "-" "erctherapy.com"
178.128.61.38 - - [15/Sep/2022:07:18:46 -0700] "GET //public/scripts/filemanager/dialog.php HTTP/1.1" 404 73 "-" "-" "erctherapy.com"
178.128.61.38 - - [15/Sep/2022:07:18:47 -0700] "GET //assets/plugins/filemanager/dialog.php HTTP/1.1" 404 73 "-" "-" "erctherapy.com"
178.128.61.38 - - [15/Sep/2022:07:18:47 -0700] "GET //js/tinymce/plugins/filemanager/dialog.php HTTP/1.1" 404 73 "-" "-" "erctherapy.com"
178.128.61.38 - - [15/Sep/2022:07:18:47 -0700] "GET //admin/global/plugins/filemanager/dialog.php HTTP/1.1" 404 73 "-" "-" "erctherapy.com"
178.128.61.38 - - [15/Sep/2022:07:18:47 -0700] "GET //admin/ckeditor/plugins/filemanager/dialog.php HTTP/1.1" 404 73 "-" "-" "erctherapy.com"
178.128.61.38 - - [15/Sep/2022:07:18:48 -0700] "GET //admin/assets/global/plugins/filemanager/dialog.php HTTP/1.1" 404 73 "-" "-" "erctherapy.com"
178.128.61.38 - - [15/Sep/2022:07:18:48 -0700] "GET //admin/assets/js/ckeditor/filemanager/dialog.php HTTP/1.1" 404 73 "-" "-" "erctherapy.com"
51.222.253.6 - - [15/Sep/2022:07:39:15 -0700] "GET /?C=S;O=A HTTP/1.1" 200 556 "-" "Mozilla/5.0 (compatible; AhrefsBot/7.0; +http://ahrefs.com/robot/)" "erctherapy.com"
216.244.66.247 - - [15/Sep/2022:07:51:10 -0700] "GET /robots.txt HTTP/1.1" 404 73 "-" "Mozilla/5.0 (compatible; DotBot/1.2; +https://opensiteexplorer.org/dotbot; help@moz.com)" "erctherapy.com"
216.244.66.247 - - [15/Sep/2022:07:51:10 -0700] "GET /robots.txt HTTP/1.1" 404 73 "-" "Mozilla/5.0 (compatible; DotBot/1.2; +https://opensiteexplorer.org/dotbot; help@moz.com)" "www.erctherapy.com"
51.222.253.7 - - [15/Sep/2022:08:38:28 -0700] "GET /robots.txt HTTP/1.1" 404 88 "-" "Mozilla/5.0 (compatible; AhrefsBot/7.0; +http://ahrefs.com/robot/)" "www.erctherapy.com"
51.222.253.11 - - [15/Sep/2022:08:38:29 -0700] "GET /about.html HTTP/1.1" 200 1660 "-" "Mozilla/5.0 (compatible; AhrefsBot/7.0; +http://ahrefs.com/robot/)" "www.erctherapy.com"
51.222.253.16 - - [15/Sep/2022:08:38:34 -0700] "GET /images/ERC_Logo2.png HTTP/1.1" 200 5315 "-" "Mozilla/5.0 (compatible; AhrefsBot/7.0; +http://ahrefs.com/robot/)" "www.erctherapy.com"
51.222.253.9 - - [15/Sep/2022:08:38:35 -0700] "GET /sitebuilder/images/IMG_0292-375x105.jpg HTTP/1.1" 200 7671 "-" "Mozilla/5.0 (compatible; AhrefsBot/7.0; +http://ahrefs.com/robot/)" "www.erctherapy.com"
51.222.253.8 - - [15/Sep/2022:08:38:35 -0700] "GET /sitebuilder/images/sidenavHome-114x23.jpg HTTP/1.1" 200 1351 "-" "Mozilla/5.0 (compatible; AhrefsBot/7.0; +http://ahrefs.com/robot/)" "www.erctherapy.com"
51.222.253.13 - - [15/Sep/2022:08:38:35 -0700] "GET /sitebuilder/images/sidenavContacUs-114x23.jpg HTTP/1.1" 200 1570 "-" "Mozilla/5.0 (compatible; AhrefsBot/7.0; +http://ahrefs.com/robot/)" "www.erctherapy.com"
51.222.253.20 - - [15/Sep/2022:08:38:36 -0700] "GET /sitebuilder/images/sidenavNews-114x23.jpg HTTP/1.1" 200 1358 "-" "Mozilla/5.0 (compatible; AhrefsBot/7.0; +http://ahrefs.com/robot/)" "www.erctherapy.com"
51.222.253.16 - - [15/Sep/2022:09:17:32 -0700] "GET /cruise/large-195.html HTTP/1.1" 200 906 "-" "Mozilla/5.0 (compatible; AhrefsBot/7.0; +http://ahrefs.com/robot/)" "erctherapy.com"
185.191.171.23 - - [15/Sep/2022:09:39:02 -0700] "GET /robots.txt HTTP/1.1" 404 88 "-" "Mozilla/5.0 (compatible; SemrushBot/7~bl; +http://www.semrush.com/bot.html)" "www.erctherapy.com"
185.191.171.16 - - [15/Sep/2022:09:39:02 -0700] "GET /clipart/backgrounds/?C=S%3BO%3DA HTTP/1.1" 200 365 "-" "Mozilla/5.0 (compatible; SemrushBot/7~bl; +http://www.semrush.com/bot.html)" "www.erctherapy.com"
51.222.253.13 - - [15/Sep/2022:10:19:16 -0700] "GET /cruise/large-173.html HTTP/1.1" 200 909 "-" "Mozilla/5.0 (compatible; AhrefsBot/7.0; +http://ahrefs.com/robot/)" "erctherapy.com"
54.36.148.204 - - [15/Sep/2022:10:50:18 -0700] "GET /robots.txt HTTP/1.1" 404 88 "-" "Mozilla/5.0 (compatible; AhrefsBot/7.0; +http://ahrefs.com/robot/)" "erctherapy.com"
51.222.253.3 - - [15/Sep/2022:10:50:20 -0700] "GET /cruise/large-166.html HTTP/1.1" 200 898 "-" "Mozilla/5.0 (compatible; AhrefsBot/7.0; +http://ahrefs.com/robot/)" "erctherapy.com"
51.222.253.5 - - [15/Sep/2022:11:20:30 -0700] "GET /cruise/index14.html HTTP/1.1" 200 1522 "-" "Mozilla/5.0 (compatible; AhrefsBot/7.0; +http://ahrefs.com/robot/)" "erctherapy.com"
216.244.66.247 - - [15/Sep/2022:11:31:09 -0700] "GET /robots.txt HTTP/1.1" 404 73 "-" "Mozilla/5.0 (compatible; DotBot/1.2; +https://opensiteexplorer.org/dotbot; help@moz.com)" "www.erctherapy.com"
157.55.39.82 - - [15/Sep/2022:11:44:43 -0700] "GET /robots.txt HTTP/1.1" 404 88 "-" "Mozilla/5.0 (compatible; bingbot/2.0; +http://www.bing.com/bingbot.htm)" "www.erctherapy.com"
207.46.13.58 - - [15/Sep/2022:11:44:52 -0700] "GET /cruise/large-10.html HTTP/1.1" 200 898 "-" "Mozilla/5.0 (compatible; bingbot/2.0; +http://www.bing.com/bingbot.htm)" "www.erctherapy.com"
51.222.253.9 - - [15/Sep/2022:11:49:09 -0700] "GET /cruise/large-165.html HTTP/1.1" 200 905 "-" "Mozilla/5.0 (compatible; AhrefsBot/7.0; +http://ahrefs.com/robot/)" "erctherapy.com"
51.222.253.15 - - [15/Sep/2022:11:49:13 -0700] "GET /cruise/pictures/picture-165.jpg HTTP/1.1" 200 240092 "-" "Mozilla/5.0 (compatible; AhrefsBot/7.0; +http://ahrefs.com/robot/)" "erctherapy.com"
185.191.171.1 - - [15/Sep/2022:12:13:02 -0700] "GET /robots.txt HTTP/1.1" 404 88 "-" "Mozilla/5.0 (compatible; SemrushBot/7~bl; +http://www.semrush.com/bot.html)" "www.erctherapy.com"
185.191.171.38 - - [15/Sep/2022:12:13:02 -0700] "GET /clipart/backgrounds/?C=M%3BO%3DA HTTP/1.1" 200 365 "-" "Mozilla/5.0 (compatible; SemrushBot/7~bl; +http://www.semrush.com/bot.html)" "www.erctherapy.com"
51.222.253.17 - - [15/Sep/2022:12:16:23 -0700] "GET /cruise/large-167.html HTTP/1.1" 200 907 "-" "Mozilla/5.0 (compatible; AhrefsBot/7.0; +http://ahrefs.com/robot/)" "erctherapy.com"
51.222.253.11 - - [15/Sep/2022:12:45:53 -0700] "GET /sitebuilder/images/?C=D;O=A HTTP/1.1" 200 490 "-" "Mozilla/5.0 (compatible; AhrefsBot/7.0; +http://ahrefs.com/robot/)" "erctherapy.com"
51.222.253.9 - - [15/Sep/2022:13:14:59 -0700] "GET /cruise/index3.html HTTP/1.1" 200 1593 "-" "Mozilla/5.0 (compatible; AhrefsBot/7.0; +http://ahrefs.com/robot/)" "www.erctherapy.com"
51.222.253.14 - - [15/Sep/2022:13:15:02 -0700] "GET /cruise/thumbnails/thumb-39.jpg HTTP/1.1" 200 15377 "-" "Mozilla/5.0 (compatible; AhrefsBot/7.0; +http://ahrefs.com/robot/)" "www.erctherapy.com"
51.222.253.1 - - [15/Sep/2022:13:15:03 -0700] "GET /cruise/thumbnails/thumb-32.jpg HTTP/1.1" 200 23827 "-" "Mozilla/5.0 (compatible; AhrefsBot/7.0; +http://ahrefs.com/robot/)" "www.erctherapy.com"
51.222.253.8 - - [15/Sep/2022:13:15:03 -0700] "GET /cruise/thumbnails/thumb-45.jpg HTTP/1.1" 200 7219 "-" "Mozilla/5.0 (compatible; AhrefsBot/7.0; +http://ahrefs.com/robot/)" "www.erctherapy.com"
51.222.253.10 - - [15/Sep/2022:13:15:04 -0700] "GET /cruise/thumbnails/thumb-40.jpg HTTP/1.1" 200 19514 "-" "Mozilla/5.0 (compatible; AhrefsBot/7.0; +http://ahrefs.com/robot/)" "www.erctherapy.com"
51.222.253.14 - - [15/Sep/2022:13:15:04 -0700] "GET /cruise/assets/css/global.css HTTP/1.1" 200 1339 "-" "Mozilla/5.0 (compatible; AhrefsBot/7.0; +http://ahrefs.com/robot/)" "www.erctherapy.com"
51.222.253.20 - - [15/Sep/2022:13:15:05 -0700] "GET /cruise/thumbnails/thumb-37.jpg HTTP/1.1" 200 16038 "-" "Mozilla/5.0 (compatible; AhrefsBot/7.0; +http://ahrefs.com/robot/)" "www.erctherapy.com"
51.222.253.12 - - [15/Sep/2022:13:15:06 -0700] "GET /cruise/thumbnails/thumb-34.jpg HTTP/1.1" 200 16056 "-" "Mozilla/5.0 (compatible; AhrefsBot/7.0; +http://ahrefs.com/robot/)" "www.erctherapy.com"
51.222.253.13 - - [15/Sep/2022:13:15:06 -0700] "GET /cruise/thumbnails/thumb-42.jpg HTTP/1.1" 200 13530 "-" "Mozilla/5.0 (compatible; AhrefsBot/7.0; +http://ahrefs.com/robot/)" "www.erctherapy.com"
51.222.253.7 - - [15/Sep/2022:13:15:07 -0700] "GET /cruise/thumbnails/thumb-31.jpg HTTP/1.1" 200 23045 "-" "Mozilla/5.0 (compatible; AhrefsBot/7.0; +http://ahrefs.com/robot/)" "www.erctherapy.com"
51.222.253.15 - - [15/Sep/2022:13:15:07 -0700] "GET /cruise/thumbnails/thumb-33.jpg HTTP/1.1" 200 15100 "-" "Mozilla/5.0 (compatible; AhrefsBot/7.0; +http://ahrefs.com/robot/)" "www.erctherapy.com"
51.222.253.19 - - [15/Sep/2022:13:15:09 -0700] "GET /cruise/thumbnails/thumb-41.jpg HTTP/1.1" 200 17151 "-" "Mozilla/5.0 (compatible; AhrefsBot/7.0; +http://ahrefs.com/robot/)" "www.erctherapy.com"
51.222.253.1 - - [15/Sep/2022:13:15:10 -0700] "GET /cruise/thumbnails/thumb-36.jpg HTTP/1.1" 200 12729 "-" "Mozilla/5.0 (compatible; AhrefsBot/7.0; +http://ahrefs.com/robot/)" "www.erctherapy.com"
51.222.253.6 - - [15/Sep/2022:13:15:10 -0700] "GET /cruise/thumbnails/thumb-43.jpg HTTP/1.1" 200 19962 "-" "Mozilla/5.0 (compatible; AhrefsBot/7.0; +http://ahrefs.com/robot/)" "www.erctherapy.com"
51.222.253.15 - - [15/Sep/2022:13:15:11 -0700] "GET /cruise/thumbnails/thumb-38.jpg HTTP/1.1" 200 16336 "-" "Mozilla/5.0 (compatible; AhrefsBot/7.0; +http://ahrefs.com/robot/)" "www.erctherapy.com"
51.222.253.12 - - [15/Sep/2022:13:15:12 -0700] "GET /cruise/thumbnails/thumb-44.jpg HTTP/1.1" 200 17334 "-" "Mozilla/5.0 (compatible; AhrefsBot/7.0; +http://ahrefs.com/robot/)" "www.erctherapy.com"
216.244.66.247 - - [15/Sep/2022:13:19:58 -0700] "GET /robots.txt HTTP/1.1" 404 73 "-" "Mozilla/5.0 (compatible; DotBot/1.2; +https://opensiteexplorer.org/dotbot; help@moz.com)" "erctherapy.com"
216.244.66.247 - - [15/Sep/2022:14:19:24 -0700] "GET /robots.txt HTTP/1.1" 404 73 "-" "Mozilla/5.0 (compatible; DotBot/1.2; +https://opensiteexplorer.org/dotbot; help@moz.com)" "erctherapy.com"
51.222.253.15 - - [15/Sep/2022:14:33:25 -0700] "GET /sitebuilder/images/?C=S;O=A HTTP/1.1" 200 490 "-" "Mozilla/5.0 (compatible; AhrefsBot/7.0; +http://ahrefs.com/robot/)" "erctherapy.com"
216.244.66.247 - - [15/Sep/2022:15:19:45 -0700] "GET /robots.txt HTTP/1.1" 404 73 "-" "Mozilla/5.0 (compatible; DotBot/1.2; +https://opensiteexplorer.org/dotbot; help@moz.com)" "erctherapy.com"
216.244.66.247 - - [15/Sep/2022:15:19:46 -0700] "GET /robots.txt HTTP/1.1" 404 73 "-" "Mozilla/5.0 (compatible; DotBot/1.2; +https://opensiteexplorer.org/dotbot; help@moz.com)" "www.erctherapy.com"
185.191.171.24 - - [15/Sep/2022:15:32:33 -0700] "GET /robots.txt HTTP/1.1" 404 88 "-" "Mozilla/5.0 (compatible; SemrushBot/7~bl; +http://www.semrush.com/bot.html)" "www.erctherapy.com"
185.191.171.16 - - [15/Sep/2022:15:32:34 -0700] "GET /clipart/pageHeaders/?C=M%3BO%3DA HTTP/1.1" 200 376 "-" "Mozilla/5.0 (compatible; SemrushBot/7~bl; +http://www.semrush.com/bot.html)" "www.erctherapy.com"
51.222.253.4 - - [15/Sep/2022:16:00:30 -0700] "GET /cruise/large-6.html HTTP/1.1" 200 883 "-" "Mozilla/5.0 (compatible; AhrefsBot/7.0; +http://ahrefs.com/robot/)" "erctherapy.com"
51.222.253.1 - - [15/Sep/2022:16:00:31 -0700] "GET /cruise/pictures/picture-6.jpg HTTP/1.1" 200 178772 "-" "Mozilla/5.0 (compatible; AhrefsBot/7.0; +http://ahrefs.com/robot/)" "erctherapy.com"
20.122.163.70 - - [15/Sep/2022:16:50:56 -0700] "GET /Makhdamxshell.php HTTP/1.1" 404 88 "-" "Mozilla/5.0 (Windows NT 10.0; Win64; x64) AppleWebKit/537.36 (KHTML, like Gecko) Chrome/85.0.4183.102 Safari/537.36" "erctherapy.com"
20.122.163.70 - - [15/Sep/2022:16:51:00 -0700] "GET /wp-admin/includes/class-wp-media-list-data.php HTTP/1.1" 404 88 "-" "Mozilla/5.0 (Windows NT 10.0; Win64; x64) AppleWebKit/537.36 (KHTML, like Gecko) Chrome/85.0.4183.102 Safari/537.36" "erctherapy.com"
20.122.163.70 - - [15/Sep/2022:16:51:02 -0700] "GET /wp-includes/wp-class.php HTTP/1.1" 404 88 "-" "Mozilla/5.0 (Windows NT 10.0; Win64; x64) AppleWebKit/537.36 (KHTML, like Gecko) Chrome/85.0.4183.102 Safari/537.36" "erctherapy.com"
20.122.163.70 - - [15/Sep/2022:16:51:07 -0700] "GET /radio.php HTTP/1.1" 404 88 "-" "Mozilla/5.0 (Windows NT 10.0; Win64; x64) AppleWebKit/537.36 (KHTML, like Gecko) Chrome/85.0.4183.102 Safari/537.36" "erctherapy.com"
20.122.163.70 - - [15/Sep/2022:16:51:10 -0700] "GET /fw.php HTTP/1.1" 404 88 "-" "Mozilla/5.0 (Windows NT 10.0; Win64; x64) AppleWebKit/537.36 (KHTML, like Gecko) Chrome/85.0.4183.102 Safari/537.36" "erctherapy.com"
20.122.163.70 - - [15/Sep/2022:16:51:13 -0700] "GET /fx.php HTTP/1.1" 404 88 "-" "Mozilla/5.0 (Windows NT 10.0; Win64; x64) AppleWebKit/537.36 (KHTML, like Gecko) Chrome/85.0.4183.102 Safari/537.36" "erctherapy.com"
20.122.163.70 - - [15/Sep/2022:16:51:18 -0700] "GET /ups.php HTTP/1.1" 404 88 "-" "Mozilla/5.0 (Windows NT 10.0; Win64; x64) AppleWebKit/537.36 (KHTML, like Gecko) Chrome/85.0.4183.102 Safari/537.36" "erctherapy.com"
20.122.163.70 - - [15/Sep/2022:16:51:21 -0700] "GET /wikindex.php HTTP/1.1" 404 88 "-" "Mozilla/5.0 (Windows NT 10.0; Win64; x64) AppleWebKit/537.36 (KHTML, like Gecko) Chrome/85.0.4183.102 Safari/537.36" "erctherapy.com"
20.122.163.70 - - [15/Sep/2022:16:51:24 -0700] "GET /1index.php HTTP/1.1" 404 88 "-" "Mozilla/5.0 (Windows NT 10.0; Win64; x64) AppleWebKit/537.36 (KHTML, like Gecko) Chrome/85.0.4183.102 Safari/537.36" "erctherapy.com"
20.122.163.70 - - [15/Sep/2022:16:51:28 -0700] "GET /0.php HTTP/1.1" 404 88 "-" "Mozilla/5.0 (Windows NT 10.0; Win64; x64) AppleWebKit/537.36 (KHTML, like Gecko) Chrome/85.0.4183.102 Safari/537.36" "erctherapy.com"
20.122.163.70 - - [15/Sep/2022:16:51:37 -0700] "GET /01.php HTTP/1.1" 404 88 "-" "Mozilla/5.0 (Windows NT 10.0; Win64; x64) AppleWebKit/537.36 (KHTML, like Gecko) Chrome/85.0.4183.102 Safari/537.36" "erctherapy.com"
20.122.163.70 - - [15/Sep/2022:16:51:42 -0700] "GET /0byte HTTP/1.1" 404 88 "-" "Mozilla/5.0 (Windows NT 10.0; Win64; x64) AppleWebKit/537.36 (KHTML, like Gecko) Chrome/85.0.4183.102 Safari/537.36" "erctherapy.com"
20.122.163.70 - - [15/Sep/2022:16:51:49 -0700] "GET /0byte.php HTTP/1.1" 404 88 "-" "Mozilla/5.0 (Windows NT 10.0; Win64; x64) AppleWebKit/537.36 (KHTML, like Gecko) Chrome/85.0.4183.102 Safari/537.36" "erctherapy.com"
20.122.163.70 - - [15/Sep/2022:16:51:54 -0700] "GET /1.php HTTP/1.1" 404 88 "-" "Mozilla/5.0 (Windows NT 10.0; Win64; x64) AppleWebKit/537.36 (KHTML, like Gecko) Chrome/85.0.4183.102 Safari/537.36" "erctherapy.com"
20.122.163.70 - - [15/Sep/2022:16:51:56 -0700] "GET /10.php HTTP/1.1" 404 88 "-" "Mozilla/5.0 (Windows NT 10.0; Win64; x64) AppleWebKit/537.36 (KHTML, like Gecko) Chrome/85.0.4183.102 Safari/537.36" "erctherapy.com"
20.122.163.70 - - [15/Sep/2022:16:51:58 -0700] "GET /100.php HTTP/1.1" 404 88 "-" "Mozilla/5.0 (Windows NT 10.0; Win64; x64) AppleWebKit/537.36 (KHTML, like Gecko) Chrome/85.0.4183.102 Safari/537.36" "erctherapy.com"
20.122.163.70 - - [15/Sep/2022:16:52:03 -0700] "GET /11index.php HTTP/1.1" 404 88 "-" "Mozilla/5.0 (Windows NT 10.0; Win64; x64) AppleWebKit/537.36 (KHTML, like Gecko) Chrome/85.0.4183.102 Safari/537.36" "erctherapy.com"
20.122.163.70 - - [15/Sep/2022:16:52:10 -0700] "GET /13.php HTTP/1.1" 404 88 "-" "Mozilla/5.0 (Windows NT 10.0; Win64; x64) AppleWebKit/537.36 (KHTML, like Gecko) Chrome/85.0.4183.102 Safari/537.36" "erctherapy.com"
20.122.163.70 - - [15/Sep/2022:16:52:12 -0700] "GET /1337.php HTTP/1.1" 404 88 "-" "Mozilla/5.0 (Windows NT 10.0; Win64; x64) AppleWebKit/537.36 (KHTML, like Gecko) Chrome/85.0.4183.102 Safari/537.36" "erctherapy.com"
20.122.163.70 - - [15/Sep/2022:16:52:15 -0700] "GET /2.php HTTP/1.1" 404 88 "-" "Mozilla/5.0 (Windows NT 10.0; Win64; x64) AppleWebKit/537.36 (KHTML, like Gecko) Chrome/85.0.4183.102 Safari/537.36" "erctherapy.com"
20.122.163.70 - - [15/Sep/2022:16:52:18 -0700] "GET /2index.php HTTP/1.1" 404 88 "-" "Mozilla/5.0 (Windows NT 10.0; Win64; x64) AppleWebKit/537.36 (KHTML, like Gecko) Chrome/85.0.4183.102 Safari/537.36" "erctherapy.com"
20.122.163.70 - - [15/Sep/2022:16:52:22 -0700] "GET /3.php HTTP/1.1" 404 88 "-" "Mozilla/5.0 (Windows NT 10.0; Win64; x64) AppleWebKit/537.36 (KHTML, like Gecko) Chrome/85.0.4183.102 Safari/537.36" "erctherapy.com"
20.122.163.70 - - [15/Sep/2022:16:52:24 -0700] "GET /4.php HTTP/1.1" 404 88 "-" "Mozilla/5.0 (Windows NT 10.0; Win64; x64) AppleWebKit/537.36 (KHTML, like Gecko) Chrome/85.0.4183.102 Safari/537.36" "erctherapy.com"
20.122.163.70 - - [15/Sep/2022:16:52:27 -0700] "GET /403.php HTTP/1.1" 404 88 "-" "Mozilla/5.0 (Windows NT 10.0; Win64; x64) AppleWebKit/537.36 (KHTML, like Gecko) Chrome/85.0.4183.102 Safari/537.36" "erctherapy.com"
20.122.163.70 - - [15/Sep/2022:16:53:35 -0700] "GET /5.php HTTP/1.1" 404 88 "-" "Mozilla/5.0 (Windows NT 10.0; Win64; x64) AppleWebKit/537.36 (KHTML, like Gecko) Chrome/85.0.4183.102 Safari/537.36" "erctherapy.com"
20.122.163.70 - - [15/Sep/2022:16:53:41 -0700] "GET /9.php HTTP/1.1" 404 88 "-" "Mozilla/5.0 (Windows NT 10.0; Win64; x64) AppleWebKit/537.36 (KHTML, like Gecko) Chrome/85.0.4183.102 Safari/537.36" "erctherapy.com"
20.122.163.70 - - [15/Sep/2022:16:53:46 -0700] "GET /Alfa.php HTTP/1.1" 404 88 "-" "Mozilla/5.0 (Windows NT 10.0; Win64; x64) AppleWebKit/537.36 (KHTML, like Gecko) Chrome/85.0.4183.102 Safari/537.36" "erctherapy.com"
20.122.163.70 - - [15/Sep/2022:16:53:54 -0700] "GET /FoxWSO.php HTTP/1.1" 404 88 "-" "Mozilla/5.0 (Windows NT 10.0; Win64; x64) AppleWebKit/537.36 (KHTML, like Gecko) Chrome/85.0.4183.102 Safari/537.36" "erctherapy.com"
20.122.163.70 - - [15/Sep/2022:16:53:57 -0700] "GET /WSO.php HTTP/1.1" 404 88 "-" "Mozilla/5.0 (Windows NT 10.0; Win64; x64) AppleWebKit/537.36 (KHTML, like Gecko) Chrome/85.0.4183.102 Safari/537.36" "erctherapy.com"
20.122.163.70 - - [15/Sep/2022:16:53:59 -0700] "GET /a.php HTTP/1.1" 404 88 "-" "Mozilla/5.0 (Windows NT 10.0; Win64; x64) AppleWebKit/537.36 (KHTML, like Gecko) Chrome/85.0.4183.102 Safari/537.36" "erctherapy.com"
20.122.163.70 - - [15/Sep/2022:16:54:02 -0700] "GET /about.php HTTP/1.1" 404 88 "-" "Mozilla/5.0 (Windows NT 10.0; Win64; x64) AppleWebKit/537.36 (KHTML, like Gecko) Chrome/85.0.4183.102 Safari/537.36" "erctherapy.com"
20.122.163.70 - - [15/Sep/2022:16:54:03 -0700] "GET /alf.php HTTP/1.1" 404 88 "-" "Mozilla/5.0 (Windows NT 10.0; Win64; x64) AppleWebKit/537.36 (KHTML, like Gecko) Chrome/85.0.4183.102 Safari/537.36" "erctherapy.com"
20.122.163.70 - - [15/Sep/2022:16:54:06 -0700] "GET /alfa.php HTTP/1.1" 404 88 "-" "Mozilla/5.0 (Windows NT 10.0; Win64; x64) AppleWebKit/537.36 (KHTML, like Gecko) Chrome/85.0.4183.102 Safari/537.36" "erctherapy.com"
20.122.163.70 - - [15/Sep/2022:16:54:08 -0700] "GET /alfashell.php HTTP/1.1" 404 88 "-" "Mozilla/5.0 (Windows NT 10.0; Win64; x64) AppleWebKit/537.36 (KHTML, like Gecko) Chrome/85.0.4183.102 Safari/537.36" "erctherapy.com"
185.191.171.26 - - [15/Sep/2022:16:54:12 -0700] "GET /robots.txt HTTP/1.1" 404 88 "-" "Mozilla/5.0 (compatible; SemrushBot/7~bl; +http://www.semrush.com/bot.html)" "www.erctherapy.com"
185.191.171.11 - - [15/Sep/2022:16:54:13 -0700] "GET /clipart/backgrounds/?C=D%3BO%3DA HTTP/1.1" 200 365 "-" "Mozilla/5.0 (compatible; SemrushBot/7~bl; +http://www.semrush.com/bot.html)" "www.erctherapy.com"
20.122.163.70 - - [15/Sep/2022:16:54:16 -0700] "GET /alwso.php HTTP/1.1" 404 88 "-" "Mozilla/5.0 (Windows NT 10.0; Win64; x64) AppleWebKit/537.36 (KHTML, like Gecko) Chrome/85.0.4183.102 Safari/537.36" "erctherapy.com"
20.122.163.70 - - [15/Sep/2022:16:54:19 -0700] "GET /autoload_classmap.php HTTP/1.1" 404 88 "-" "Mozilla/5.0 (Windows NT 10.0; Win64; x64) AppleWebKit/537.36 (KHTML, like Gecko) Chrome/85.0.4183.102 Safari/537.36" "erctherapy.com"
20.122.163.70 - - [15/Sep/2022:16:54:23 -0700] "GET /b.php HTTP/1.1" 404 88 "-" "Mozilla/5.0 (Windows NT 10.0; Win64; x64) AppleWebKit/537.36 (KHTML, like Gecko) Chrome/85.0.4183.102 Safari/537.36" "erctherapy.com"
20.122.163.70 - - [15/Sep/2022:16:54:27 -0700] "GET /blog.php HTTP/1.1" 404 88 "-" "Mozilla/5.0 (Windows NT 10.0; Win64; x64) AppleWebKit/537.36 (KHTML, like Gecko) Chrome/85.0.4183.102 Safari/537.36" "erctherapy.com"
20.122.163.70 - - [15/Sep/2022:16:54:35 -0700] "GET /blog/fw.php HTTP/1.1" 404 88 "-" "Mozilla/5.0 (Windows NT 10.0; Win64; x64) AppleWebKit/537.36 (KHTML, like Gecko) Chrome/85.0.4183.102 Safari/537.36" "erctherapy.com"
20.122.163.70 - - [15/Sep/2022:16:55:44 -0700] "GET /c.php HTTP/1.1" 404 88 "-" "Mozilla/5.0 (Windows NT 10.0; Win64; x64) AppleWebKit/537.36 (KHTML, like Gecko) Chrome/85.0.4183.102 Safari/537.36" "erctherapy.com"
20.122.163.70 - - [15/Sep/2022:16:55:47 -0700] "GET /c99.php HTTP/1.1" 404 88 "-" "Mozilla/5.0 (Windows NT 10.0; Win64; x64) AppleWebKit/537.36 (KHTML, like Gecko) Chrome/85.0.4183.102 Safari/537.36" "erctherapy.com"
20.122.163.70 - - [15/Sep/2022:16:55:52 -0700] "GET /content.php HTTP/1.1" 404 88 "-" "Mozilla/5.0 (Windows NT 10.0; Win64; x64) AppleWebKit/537.36 (KHTML, like Gecko) Chrome/85.0.4183.102 Safari/537.36" "erctherapy.com"
20.122.163.70 - - [15/Sep/2022:16:55:57 -0700] "GET /date.php HTTP/1.1" 404 88 "-" "Mozilla/5.0 (Windows NT 10.0; Win64; x64) AppleWebKit/537.36 (KHTML, like Gecko) Chrome/85.0.4183.102 Safari/537.36" "erctherapy.com"
20.122.163.70 - - [15/Sep/2022:16:56:00 -0700] "GET /doc.php HTTP/1.1" 404 88 "-" "Mozilla/5.0 (Windows NT 10.0; Win64; x64) AppleWebKit/537.36 (KHTML, like Gecko) Chrome/85.0.4183.102 Safari/537.36" "erctherapy.com"
20.122.163.70 - - [15/Sep/2022:16:57:07 -0700] "GET /edit-form.php HTTP/1.1" 404 88 "-" "Mozilla/5.0 (Windows NT 10.0; Win64; x64) AppleWebKit/537.36 (KHTML, like Gecko) Chrome/85.0.4183.102 Safari/537.36" "erctherapy.com"
20.122.163.70 - - [15/Sep/2022:16:57:14 -0700] "GET /f.php HTTP/1.1" 404 88 "-" "Mozilla/5.0 (Windows NT 10.0; Win64; x64) AppleWebKit/537.36 (KHTML, like Gecko) Chrome/85.0.4183.102 Safari/537.36" "erctherapy.com"
20.122.163.70 - - [15/Sep/2022:16:57:19 -0700] "GET /fox.php HTTP/1.1" 404 88 "-" "Mozilla/5.0 (Windows NT 10.0; Win64; x64) AppleWebKit/537.36 (KHTML, like Gecko) Chrome/85.0.4183.102 Safari/537.36" "erctherapy.com"
20.122.163.70 - - [15/Sep/2022:16:57:22 -0700] "GET /g.php HTTP/1.1" 404 88 "-" "Mozilla/5.0 (Windows NT 10.0; Win64; x64) AppleWebKit/537.36 (KHTML, like Gecko) Chrome/85.0.4183.102 Safari/537.36" "erctherapy.com"
20.122.163.70 - - [15/Sep/2022:16:57:25 -0700] "GET /goods.php HTTP/1.1" 404 88 "-" "Mozilla/5.0 (Windows NT 10.0; Win64; x64) AppleWebKit/537.36 (KHTML, like Gecko) Chrome/85.0.4183.102 Safari/537.36" "erctherapy.com"
20.122.163.70 - - [15/Sep/2022:16:57:28 -0700] "GET /h.php HTTP/1.1" 404 88 "-" "Mozilla/5.0 (Windows NT 10.0; Win64; x64) AppleWebKit/537.36 (KHTML, like Gecko) Chrome/85.0.4183.102 Safari/537.36" "erctherapy.com"
20.122.163.70 - - [15/Sep/2022:16:57:31 -0700] "GET /haxor.php HTTP/1.1" 404 88 "-" "Mozilla/5.0 (Windows NT 10.0; Win64; x64) AppleWebKit/537.36 (KHTML, like Gecko) Chrome/85.0.4183.102 Safari/537.36" "erctherapy.com"
20.122.163.70 - - [15/Sep/2022:16:57:37 -0700] "GET /hello.php HTTP/1.1" 404 88 "-" "Mozilla/5.0 (Windows NT 10.0; Win64; x64) AppleWebKit/537.36 (KHTML, like Gecko) Chrome/85.0.4183.102 Safari/537.36" "erctherapy.com"
20.122.163.70 - - [15/Sep/2022:16:57:43 -0700] "GET /i.php HTTP/1.1" 404 88 "-" "Mozilla/5.0 (Windows NT 10.0; Win64; x64) AppleWebKit/537.36 (KHTML, like Gecko) Chrome/85.0.4183.102 Safari/537.36" "erctherapy.com"
20.122.163.70 - - [15/Sep/2022:16:57:48 -0700] "GET /images/about.php HTTP/1.1" 404 88 "-" "Mozilla/5.0 (Windows NT 10.0; Win64; x64) AppleWebKit/537.36 (KHTML, like Gecko) Chrome/85.0.4183.102 Safari/537.36" "erctherapy.com"
20.122.163.70 - - [15/Sep/2022:16:57:51 -0700] "GET /jindex.php HTTP/1.1" 404 88 "-" "Mozilla/5.0 (Windows NT 10.0; Win64; x64) AppleWebKit/537.36 (KHTML, like Gecko) Chrome/85.0.4183.102 Safari/537.36" "erctherapy.com"
