185.191.171.6 - - [12/Sep/2022:23:19:42 -0700] "GET /cruise/ HTTP/1.1" 200 1485 "-" "Mozilla/5.0 (compatible; SemrushBot/7~bl; +http://www.semrush.com/bot.html)" "www.erctherapy.com"
35.129.24.198 - - [12/Sep/2022:23:22:41 -0700] "GET / HTTP/1.1" 200 2041 "-" "Mozilla/5.0 (Windows NT 6.3; Win64; x64) AppleWebKit/537.36 (KHTML, like Gecko) Chrome/102.0.0.0 Safari/537.36" "erctherapy.com"
51.222.253.17 - - [12/Sep/2022:23:29:50 -0700] "GET /images/navbars/?C=D;O=D HTTP/1.1" 200 360 "-" "Mozilla/5.0 (compatible; AhrefsBot/7.0; +http://ahrefs.com/robot/)" "erctherapy.com"
20.192.1.236 - - [12/Sep/2022:23:42:05 -0700] "GET / HTTP/1.1" 200 2041 "-" "Mozilla/5.0 (Windows NT 10.0; Win64; x64) AppleWebKit/537.36 (KHTML, like Gecko) Chrome/80.0.3987.149 Safari/537.36" "erctherapy.com"
20.192.1.236 - - [12/Sep/2022:23:42:06 -0700] "GET / HTTP/1.1" 200 2041 "-" "Mozilla/5.0 (Windows NT 10.0; Win64; x64) AppleWebKit/537.36 (KHTML, like Gecko) Chrome/80.0.3987.149 Safari/537.36" "erctherapy.com"
20.192.1.236 - - [12/Sep/2022:23:42:08 -0700] "GET /wp-includes/wlwmanifest.xml HTTP/1.1" 404 73 "-" "Mozilla/5.0 (Windows NT 10.0; Win64; x64) AppleWebKit/537.36 (KHTML, like Gecko) Chrome/80.0.3987.149 Safari/537.36" "erctherapy.com"
20.192.1.236 - - [12/Sep/2022:23:42:08 -0700] "GET /xmlrpc.php?rsd HTTP/1.1" 404 73 "-" "Mozilla/5.0 (Windows NT 10.0; Win64; x64) AppleWebKit/537.36 (KHTML, like Gecko) Chrome/80.0.3987.149 Safari/537.36" "erctherapy.com"
20.192.1.236 - - [12/Sep/2022:23:42:09 -0700] "GET / HTTP/1.1" 200 2041 "-" "Mozilla/5.0 (Windows NT 10.0; Win64; x64) AppleWebKit/537.36 (KHTML, like Gecko) Chrome/80.0.3987.149 Safari/537.36" "erctherapy.com"
185.191.171.1 - - [12/Sep/2022:23:42:09 -0700] "GET /cruise/large-82.html HTTP/1.1" 200 904 "-" "Mozilla/5.0 (compatible; SemrushBot/7~bl; +http://www.semrush.com/bot.html)" "www.erctherapy.com"
20.192.1.236 - - [12/Sep/2022:23:42:10 -0700] "GET /blog/wp-includes/wlwmanifest.xml HTTP/1.1" 404 73 "-" "Mozilla/5.0 (Windows NT 10.0; Win64; x64) AppleWebKit/537.36 (KHTML, like Gecko) Chrome/80.0.3987.149 Safari/537.36" "erctherapy.com"
20.192.1.236 - - [12/Sep/2022:23:42:10 -0700] "GET /web/wp-includes/wlwmanifest.xml HTTP/1.1" 404 73 "-" "Mozilla/5.0 (Windows NT 10.0; Win64; x64) AppleWebKit/537.36 (KHTML, like Gecko) Chrome/80.0.3987.149 Safari/537.36" "erctherapy.com"
20.192.1.236 - - [12/Sep/2022:23:42:11 -0700] "GET /wordpress/wp-includes/wlwmanifest.xml HTTP/1.1" 404 73 "-" "Mozilla/5.0 (Windows NT 10.0; Win64; x64) AppleWebKit/537.36 (KHTML, like Gecko) Chrome/80.0.3987.149 Safari/537.36" "erctherapy.com"
20.192.1.236 - - [12/Sep/2022:23:42:12 -0700] "GET /website/wp-includes/wlwmanifest.xml HTTP/1.1" 404 73 "-" "Mozilla/5.0 (Windows NT 10.0; Win64; x64) AppleWebKit/537.36 (KHTML, like Gecko) Chrome/80.0.3987.149 Safari/537.36" "erctherapy.com"
20.192.1.236 - - [12/Sep/2022:23:42:12 -0700] "GET /wp/wp-includes/wlwmanifest.xml HTTP/1.1" 404 73 "-" "Mozilla/5.0 (Windows NT 10.0; Win64; x64) AppleWebKit/537.36 (KHTML, like Gecko) Chrome/80.0.3987.149 Safari/537.36" "erctherapy.com"
20.192.1.236 - - [12/Sep/2022:23:42:13 -0700] "GET /news/wp-includes/wlwmanifest.xml HTTP/1.1" 404 73 "-" "Mozilla/5.0 (Windows NT 10.0; Win64; x64) AppleWebKit/537.36 (KHTML, like Gecko) Chrome/80.0.3987.149 Safari/537.36" "erctherapy.com"
20.192.1.236 - - [12/Sep/2022:23:42:13 -0700] "GET /2018/wp-includes/wlwmanifest.xml HTTP/1.1" 404 73 "-" "Mozilla/5.0 (Windows NT 10.0; Win64; x64) AppleWebKit/537.36 (KHTML, like Gecko) Chrome/80.0.3987.149 Safari/537.36" "erctherapy.com"
20.192.1.236 - - [12/Sep/2022:23:42:14 -0700] "GET /2019/wp-includes/wlwmanifest.xml HTTP/1.1" 404 73 "-" "Mozilla/5.0 (Windows NT 10.0; Win64; x64) AppleWebKit/537.36 (KHTML, like Gecko) Chrome/80.0.3987.149 Safari/537.36" "erctherapy.com"
20.192.1.236 - - [12/Sep/2022:23:42:15 -0700] "GET /shop/wp-includes/wlwmanifest.xml HTTP/1.1" 404 73 "-" "Mozilla/5.0 (Windows NT 10.0; Win64; x64) AppleWebKit/537.36 (KHTML, like Gecko) Chrome/80.0.3987.149 Safari/537.36" "erctherapy.com"
20.192.1.236 - - [12/Sep/2022:23:42:15 -0700] "GET /wp1/wp-includes/wlwmanifest.xml HTTP/1.1" 404 73 "-" "Mozilla/5.0 (Windows NT 10.0; Win64; x64) AppleWebKit/537.36 (KHTML, like Gecko) Chrome/80.0.3987.149 Safari/537.36" "erctherapy.com"
20.192.1.236 - - [12/Sep/2022:23:42:16 -0700] "GET /test/wp-includes/wlwmanifest.xml HTTP/1.1" 404 73 "-" "Mozilla/5.0 (Windows NT 10.0; Win64; x64) AppleWebKit/537.36 (KHTML, like Gecko) Chrome/80.0.3987.149 Safari/537.36" "erctherapy.com"
20.192.1.236 - - [12/Sep/2022:23:42:17 -0700] "GET /media/wp-includes/wlwmanifest.xml HTTP/1.1" 404 73 "-" "Mozilla/5.0 (Windows NT 10.0; Win64; x64) AppleWebKit/537.36 (KHTML, like Gecko) Chrome/80.0.3987.149 Safari/537.36" "erctherapy.com"
20.192.1.236 - - [12/Sep/2022:23:42:17 -0700] "GET /wp2/wp-includes/wlwmanifest.xml HTTP/1.1" 404 73 "-" "Mozilla/5.0 (Windows NT 10.0; Win64; x64) AppleWebKit/537.36 (KHTML, like Gecko) Chrome/80.0.3987.149 Safari/537.36" "erctherapy.com"
20.192.1.236 - - [12/Sep/2022:23:42:18 -0700] "GET /site/wp-includes/wlwmanifest.xml HTTP/1.1" 404 73 "-" "Mozilla/5.0 (Windows NT 10.0; Win64; x64) AppleWebKit/537.36 (KHTML, like Gecko) Chrome/80.0.3987.149 Safari/537.36" "erctherapy.com"
20.192.1.236 - - [12/Sep/2022:23:42:18 -0700] "GET /cms/wp-includes/wlwmanifest.xml HTTP/1.1" 404 73 "-" "Mozilla/5.0 (Windows NT 10.0; Win64; x64) AppleWebKit/537.36 (KHTML, like Gecko) Chrome/80.0.3987.149 Safari/537.36" "erctherapy.com"
20.192.1.236 - - [12/Sep/2022:23:42:19 -0700] "GET /sito/wp-includes/wlwmanifest.xml HTTP/1.1" 404 73 "-" "Mozilla/5.0 (Windows NT 10.0; Win64; x64) AppleWebKit/537.36 (KHTML, like Gecko) Chrome/80.0.3987.149 Safari/537.36" "erctherapy.com"
185.191.171.20 - - [13/Sep/2022:00:04:05 -0700] "GET /cruise/large-143.html HTTP/1.1" 200 925 "-" "Mozilla/5.0 (compatible; SemrushBot/7~bl; +http://www.semrush.com/bot.html)" "www.erctherapy.com"
185.191.171.7 - - [13/Sep/2022:00:07:28 -0700] "GET /cruise/large-210.html HTTP/1.1" 200 912 "-" "Mozilla/5.0 (compatible; SemrushBot/7~bl; +http://www.semrush.com/bot.html)" "www.erctherapy.com"
51.222.253.3 - - [13/Sep/2022:00:31:25 -0700] "GET / HTTP/1.1" 200 570 "-" "Mozilla/5.0 (compatible; AhrefsBot/7.0; +http://ahrefs.com/robot/)" "erctherapy.com"
185.191.171.45 - - [13/Sep/2022:01:02:43 -0700] "GET /robots.txt HTTP/1.1" 404 88 "-" "Mozilla/5.0 (compatible; SemrushBot/7~bl; +http://www.semrush.com/bot.html)" "www.erctherapy.com"
185.191.171.41 - - [13/Sep/2022:01:02:43 -0700] "GET /cruise/large-151.html HTTP/1.1" 200 894 "-" "Mozilla/5.0 (compatible; SemrushBot/7~bl; +http://www.semrush.com/bot.html)" "www.erctherapy.com"
164.132.128.23 - - [13/Sep/2022:01:08:19 -0700] "GET /archivarix.cms.php HTTP/1.1" 404 88 "-" "Mozilla/5.0 (Macintosh; Intel Mac OS X 10_15_7) AppleWebKit/537.36 (KHTML, like Gecko) Chrome/103.0.5060.134 Safari/537.36" "erctherapy.com"
216.244.66.247 - - [13/Sep/2022:01:29:10 -0700] "GET /robots.txt HTTP/1.1" 404 73 "-" "Mozilla/5.0 (compatible; DotBot/1.2; +https://opensiteexplorer.org/dotbot; help@moz.com)" "erctherapy.com"
51.222.253.1 - - [13/Sep/2022:01:29:14 -0700] "GET /cruise/index10.html HTTP/1.1" 200 1400 "-" "Mozilla/5.0 (compatible; AhrefsBot/7.0; +http://ahrefs.com/robot/)" "erctherapy.com"
185.191.171.4 - - [13/Sep/2022:01:29:39 -0700] "GET /cruise/large-157.html HTTP/1.1" 200 887 "-" "Mozilla/5.0 (compatible; SemrushBot/7~bl; +http://www.semrush.com/bot.html)" "www.erctherapy.com"
185.191.171.2 - - [13/Sep/2022:01:38:14 -0700] "GET /storm/?C=S%3BO%3DA HTTP/1.1" 200 408 "-" "Mozilla/5.0 (compatible; SemrushBot/7~bl; +http://www.semrush.com/bot.html)" "www.erctherapy.com"
185.191.171.25 - - [13/Sep/2022:01:47:54 -0700] "GET /buttons/ HTTP/1.1" 200 313 "-" "Mozilla/5.0 (compatible; SemrushBot/7~bl; +http://www.semrush.com/bot.html)" "www.erctherapy.com"
185.191.171.3 - - [13/Sep/2022:01:51:02 -0700] "GET /cruise/large-202.html HTTP/1.1" 200 892 "-" "Mozilla/5.0 (compatible; SemrushBot/7~bl; +http://www.semrush.com/bot.html)" "www.erctherapy.com"
185.191.171.35 - - [13/Sep/2022:02:01:51 -0700] "GET /cruise/large-167.html HTTP/1.1" 200 907 "-" "Mozilla/5.0 (compatible; SemrushBot/7~bl; +http://www.semrush.com/bot.html)" "www.erctherapy.com"
185.191.171.23 - - [13/Sep/2022:02:50:51 -0700] "GET /robots.txt HTTP/1.1" 404 88 "-" "Mozilla/5.0 (compatible; SemrushBot/7~bl; +http://www.semrush.com/bot.html)" "www.erctherapy.com"
185.191.171.24 - - [13/Sep/2022:02:50:52 -0700] "GET /cruise/large-62.html HTTP/1.1" 200 892 "-" "Mozilla/5.0 (compatible; SemrushBot/7~bl; +http://www.semrush.com/bot.html)" "www.erctherapy.com"
185.191.171.16 - - [13/Sep/2022:02:56:05 -0700] "GET /cruise/large-177.html HTTP/1.1" 200 905 "-" "Mozilla/5.0 (compatible; SemrushBot/7~bl; +http://www.semrush.com/bot.html)" "www.erctherapy.com"
157.55.39.23 - - [13/Sep/2022:03:00:47 -0700] "GET /robots.txt HTTP/1.1" 404 88 "-" "Mozilla/5.0 (compatible; bingbot/2.0; +http://www.bing.com/bingbot.htm)" "www.erctherapy.com"
157.55.39.23 - - [13/Sep/2022:03:00:47 -0700] "GET /robots.txt HTTP/1.1" 404 88 "-" "Mozilla/5.0 (compatible; bingbot/2.0; +http://www.bing.com/bingbot.htm)" "www.erctherapy.com"
157.55.39.223 - - [13/Sep/2022:03:00:52 -0700] "GET /clipart/ HTTP/1.1" 200 369 "-" "Mozilla/5.0 (compatible; bingbot/2.0; +http://www.bing.com/bingbot.htm)" "www.erctherapy.com"
185.191.171.33 - - [13/Sep/2022:03:21:27 -0700] "GET /clipart/?C=M%3BO%3DA HTTP/1.1" 200 369 "-" "Mozilla/5.0 (compatible; SemrushBot/7~bl; +http://www.semrush.com/bot.html)" "www.erctherapy.com"
185.191.171.18 - - [13/Sep/2022:03:25:59 -0700] "GET /clipart/?C=N%3BO%3DD HTTP/1.1" 200 369 "-" "Mozilla/5.0 (compatible; SemrushBot/7~bl; +http://www.semrush.com/bot.html)" "www.erctherapy.com"
185.191.171.37 - - [13/Sep/2022:03:54:07 -0700] "GET /robots.txt HTTP/1.1" 404 88 "-" "Mozilla/5.0 (compatible; SemrushBot/7~bl; +http://www.semrush.com/bot.html)" "www.erctherapy.com"
185.191.171.20 - - [13/Sep/2022:03:54:08 -0700] "GET /cruise/large-75.html HTTP/1.1" 200 903 "-" "Mozilla/5.0 (compatible; SemrushBot/7~bl; +http://www.semrush.com/bot.html)" "www.erctherapy.com"
185.191.171.12 - - [13/Sep/2022:04:11:54 -0700] "GET /sitebuilder/?C=D%3BO%3DA HTTP/1.1" 200 355 "-" "Mozilla/5.0 (compatible; SemrushBot/7~bl; +http://www.semrush.com/bot.html)" "www.erctherapy.com"
185.191.171.22 - - [13/Sep/2022:04:12:05 -0700] "GET /?C=M%3BO%3DA HTTP/1.1" 200 570 "-" "Mozilla/5.0 (compatible; SemrushBot/7~bl; +http://www.semrush.com/bot.html)" "www.erctherapy.com"
185.191.171.20 - - [13/Sep/2022:04:24:20 -0700] "GET /cruise/large-195.html HTTP/1.1" 200 906 "-" "Mozilla/5.0 (compatible; SemrushBot/7~bl; +http://www.semrush.com/bot.html)" "www.erctherapy.com"
185.191.171.6 - - [13/Sep/2022:04:28:06 -0700] "GET /storm/?C=N%3BO%3DD HTTP/1.1" 200 408 "-" "Mozilla/5.0 (compatible; SemrushBot/7~bl; +http://www.semrush.com/bot.html)" "www.erctherapy.com"
185.191.171.24 - - [13/Sep/2022:04:36:43 -0700] "GET /cruise/large-141.html HTTP/1.1" 200 895 "-" "Mozilla/5.0 (compatible; SemrushBot/7~bl; +http://www.semrush.com/bot.html)" "www.erctherapy.com"
185.191.171.18 - - [13/Sep/2022:04:37:39 -0700] "GET /cruise/large-205.html HTTP/1.1" 200 895 "-" "Mozilla/5.0 (compatible; SemrushBot/7~bl; +http://www.semrush.com/bot.html)" "www.erctherapy.com"
5.255.231.246 - - [13/Sep/2022:04:42:40 -0700] "GET /robots.txt HTTP/1.1" 404 73 "-" "Mozilla/5.0 (compatible; YandexBot/3.0; +http://yandex.com/bots)" "erctherapy.com"
87.250.224.90 - - [13/Sep/2022:04:42:44 -0700] "GET /cruise/large-73.html HTTP/1.1" 200 919 "-" "Mozilla/5.0 (compatible; YandexBot/3.0; +http://yandex.com/bots)" "erctherapy.com"
185.191.171.7 - - [13/Sep/2022:04:50:51 -0700] "GET /cruise/large-178.html HTTP/1.1" 200 898 "-" "Mozilla/5.0 (compatible; SemrushBot/7~bl; +http://www.semrush.com/bot.html)" "www.erctherapy.com"
51.222.253.19 - - [13/Sep/2022:04:55:38 -0700] "GET /robots.txt HTTP/1.1" 404 88 "-" "Mozilla/5.0 (compatible; AhrefsBot/7.0; +http://ahrefs.com/robot/)" "erctherapy.com"
51.222.253.7 - - [13/Sep/2022:04:55:39 -0700] "GET /cruise/index5.html HTTP/1.1" 200 1576 "-" "Mozilla/5.0 (compatible; AhrefsBot/7.0; +http://ahrefs.com/robot/)" "erctherapy.com"
51.222.253.7 - - [13/Sep/2022:04:55:42 -0700] "GET /cruise/thumbnails/thumb-67.jpg HTTP/1.1" 200 12470 "-" "Mozilla/5.0 (compatible; AhrefsBot/7.0; +http://ahrefs.com/robot/)" "erctherapy.com"
51.222.253.11 - - [13/Sep/2022:04:55:43 -0700] "GET /cruise/thumbnails/thumb-70.jpg HTTP/1.1" 200 15995 "-" "Mozilla/5.0 (compatible; AhrefsBot/7.0; +http://ahrefs.com/robot/)" "erctherapy.com"
51.222.253.8 - - [13/Sep/2022:04:55:44 -0700] "GET /cruise/thumbnails/thumb-66.jpg HTTP/1.1" 200 11579 "-" "Mozilla/5.0 (compatible; AhrefsBot/7.0; +http://ahrefs.com/robot/)" "erctherapy.com"
51.222.253.2 - - [13/Sep/2022:04:55:44 -0700] "GET /cruise/thumbnails/thumb-68.jpg HTTP/1.1" 200 11226 "-" "Mozilla/5.0 (compatible; AhrefsBot/7.0; +http://ahrefs.com/robot/)" "erctherapy.com"
51.222.253.7 - - [13/Sep/2022:04:55:45 -0700] "GET /cruise/thumbnails/thumb-65.jpg HTTP/1.1" 200 19151 "-" "Mozilla/5.0 (compatible; AhrefsBot/7.0; +http://ahrefs.com/robot/)" "erctherapy.com"
51.222.253.12 - - [13/Sep/2022:04:55:46 -0700] "GET /cruise/thumbnails/thumb-75.jpg HTTP/1.1" 200 9256 "-" "Mozilla/5.0 (compatible; AhrefsBot/7.0; +http://ahrefs.com/robot/)" "erctherapy.com"
51.222.253.17 - - [13/Sep/2022:04:55:47 -0700] "GET /cruise/thumbnails/thumb-73.jpg HTTP/1.1" 200 11170 "-" "Mozilla/5.0 (compatible; AhrefsBot/7.0; +http://ahrefs.com/robot/)" "erctherapy.com"
51.222.253.13 - - [13/Sep/2022:04:55:47 -0700] "GET /cruise/thumbnails/thumb-61.jpg HTTP/1.1" 200 16951 "-" "Mozilla/5.0 (compatible; AhrefsBot/7.0; +http://ahrefs.com/robot/)" "erctherapy.com"
51.222.253.3 - - [13/Sep/2022:04:55:48 -0700] "GET /cruise/thumbnails/thumb-63.jpg HTTP/1.1" 200 17605 "-" "Mozilla/5.0 (compatible; AhrefsBot/7.0; +http://ahrefs.com/robot/)" "erctherapy.com"
51.222.253.7 - - [13/Sep/2022:04:55:49 -0700] "GET /cruise/thumbnails/thumb-64.jpg HTTP/1.1" 200 10750 "-" "Mozilla/5.0 (compatible; AhrefsBot/7.0; +http://ahrefs.com/robot/)" "erctherapy.com"
51.222.253.13 - - [13/Sep/2022:04:55:49 -0700] "GET /cruise/thumbnails/thumb-62.jpg HTTP/1.1" 200 16961 "-" "Mozilla/5.0 (compatible; AhrefsBot/7.0; +http://ahrefs.com/robot/)" "erctherapy.com"
51.222.253.2 - - [13/Sep/2022:04:55:50 -0700] "GET /cruise/thumbnails/thumb-69.jpg HTTP/1.1" 200 21536 "-" "Mozilla/5.0 (compatible; AhrefsBot/7.0; +http://ahrefs.com/robot/)" "erctherapy.com"
51.222.253.18 - - [13/Sep/2022:04:55:51 -0700] "GET /cruise/thumbnails/thumb-72.jpg HTTP/1.1" 200 12499 "-" "Mozilla/5.0 (compatible; AhrefsBot/7.0; +http://ahrefs.com/robot/)" "erctherapy.com"
51.222.253.2 - - [13/Sep/2022:04:55:52 -0700] "GET /cruise/thumbnails/thumb-74.jpg HTTP/1.1" 200 18217 "-" "Mozilla/5.0 (compatible; AhrefsBot/7.0; +http://ahrefs.com/robot/)" "erctherapy.com"
51.222.253.19 - - [13/Sep/2022:04:55:53 -0700] "GET /cruise/thumbnails/thumb-71.jpg HTTP/1.1" 200 17696 "-" "Mozilla/5.0 (compatible; AhrefsBot/7.0; +http://ahrefs.com/robot/)" "erctherapy.com"
185.191.171.20 - - [13/Sep/2022:05:05:23 -0700] "GET /robots.txt HTTP/1.1" 404 88 "-" "Mozilla/5.0 (compatible; SemrushBot/7~bl; +http://www.semrush.com/bot.html)" "www.erctherapy.com"
185.191.171.33 - - [13/Sep/2022:05:05:24 -0700] "GET /clipart/ HTTP/1.1" 200 369 "-" "Mozilla/5.0 (compatible; SemrushBot/7~bl; +http://www.semrush.com/bot.html)" "www.erctherapy.com"
216.244.66.247 - - [13/Sep/2022:05:07:47 -0700] "GET /robots.txt HTTP/1.1" 404 73 "-" "Mozilla/5.0 (compatible; DotBot/1.2; +https://opensiteexplorer.org/dotbot; help@moz.com)" "erctherapy.com"
185.191.171.45 - - [13/Sep/2022:05:15:11 -0700] "GET /storm/ HTTP/1.1" 200 408 "-" "Mozilla/5.0 (compatible; SemrushBot/7~bl; +http://www.semrush.com/bot.html)" "www.erctherapy.com"
65.108.142.143 - - [13/Sep/2022:05:30:56 -0700] "GET /robots.txt HTTP/1.1" 404 73 "-" "Mozilla/5.0 (compatible; MJ12bot/v1.4.8; http://mj12bot.com/)" "www.erctherapy.com"
65.108.142.143 - - [13/Sep/2022:05:30:58 -0700] "GET /cruise/index10.html HTTP/1.1" 200 1400 "-" "Mozilla/5.0 (compatible; MJ12bot/v1.4.8; http://mj12bot.com/)" "www.erctherapy.com"
65.108.142.143 - - [13/Sep/2022:05:31:03 -0700] "GET /cruise/index11.html HTTP/1.1" 200 1506 "-" "Mozilla/5.0 (compatible; MJ12bot/v1.4.8; http://mj12bot.com/)" "www.erctherapy.com"
157.55.39.82 - - [13/Sep/2022:05:37:34 -0700] "GET /robots.txt HTTP/1.1" 404 88 "-" "Mozilla/5.0 (compatible; bingbot/2.0; +http://www.bing.com/bingbot.htm)" "erctherapy.com"
157.55.39.223 - - [13/Sep/2022:05:37:37 -0700] "GET /cruise/index.html HTTP/1.1" 200 1485 "-" "Mozilla/5.0 (compatible; bingbot/2.0; +http://www.bing.com/bingbot.htm)" "erctherapy.com"
185.191.171.33 - - [13/Sep/2022:05:45:31 -0700] "GET /cruise/large-165.html HTTP/1.1" 200 905 "-" "Mozilla/5.0 (compatible; SemrushBot/7~bl; +http://www.semrush.com/bot.html)" "www.erctherapy.com"
51.222.253.7 - - [13/Sep/2022:05:50:28 -0700] "GET /?C=D;O=A HTTP/1.1" 200 570 "-" "Mozilla/5.0 (compatible; AhrefsBot/7.0; +http://ahrefs.com/robot/)" "erctherapy.com"
185.191.171.37 - - [13/Sep/2022:05:57:39 -0700] "GET /cruise/large-81.html HTTP/1.1" 200 905 "-" "Mozilla/5.0 (compatible; SemrushBot/7~bl; +http://www.semrush.com/bot.html)" "www.erctherapy.com"
5.45.207.154 - - [13/Sep/2022:06:35:40 -0700] "GET /cruise/large-177.html HTTP/1.1" 200 905 "-" "Mozilla/5.0 (compatible; YandexBot/3.0; +http://yandex.com/bots)" "erctherapy.com"
54.36.149.3 - - [13/Sep/2022:06:38:45 -0700] "GET /robots.txt HTTP/1.1" 404 88 "-" "Mozilla/5.0 (compatible; AhrefsBot/7.0; +http://ahrefs.com/robot/)" "erctherapy.com"
51.222.253.15 - - [13/Sep/2022:06:38:46 -0700] "GET /images/ HTTP/1.1" 200 753 "-" "Mozilla/5.0 (compatible; AhrefsBot/7.0; +http://ahrefs.com/robot/)" "erctherapy.com"
185.191.171.39 - - [13/Sep/2022:06:52:55 -0700] "GET /robots.txt HTTP/1.1" 404 88 "-" "Mozilla/5.0 (compatible; SemrushBot/7~bl; +http://www.semrush.com/bot.html)" "www.erctherapy.com"
185.191.171.33 - - [13/Sep/2022:06:53:00 -0700] "GET /cruise/large-144.html HTTP/1.1" 200 890 "-" "Mozilla/5.0 (compatible; SemrushBot/7~bl; +http://www.semrush.com/bot.html)" "www.erctherapy.com"
185.191.171.41 - - [13/Sep/2022:06:59:02 -0700] "GET /cruise/large-63.html HTTP/1.1" 200 892 "-" "Mozilla/5.0 (compatible; SemrushBot/7~bl; +http://www.semrush.com/bot.html)" "www.erctherapy.com"
185.191.171.2 - - [13/Sep/2022:07:16:36 -0700] "GET /cruise/large-149.html HTTP/1.1" 200 892 "-" "Mozilla/5.0 (compatible; SemrushBot/7~bl; +http://www.semrush.com/bot.html)" "www.erctherapy.com"
5.45.207.145 - - [13/Sep/2022:07:27:59 -0700] "GET /robots.txt HTTP/1.1" 404 73 "-" "Mozilla/5.0 (compatible; YandexBot/3.0; +http://yandex.com/bots)" "www.erctherapy.com"
5.45.207.103 - - [13/Sep/2022:07:28:03 -0700] "GET / HTTP/1.1" 200 570 "-" "Mozilla/5.0 (compatible; YandexBot/3.0; +http://yandex.com/bots)" "www.erctherapy.com"
5.45.207.111 - - [13/Sep/2022:07:28:46 -0700] "GET /robots.txt HTTP/1.1" 404 73 "-" "Mozilla/5.0 (compatible; YandexBot/3.0; +http://yandex.com/bots)" "erctherapy.com"
87.250.224.144 - - [13/Sep/2022:07:28:50 -0700] "GET / HTTP/1.1" 200 570 "-" "Mozilla/5.0 (compatible; YandexBot/3.0; +http://yandex.com/bots)" "erctherapy.com"
216.244.66.247 - - [13/Sep/2022:07:36:36 -0700] "GET /robots.txt HTTP/1.1" 404 73 "-" "Mozilla/5.0 (compatible; DotBot/1.2; +https://opensiteexplorer.org/dotbot; help@moz.com)" "erctherapy.com"
185.191.171.41 - - [13/Sep/2022:08:25:26 -0700] "GET /robots.txt HTTP/1.1" 404 88 "-" "Mozilla/5.0 (compatible; SemrushBot/7~bl; +http://www.semrush.com/bot.html)" "www.erctherapy.com"
185.191.171.35 - - [13/Sep/2022:08:25:26 -0700] "GET /cruise/large-189.html HTTP/1.1" 200 900 "-" "Mozilla/5.0 (compatible; SemrushBot/7~bl; +http://www.semrush.com/bot.html)" "www.erctherapy.com"
185.191.171.37 - - [13/Sep/2022:08:27:35 -0700] "GET /docs/?C=S%3BO%3DA HTTP/1.1" 200 363 "-" "Mozilla/5.0 (compatible; SemrushBot/7~bl; +http://www.semrush.com/bot.html)" "www.erctherapy.com"
185.191.171.22 - - [13/Sep/2022:08:29:44 -0700] "GET /cruise/large-203.html HTTP/1.1" 200 889 "-" "Mozilla/5.0 (compatible; SemrushBot/7~bl; +http://www.semrush.com/bot.html)" "www.erctherapy.com"
185.191.171.1 - - [13/Sep/2022:08:40:49 -0700] "GET /cruise/large-187.html HTTP/1.1" 200 915 "-" "Mozilla/5.0 (compatible; SemrushBot/7~bl; +http://www.semrush.com/bot.html)" "www.erctherapy.com"
185.191.171.40 - - [13/Sep/2022:09:11:41 -0700] "GET /cruise/large-182.html HTTP/1.1" 200 903 "-" "Mozilla/5.0 (compatible; SemrushBot/7~bl; +http://www.semrush.com/bot.html)" "www.erctherapy.com"
216.244.66.247 - - [13/Sep/2022:09:17:17 -0700] "GET /robots.txt HTTP/1.1" 404 73 "-" "Mozilla/5.0 (compatible; DotBot/1.2; +https://opensiteexplorer.org/dotbot; help@moz.com)" "erctherapy.com"
185.191.171.40 - - [13/Sep/2022:09:19:03 -0700] "GET /cruise/large-204.html HTTP/1.1" 200 899 "-" "Mozilla/5.0 (compatible; SemrushBot/7~bl; +http://www.semrush.com/bot.html)" "www.erctherapy.com"
185.191.171.11 - - [13/Sep/2022:09:36:52 -0700] "GET /robots.txt HTTP/1.1" 404 88 "-" "Mozilla/5.0 (compatible; SemrushBot/7~bl; +http://www.semrush.com/bot.html)" "www.erctherapy.com"
185.191.171.7 - - [13/Sep/2022:09:36:53 -0700] "GET /cruise/large-139.html HTTP/1.1" 200 893 "-" "Mozilla/5.0 (compatible; SemrushBot/7~bl; +http://www.semrush.com/bot.html)" "www.erctherapy.com"
185.191.171.7 - - [13/Sep/2022:10:06:22 -0700] "GET /cruise/large-169.html HTTP/1.1" 200 886 "-" "Mozilla/5.0 (compatible; SemrushBot/7~bl; +http://www.semrush.com/bot.html)" "www.erctherapy.com"
216.244.66.247 - - [13/Sep/2022:10:08:17 -0700] "GET /robots.txt HTTP/1.1" 404 73 "-" "Mozilla/5.0 (compatible; DotBot/1.2; +https://opensiteexplorer.org/dotbot; help@moz.com)" "www.erctherapy.com"
185.191.171.26 - - [13/Sep/2022:10:10:09 -0700] "GET /cruise/large-194.html HTTP/1.1" 200 910 "-" "Mozilla/5.0 (compatible; SemrushBot/7~bl; +http://www.semrush.com/bot.html)" "www.erctherapy.com"
185.191.171.2 - - [13/Sep/2022:10:13:08 -0700] "GET /cruise/large-211.html HTTP/1.1" 200 916 "-" "Mozilla/5.0 (compatible; SemrushBot/7~bl; +http://www.semrush.com/bot.html)" "www.erctherapy.com"
185.191.171.3 - - [13/Sep/2022:10:24:06 -0700] "GET /clipart/backgrounds/ HTTP/1.1" 200 365 "-" "Mozilla/5.0 (compatible; SemrushBot/7~bl; +http://www.semrush.com/bot.html)" "www.erctherapy.com"
51.222.253.20 - - [13/Sep/2022:10:34:52 -0700] "GET /cruise/large-185.html HTTP/1.1" 200 895 "-" "Mozilla/5.0 (compatible; AhrefsBot/7.0; +http://ahrefs.com/robot/)" "erctherapy.com"
157.55.39.23 - - [13/Sep/2022:10:42:19 -0700] "GET /robots.txt HTTP/1.1" 404 88 "-" "Mozilla/5.0 (compatible; bingbot/2.0; +http://www.bing.com/bingbot.htm)" "erctherapy.com"
157.55.39.23 - - [13/Sep/2022:10:42:19 -0700] "GET /robots.txt HTTP/1.1" 404 88 "-" "Mozilla/5.0 (compatible; bingbot/2.0; +http://www.bing.com/bingbot.htm)" "erctherapy.com"
40.77.167.13 - - [13/Sep/2022:10:42:26 -0700] "GET /cruise/large-30.html HTTP/1.1" 200 884 "-" "Mozilla/5.0 (compatible; bingbot/2.0; +http://www.bing.com/bingbot.htm)" "erctherapy.com"
185.191.171.39 - - [13/Sep/2022:11:07:37 -0700] "GET /robots.txt HTTP/1.1" 404 88 "-" "Mozilla/5.0 (compatible; SemrushBot/7~bl; +http://www.semrush.com/bot.html)" "www.erctherapy.com"
185.191.171.17 - - [13/Sep/2022:11:07:37 -0700] "GET /cruise/large-184.html HTTP/1.1" 200 898 "-" "Mozilla/5.0 (compatible; SemrushBot/7~bl; +http://www.semrush.com/bot.html)" "www.erctherapy.com"
185.191.171.5 - - [13/Sep/2022:11:16:22 -0700] "GET /cruise/large-179.html HTTP/1.1" 200 900 "-" "Mozilla/5.0 (compatible; SemrushBot/7~bl; +http://www.semrush.com/bot.html)" "www.erctherapy.com"
185.191.171.35 - - [13/Sep/2022:11:22:35 -0700] "GET /cruise/large-170.html HTTP/1.1" 200 902 "-" "Mozilla/5.0 (compatible; SemrushBot/7~bl; +http://www.semrush.com/bot.html)" "www.erctherapy.com"
185.191.171.38 - - [13/Sep/2022:11:32:00 -0700] "GET /cruise/large-64.html HTTP/1.1" 200 892 "-" "Mozilla/5.0 (compatible; SemrushBot/7~bl; +http://www.semrush.com/bot.html)" "www.erctherapy.com"
185.191.171.13 - - [13/Sep/2022:11:39:32 -0700] "GET /buttons/?C=N%3BO%3DD HTTP/1.1" 200 313 "-" "Mozilla/5.0 (compatible; SemrushBot/7~bl; +http://www.semrush.com/bot.html)" "www.erctherapy.com"
89.46.223.134 - - [13/Sep/2022:11:51:57 -0700] "GET / HTTP/1.1" 200 2041 "-" "Mozilla/5.0 (Windows NT 10.0; Win64; x64)" "erctherapy.com"
216.244.66.247 - - [13/Sep/2022:11:52:00 -0700] "GET /robots.txt HTTP/1.1" 404 73 "-" "Mozilla/5.0 (compatible; DotBot/1.2; +https://opensiteexplorer.org/dotbot; help@moz.com)" "erctherapy.com"
185.191.171.4 - - [13/Sep/2022:11:59:44 -0700] "GET /clipart/?C=S%3BO%3DA HTTP/1.1" 200 369 "-" "Mozilla/5.0 (compatible; SemrushBot/7~bl; +http://www.semrush.com/bot.html)" "www.erctherapy.com"
51.222.253.14 - - [13/Sep/2022:12:06:45 -0700] "GET /?C=S;O=D HTTP/1.1" 200 556 "-" "Mozilla/5.0 (compatible; AhrefsBot/7.0; +http://ahrefs.com/robot/)" "erctherapy.com"
185.191.171.19 - - [13/Sep/2022:12:14:52 -0700] "GET /robots.txt HTTP/1.1" 404 88 "-" "Mozilla/5.0 (compatible; SemrushBot/7~bl; +http://www.semrush.com/bot.html)" "www.erctherapy.com"
185.191.171.23 - - [13/Sep/2022:12:14:53 -0700] "GET /cruise/large-163.html HTTP/1.1" 200 913 "-" "Mozilla/5.0 (compatible; SemrushBot/7~bl; +http://www.semrush.com/bot.html)" "www.erctherapy.com"
3.84.188.145 - - [13/Sep/2022:12:18:28 -0700] "GET / HTTP/1.1" 200 570 "-" "Mozilla/5.0 (Windows NT 10.0; Win64; x64; rv:63.0) Gecko/20100101 Firefox/63.0" "erctherapy.com"
3.84.188.145 - - [13/Sep/2022:12:18:29 -0700] "GET /about.html HTTP/1.1" 200 1660 "-" "Mozilla/5.0 (Windows NT 10.0; Win64; x64) AppleWebKit/537.36 (KHTML, like Gecko) Chrome/70.0.3538.102 Safari/537.36" "erctherapy.com"
3.84.188.145 - - [13/Sep/2022:12:18:29 -0700] "GET /images/ERC_Logo2.png HTTP/1.1" 200 5315 "http://erctherapy.com/about.html" "Mozilla/5.0 (Windows NT 10.0; Win64; x64) AppleWebKit/537.36 (KHTML, like Gecko) Chrome/70.0.3538.102 Safari/537.36" "erctherapy.com"
3.84.188.145 - - [13/Sep/2022:12:18:29 -0700] "GET /sitebuilder/images/IMG_0292-375x105.jpg HTTP/1.1" 200 7671 "http://erctherapy.com/about.html" "Mozilla/5.0 (Windows NT 10.0; Win64; x64) AppleWebKit/537.36 (KHTML, like Gecko) Chrome/70.0.3538.102 Safari/537.36" "erctherapy.com"
3.84.188.145 - - [13/Sep/2022:12:18:29 -0700] "GET /sitebuilder/images/sidenavAboutUs-114x23.jpg HTTP/1.1" 200 1486 "http://erctherapy.com/about.html" "Mozilla/5.0 (Windows NT 10.0; Win64; x64) AppleWebKit/537.36 (KHTML, like Gecko) Chrome/70.0.3538.102 Safari/537.36" "erctherapy.com"
3.84.188.145 - - [13/Sep/2022:12:18:29 -0700] "GET /sitebuilder/images/sidenavContacUs-114x23.jpg HTTP/1.1" 200 1570 "http://erctherapy.com/about.html" "Mozilla/5.0 (Windows NT 10.0; Win64; x64) AppleWebKit/537.36 (KHTML, like Gecko) Chrome/70.0.3538.102 Safari/537.36" "erctherapy.com"
3.84.188.145 - - [13/Sep/2022:12:18:29 -0700] "GET /sitebuilder/images/sidenavHome-114x23.jpg HTTP/1.1" 200 1351 "http://erctherapy.com/about.html" "Mozilla/5.0 (Windows NT 10.0; Win64; x64) AppleWebKit/537.36 (KHTML, like Gecko) Chrome/70.0.3538.102 Safari/537.36" "erctherapy.com"
3.84.188.145 - - [13/Sep/2022:12:18:29 -0700] "GET /sitebuilder/images/sidenavNews-114x23.jpg HTTP/1.1" 200 1358 "http://erctherapy.com/about.html" "Mozilla/5.0 (Windows NT 10.0; Win64; x64) AppleWebKit/537.36 (KHTML, like Gecko) Chrome/70.0.3538.102 Safari/537.36" "erctherapy.com"
3.84.188.145 - - [13/Sep/2022:12:18:29 -0700] "GET /contact.html HTTP/1.1" 200 2016 "-" "Mozilla/5.0 (Windows NT 10.0; Win64; x64) AppleWebKit/537.36 (KHTML, like Gecko) Chrome/64.0.3282.140 Safari/537.36 Edge/17.17134" "erctherapy.com"
3.84.188.145 - - [13/Sep/2022:12:18:29 -0700] "GET /images/ERC_Logo2.png HTTP/1.1" 200 5315 "http://erctherapy.com/contact.html" "Mozilla/5.0 (Windows NT 10.0; Win64; x64) AppleWebKit/537.36 (KHTML, like Gecko) Chrome/64.0.3282.140 Safari/537.36 Edge/17.17134" "erctherapy.com"
3.84.188.145 - - [13/Sep/2022:12:18:29 -0700] "GET /sitebuilder/images/IMG_0292-375x105.jpg HTTP/1.1" 200 7671 "http://erctherapy.com/contact.html" "Mozilla/5.0 (Windows NT 10.0; Win64; x64) AppleWebKit/537.36 (KHTML, like Gecko) Chrome/64.0.3282.140 Safari/537.36 Edge/17.17134" "erctherapy.com"
3.84.188.145 - - [13/Sep/2022:12:18:29 -0700] "GET /sitebuilder/images/sidenavNews-114x23.jpg HTTP/1.1" 200 1358 "http://erctherapy.com/contact.html" "Mozilla/5.0 (Windows NT 10.0; Win64; x64) AppleWebKit/537.36 (KHTML, like Gecko) Chrome/64.0.3282.140 Safari/537.36 Edge/17.17134" "erctherapy.com"
3.84.188.145 - - [13/Sep/2022:12:18:29 -0700] "GET /sitebuilder/images/sidenavContacUs-114x23.jpg HTTP/1.1" 200 1570 "http://erctherapy.com/contact.html" "Mozilla/5.0 (Windows NT 10.0; Win64; x64) AppleWebKit/537.36 (KHTML, like Gecko) Chrome/64.0.3282.140 Safari/537.36 Edge/17.17134" "erctherapy.com"
3.84.188.145 - - [13/Sep/2022:12:18:29 -0700] "GET /sitebuilder/images/sidenavAboutUs-114x23.jpg HTTP/1.1" 200 1486 "http://erctherapy.com/contact.html" "Mozilla/5.0 (Windows NT 10.0; Win64; x64) AppleWebKit/537.36 (KHTML, like Gecko) Chrome/64.0.3282.140 Safari/537.36 Edge/17.17134" "erctherapy.com"
3.84.188.145 - - [13/Sep/2022:12:18:29 -0700] "GET /sitebuilder/images/sidenavHome-114x23.jpg HTTP/1.1" 200 1351 "http://erctherapy.com/contact.html" "Mozilla/5.0 (Windows NT 10.0; Win64; x64) AppleWebKit/537.36 (KHTML, like Gecko) Chrome/64.0.3282.140 Safari/537.36 Edge/17.17134" "erctherapy.com"
3.84.188.145 - - [13/Sep/2022:12:18:29 -0700] "GET /?c=n;o=d HTTP/1.1" 200 570 "-" "Mozilla/5.0 (Windows NT 10.0; Win64; x64; rv:63.0) Gecko/20100101 Firefox/63.0" "erctherapy.com"
3.84.188.145 - - [13/Sep/2022:12:18:29 -0700] "GET /?c=m;o=a HTTP/1.1" 200 570 "-" "Mozilla/5.0 (Windows NT 10.0; Win64; x64) AppleWebKit/537.36 (KHTML, like Gecko) Chrome/64.0.3282.140 Safari/537.36 Edge/17.17134" "erctherapy.com"
3.84.188.145 - - [13/Sep/2022:12:18:30 -0700] "GET /?c=s;o=a HTTP/1.1" 200 570 "-" "Mozilla/5.0 (Windows NT 10.0; Win64; x64) AppleWebKit/537.36 (KHTML, like Gecko) Chrome/64.0.3282.140 Safari/537.36 Edge/17.17134" "erctherapy.com"
3.84.188.145 - - [13/Sep/2022:12:18:30 -0700] "GET /?c=d;o=a HTTP/1.1" 200 570 "-" "Mozilla/5.0 (Windows NT 10.0; Win64; x64; rv:63.0) Gecko/20100101 Firefox/63.0" "erctherapy.com"
3.84.188.145 - - [13/Sep/2022:12:18:30 -0700] "GET /buttons/ HTTP/1.1" 200 313 "-" "Mozilla/5.0 (Windows NT 10.0; Win64; x64) AppleWebKit/537.36 (KHTML, like Gecko) Chrome/64.0.3282.140 Safari/537.36 Edge/17.17134" "erctherapy.com"
3.84.188.145 - - [13/Sep/2022:12:18:38 -0700] "GET /clipart/ HTTP/1.1" 200 369 "-" "Mozilla/5.0 (Windows NT 10.0; Win64; x64) AppleWebKit/537.36 (KHTML, like Gecko) Chrome/64.0.3282.140 Safari/537.36 Edge/17.17134" "erctherapy.com"
3.84.188.145 - - [13/Sep/2022:12:18:38 -0700] "GET /cruise/ HTTP/1.1" 200 1485 "-" "Mozilla/5.0 (Windows NT 10.0; Win64; x64; rv:63.0) Gecko/20100101 Firefox/63.0" "erctherapy.com"
3.84.188.145 - - [13/Sep/2022:12:18:38 -0700] "GET /cruise/assets/css/global.css HTTP/1.1" 200 1339 "http://erctherapy.com/cruise/" "Mozilla/5.0 (Windows NT 10.0; Win64; x64; rv:63.0) Gecko/20100101 Firefox/63.0" "erctherapy.com"
3.84.188.145 - - [13/Sep/2022:12:18:38 -0700] "GET /cruise/thumbnails/thumb-1.jpg HTTP/1.1" 200 14893 "http://erctherapy.com/cruise/" "Mozilla/5.0 (Windows NT 10.0; Win64; x64; rv:63.0) Gecko/20100101 Firefox/63.0" "erctherapy.com"
3.84.188.145 - - [13/Sep/2022:12:18:38 -0700] "GET /cruise/thumbnails/thumb-2.jpg HTTP/1.1" 200 14643 "http://erctherapy.com/cruise/" "Mozilla/5.0 (Windows NT 10.0; Win64; x64; rv:63.0) Gecko/20100101 Firefox/63.0" "erctherapy.com"
3.84.188.145 - - [13/Sep/2022:12:18:38 -0700] "GET /cruise/thumbnails/thumb-3.jpg HTTP/1.1" 200 9220 "http://erctherapy.com/cruise/" "Mozilla/5.0 (Windows NT 10.0; Win64; x64; rv:63.0) Gecko/20100101 Firefox/63.0" "erctherapy.com"
3.84.188.145 - - [13/Sep/2022:12:18:38 -0700] "GET /cruise/thumbnails/thumb-4.jpg HTTP/1.1" 200 14510 "http://erctherapy.com/cruise/" "Mozilla/5.0 (Windows NT 10.0; Win64; x64; rv:63.0) Gecko/20100101 Firefox/63.0" "erctherapy.com"
3.84.188.145 - - [13/Sep/2022:12:18:38 -0700] "GET /cruise/thumbnails/thumb-5.jpg HTTP/1.1" 200 8564 "http://erctherapy.com/cruise/" "Mozilla/5.0 (Windows NT 10.0; Win64; x64; rv:63.0) Gecko/20100101 Firefox/63.0" "erctherapy.com"
3.84.188.145 - - [13/Sep/2022:12:18:38 -0700] "GET /cruise/thumbnails/thumb-6.jpg HTTP/1.1" 200 9935 "http://erctherapy.com/cruise/" "Mozilla/5.0 (Windows NT 10.0; Win64; x64; rv:63.0) Gecko/20100101 Firefox/63.0" "erctherapy.com"
3.84.188.145 - - [13/Sep/2022:12:18:38 -0700] "GET /cruise/thumbnails/thumb-7.jpg HTTP/1.1" 200 11996 "http://erctherapy.com/cruise/" "Mozilla/5.0 (Windows NT 10.0; Win64; x64; rv:63.0) Gecko/20100101 Firefox/63.0" "erctherapy.com"
3.84.188.145 - - [13/Sep/2022:12:18:38 -0700] "GET /cruise/thumbnails/thumb-8.jpg HTTP/1.1" 200 21459 "http://erctherapy.com/cruise/" "Mozilla/5.0 (Windows NT 10.0; Win64; x64; rv:63.0) Gecko/20100101 Firefox/63.0" "erctherapy.com"
3.84.188.145 - - [13/Sep/2022:12:18:38 -0700] "GET /cruise/thumbnails/thumb-9.jpg HTTP/1.1" 200 16999 "http://erctherapy.com/cruise/" "Mozilla/5.0 (Windows NT 10.0; Win64; x64; rv:63.0) Gecko/20100101 Firefox/63.0" "erctherapy.com"
3.84.188.145 - - [13/Sep/2022:12:18:38 -0700] "GET /cruise/thumbnails/thumb-10.jpg HTTP/1.1" 200 21200 "http://erctherapy.com/cruise/" "Mozilla/5.0 (Windows NT 10.0; Win64; x64; rv:63.0) Gecko/20100101 Firefox/63.0" "erctherapy.com"
3.84.188.145 - - [13/Sep/2022:12:18:38 -0700] "GET /cruise/thumbnails/thumb-11.jpg HTTP/1.1" 200 19006 "http://erctherapy.com/cruise/" "Mozilla/5.0 (Windows NT 10.0; Win64; x64; rv:63.0) Gecko/20100101 Firefox/63.0" "erctherapy.com"
3.84.188.145 - - [13/Sep/2022:12:18:38 -0700] "GET /cruise/thumbnails/thumb-12.jpg HTTP/1.1" 200 18317 "http://erctherapy.com/cruise/" "Mozilla/5.0 (Windows NT 10.0; Win64; x64; rv:63.0) Gecko/20100101 Firefox/63.0" "erctherapy.com"
3.84.188.145 - - [13/Sep/2022:12:18:38 -0700] "GET /cruise/thumbnails/thumb-13.jpg HTTP/1.1" 200 8826 "http://erctherapy.com/cruise/" "Mozilla/5.0 (Windows NT 10.0; Win64; x64; rv:63.0) Gecko/20100101 Firefox/63.0" "erctherapy.com"
3.84.188.145 - - [13/Sep/2022:12:18:38 -0700] "GET /cruise/thumbnails/thumb-15.jpg HTTP/1.1" 200 20357 "http://erctherapy.com/cruise/" "Mozilla/5.0 (Windows NT 10.0; Win64; x64; rv:63.0) Gecko/20100101 Firefox/63.0" "erctherapy.com"
3.84.188.145 - - [13/Sep/2022:12:18:38 -0700] "GET /cruise/thumbnails/thumb-14.jpg HTTP/1.1" 200 13011 "http://erctherapy.com/cruise/" "Mozilla/5.0 (Windows NT 10.0; Win64; x64; rv:63.0) Gecko/20100101 Firefox/63.0" "erctherapy.com"
3.84.188.145 - - [13/Sep/2022:12:18:38 -0700] "GET /cruise/assets/img/next.gif HTTP/1.1" 200 169 "http://erctherapy.com/cruise/" "Mozilla/5.0 (Windows NT 10.0; Win64; x64; rv:63.0) Gecko/20100101 Firefox/63.0" "erctherapy.com"
3.84.188.145 - - [13/Sep/2022:12:18:38 -0700] "GET /docs/ HTTP/1.1" 200 363 "-" "Mozilla/5.0 (Windows NT 10.0; Win64; x64) AppleWebKit/537.36 (KHTML, like Gecko) Chrome/64.0.3282.140 Safari/537.36 Edge/17.17134" "erctherapy.com"
3.84.188.145 - - [13/Sep/2022:12:18:39 -0700] "GET /images/ HTTP/1.1" 200 753 "-" "Mozilla/5.0 (Windows NT 10.0; Win64; x64) AppleWebKit/537.36 (KHTML, like Gecko) Chrome/64.0.3282.140 Safari/537.36 Edge/17.17134" "erctherapy.com"
3.84.188.145 - - [13/Sep/2022:12:18:39 -0700] "GET /news.html HTTP/1.1" 200 2265 "-" "Mozilla/5.0 (Windows NT 10.0; Win64; x64) AppleWebKit/537.36 (KHTML, like Gecko) Chrome/70.0.3538.102 Safari/537.36" "erctherapy.com"
3.84.188.145 - - [13/Sep/2022:12:18:39 -0700] "GET /images/ERC_Logo2.png HTTP/1.1" 200 5315 "http://erctherapy.com/news.html" "Mozilla/5.0 (Windows NT 10.0; Win64; x64) AppleWebKit/537.36 (KHTML, like Gecko) Chrome/70.0.3538.102 Safari/537.36" "erctherapy.com"
3.84.188.145 - - [13/Sep/2022:12:18:39 -0700] "GET /sitebuilder/images/IMG_0292-375x105.jpg HTTP/1.1" 200 7671 "http://erctherapy.com/news.html" "Mozilla/5.0 (Windows NT 10.0; Win64; x64) AppleWebKit/537.36 (KHTML, like Gecko) Chrome/70.0.3538.102 Safari/537.36" "erctherapy.com"
3.84.188.145 - - [13/Sep/2022:12:18:39 -0700] "GET /sitebuilder/images/sidenavHome-114x23.jpg HTTP/1.1" 200 1351 "http://erctherapy.com/news.html" "Mozilla/5.0 (Windows NT 10.0; Win64; x64) AppleWebKit/537.36 (KHTML, like Gecko) Chrome/70.0.3538.102 Safari/537.36" "erctherapy.com"
3.84.188.145 - - [13/Sep/2022:12:18:39 -0700] "GET /sitebuilder/images/sidenavNews-114x23.jpg HTTP/1.1" 200 1358 "http://erctherapy.com/news.html" "Mozilla/5.0 (Windows NT 10.0; Win64; x64) AppleWebKit/537.36 (KHTML, like Gecko) Chrome/70.0.3538.102 Safari/537.36" "erctherapy.com"
3.84.188.145 - - [13/Sep/2022:12:18:39 -0700] "GET /sitebuilder/images/sidenavAboutUs-114x23.jpg HTTP/1.1" 200 1486 "http://erctherapy.com/news.html" "Mozilla/5.0 (Windows NT 10.0; Win64; x64) AppleWebKit/537.36 (KHTML, like Gecko) Chrome/70.0.3538.102 Safari/537.36" "erctherapy.com"
3.84.188.145 - - [13/Sep/2022:12:18:39 -0700] "GET /sitebuilder/images/sidenavContacUs-114x23.jpg HTTP/1.1" 200 1570 "http://erctherapy.com/news.html" "Mozilla/5.0 (Windows NT 10.0; Win64; x64) AppleWebKit/537.36 (KHTML, like Gecko) Chrome/70.0.3538.102 Safari/537.36" "erctherapy.com"
147.78.47.233 - - [13/Sep/2022:12:19:06 -0700] "GET /wp-login.php HTTP/1.1" 404 88 "-" "Mozilla/5.0 (Windows NT 10.0; Win64; x64) AppleWebKit/537.36 (KHTML, like Gecko) Chrome/64.0.3282.140 Safari/537.36 Edge/18.17763" "erctherapy.com"
3.84.188.145 - - [13/Sep/2022:12:19:11 -0700] "GET /news.html HTTP/1.1" 200 2265 "-" "Mozilla/5.0 (Windows NT 10.0; Win64; x64) AppleWebKit/537.36 (KHTML, like Gecko) Chrome/64.0.3282.140 Safari/537.36 Edge/17.17134" "erctherapy.com"
3.84.188.145 - - [13/Sep/2022:12:19:11 -0700] "GET /images/ERC_Logo2.png HTTP/1.1" 200 5315 "http://erctherapy.com/news.html" "Mozilla/5.0 (Windows NT 10.0; Win64; x64) AppleWebKit/537.36 (KHTML, like Gecko) Chrome/64.0.3282.140 Safari/537.36 Edge/17.17134" "erctherapy.com"
3.84.188.145 - - [13/Sep/2022:12:19:11 -0700] "GET /sitebuilder/images/IMG_0292-375x105.jpg HTTP/1.1" 200 7671 "http://erctherapy.com/news.html" "Mozilla/5.0 (Windows NT 10.0; Win64; x64) AppleWebKit/537.36 (KHTML, like Gecko) Chrome/64.0.3282.140 Safari/537.36 Edge/17.17134" "erctherapy.com"
3.84.188.145 - - [13/Sep/2022:12:19:11 -0700] "GET /sitebuilder/images/sidenavHome-114x23.jpg HTTP/1.1" 200 1351 "http://erctherapy.com/news.html" "Mozilla/5.0 (Windows NT 10.0; Win64; x64) AppleWebKit/537.36 (KHTML, like Gecko) Chrome/64.0.3282.140 Safari/537.36 Edge/17.17134" "erctherapy.com"
3.84.188.145 - - [13/Sep/2022:12:19:11 -0700] "GET /sitebuilder/images/sidenavContacUs-114x23.jpg HTTP/1.1" 200 1570 "http://erctherapy.com/news.html" "Mozilla/5.0 (Windows NT 10.0; Win64; x64) AppleWebKit/537.36 (KHTML, like Gecko) Chrome/64.0.3282.140 Safari/537.36 Edge/17.17134" "erctherapy.com"
3.84.188.145 - - [13/Sep/2022:12:19:11 -0700] "GET /sitebuilder/images/sidenavNews-114x23.jpg HTTP/1.1" 200 1358 "http://erctherapy.com/news.html" "Mozilla/5.0 (Windows NT 10.0; Win64; x64) AppleWebKit/537.36 (KHTML, like Gecko) Chrome/64.0.3282.140 Safari/537.36 Edge/17.17134" "erctherapy.com"
3.84.188.145 - - [13/Sep/2022:12:19:11 -0700] "GET /sitebuilder/images/sidenavAboutUs-114x23.jpg HTTP/1.1" 200 1486 "http://erctherapy.com/news.html" "Mozilla/5.0 (Windows NT 10.0; Win64; x64) AppleWebKit/537.36 (KHTML, like Gecko) Chrome/64.0.3282.140 Safari/537.36 Edge/17.17134" "erctherapy.com"
3.84.188.145 - - [13/Sep/2022:12:19:43 -0700] "GET /news.html HTTP/1.1" 200 2265 "-" "Mozilla/5.0 (Windows NT 10.0; Win64; x64; rv:63.0) Gecko/20100101 Firefox/63.0" "erctherapy.com"
3.84.188.145 - - [13/Sep/2022:12:19:43 -0700] "GET /images/ERC_Logo2.png HTTP/1.1" 200 5315 "http://erctherapy.com/news.html" "Mozilla/5.0 (Windows NT 10.0; Win64; x64; rv:63.0) Gecko/20100101 Firefox/63.0" "erctherapy.com"
3.84.188.145 - - [13/Sep/2022:12:19:43 -0700] "GET /sitebuilder/images/IMG_0292-375x105.jpg HTTP/1.1" 200 7671 "http://erctherapy.com/news.html" "Mozilla/5.0 (Windows NT 10.0; Win64; x64; rv:63.0) Gecko/20100101 Firefox/63.0" "erctherapy.com"
3.84.188.145 - - [13/Sep/2022:12:19:43 -0700] "GET /sitebuilder/images/sidenavHome-114x23.jpg HTTP/1.1" 200 1351 "http://erctherapy.com/news.html" "Mozilla/5.0 (Windows NT 10.0; Win64; x64; rv:63.0) Gecko/20100101 Firefox/63.0" "erctherapy.com"
3.84.188.145 - - [13/Sep/2022:12:19:43 -0700] "GET /sitebuilder/images/sidenavAboutUs-114x23.jpg HTTP/1.1" 200 1486 "http://erctherapy.com/news.html" "Mozilla/5.0 (Windows NT 10.0; Win64; x64; rv:63.0) Gecko/20100101 Firefox/63.0" "erctherapy.com"
3.84.188.145 - - [13/Sep/2022:12:19:43 -0700] "GET /sitebuilder/images/sidenavNews-114x23.jpg HTTP/1.1" 200 1358 "http://erctherapy.com/news.html" "Mozilla/5.0 (Windows NT 10.0; Win64; x64; rv:63.0) Gecko/20100101 Firefox/63.0" "erctherapy.com"
3.84.188.145 - - [13/Sep/2022:12:19:43 -0700] "GET /sitebuilder/images/sidenavContacUs-114x23.jpg HTTP/1.1" 200 1570 "http://erctherapy.com/news.html" "Mozilla/5.0 (Windows NT 10.0; Win64; x64; rv:63.0) Gecko/20100101 Firefox/63.0" "erctherapy.com"
3.84.188.145 - - [13/Sep/2022:12:20:15 -0700] "GET /news.html HTTP/1.1" 200 2265 "-" "Mozilla/5.0 (Windows NT 10.0; Win64; x64) AppleWebKit/537.36 (KHTML, like Gecko) Chrome/64.0.3282.140 Safari/537.36 Edge/17.17134" "erctherapy.com"
3.84.188.145 - - [13/Sep/2022:12:20:15 -0700] "GET /images/ERC_Logo2.png HTTP/1.1" 200 5315 "http://erctherapy.com/news.html" "Mozilla/5.0 (Windows NT 10.0; Win64; x64) AppleWebKit/537.36 (KHTML, like Gecko) Chrome/64.0.3282.140 Safari/537.36 Edge/17.17134" "erctherapy.com"
3.84.188.145 - - [13/Sep/2022:12:20:15 -0700] "GET /sitebuilder/images/IMG_0292-375x105.jpg HTTP/1.1" 200 7671 "http://erctherapy.com/news.html" "Mozilla/5.0 (Windows NT 10.0; Win64; x64) AppleWebKit/537.36 (KHTML, like Gecko) Chrome/64.0.3282.140 Safari/537.36 Edge/17.17134" "erctherapy.com"
3.84.188.145 - - [13/Sep/2022:12:20:15 -0700] "GET /sitebuilder/images/sidenavHome-114x23.jpg HTTP/1.1" 200 1351 "http://erctherapy.com/news.html" "Mozilla/5.0 (Windows NT 10.0; Win64; x64) AppleWebKit/537.36 (KHTML, like Gecko) Chrome/64.0.3282.140 Safari/537.36 Edge/17.17134" "erctherapy.com"
3.84.188.145 - - [13/Sep/2022:12:20:15 -0700] "GET /sitebuilder/images/sidenavAboutUs-114x23.jpg HTTP/1.1" 200 1486 "http://erctherapy.com/news.html" "Mozilla/5.0 (Windows NT 10.0; Win64; x64) AppleWebKit/537.36 (KHTML, like Gecko) Chrome/64.0.3282.140 Safari/537.36 Edge/17.17134" "erctherapy.com"
3.84.188.145 - - [13/Sep/2022:12:20:15 -0700] "GET /sitebuilder/images/sidenavNews-114x23.jpg HTTP/1.1" 200 1358 "http://erctherapy.com/news.html" "Mozilla/5.0 (Windows NT 10.0; Win64; x64) AppleWebKit/537.36 (KHTML, like Gecko) Chrome/64.0.3282.140 Safari/537.36 Edge/17.17134" "erctherapy.com"
3.84.188.145 - - [13/Sep/2022:12:20:15 -0700] "GET /sitebuilder/images/sidenavContacUs-114x23.jpg HTTP/1.1" 200 1570 "http://erctherapy.com/news.html" "Mozilla/5.0 (Windows NT 10.0; Win64; x64) AppleWebKit/537.36 (KHTML, like Gecko) Chrome/64.0.3282.140 Safari/537.36 Edge/17.17134" "erctherapy.com"
3.84.188.145 - - [13/Sep/2022:12:20:45 -0700] "GET /philippines.html HTTP/1.1" 200 2786 "-" "Mozilla/5.0 (Windows NT 10.0; Win64; x64) AppleWebKit/537.36 (KHTML, like Gecko) Chrome/70.0.3538.102 Safari/537.36" "erctherapy.com"
3.84.188.145 - - [13/Sep/2022:12:20:45 -0700] "GET /images/ERC_Logo2.png HTTP/1.1" 200 5315 "http://erctherapy.com/philippines.html" "Mozilla/5.0 (Windows NT 10.0; Win64; x64) AppleWebKit/537.36 (KHTML, like Gecko) Chrome/70.0.3538.102 Safari/537.36" "erctherapy.com"
3.84.188.145 - - [13/Sep/2022:12:20:45 -0700] "GET /sitebuilder/images/IMG_0292-375x105.jpg HTTP/1.1" 200 7671 "http://erctherapy.com/philippines.html" "Mozilla/5.0 (Windows NT 10.0; Win64; x64) AppleWebKit/537.36 (KHTML, like Gecko) Chrome/70.0.3538.102 Safari/537.36" "erctherapy.com"
3.84.188.145 - - [13/Sep/2022:12:20:45 -0700] "GET /sitebuilder/ HTTP/1.1" 200 355 "-" "Mozilla/5.0 (Windows NT 10.0; Win64; x64) AppleWebKit/537.36 (KHTML, like Gecko) Chrome/64.0.3282.140 Safari/537.36 Edge/17.17134" "erctherapy.com"
3.84.188.145 - - [13/Sep/2022:12:20:45 -0700] "GET /storm/ HTTP/1.1" 200 408 "-" "Mozilla/5.0 (Windows NT 10.0; Win64; x64) AppleWebKit/537.36 (KHTML, like Gecko) Chrome/70.0.3538.102 Safari/537.36" "erctherapy.com"
3.84.188.145 - - [13/Sep/2022:12:20:46 -0700] "GET /index.html HTTP/1.1" 404 88 "-" "Mozilla/5.0 (Windows NT 10.0; Win64; x64) AppleWebKit/537.36 (KHTML, like Gecko) Chrome/64.0.3282.140 Safari/537.36 Edge/17.17134" "erctherapy.com"
3.84.188.145 - - [13/Sep/2022:12:20:46 -0700] "GET /buttons/?c=n;o=d HTTP/1.1" 200 313 "-" "Mozilla/5.0 (Windows NT 10.0; Win64; x64; rv:63.0) Gecko/20100101 Firefox/63.0" "erctherapy.com"
3.84.188.145 - - [13/Sep/2022:12:20:53 -0700] "GET /buttons/?c=m;o=a HTTP/1.1" 200 313 "-" "Mozilla/5.0 (Windows NT 10.0; Win64; x64) AppleWebKit/537.36 (KHTML, like Gecko) Chrome/70.0.3538.102 Safari/537.36" "erctherapy.com"
3.84.188.145 - - [13/Sep/2022:12:21:01 -0700] "GET /robots.txt HTTP/1.1" 404 73 "google.com" "Mozilla" "erctherapy.com"
185.191.171.42 - - [13/Sep/2022:12:23:06 -0700] "GET /cruise/large-67.html HTTP/1.1" 200 892 "-" "Mozilla/5.0 (compatible; SemrushBot/7~bl; +http://www.semrush.com/bot.html)" "www.erctherapy.com"
185.191.171.3 - - [13/Sep/2022:12:32:07 -0700] "GET /images/ HTTP/1.1" 200 753 "-" "Mozilla/5.0 (compatible; SemrushBot/7~bl; +http://www.semrush.com/bot.html)" "www.erctherapy.com"
54.36.149.22 - - [13/Sep/2022:12:40:36 -0700] "GET /robots.txt HTTP/1.1" 404 88 "-" "Mozilla/5.0 (compatible; AhrefsBot/7.0; +http://ahrefs.com/robot/)" "www.erctherapy.com"
51.222.253.12 - - [13/Sep/2022:12:40:37 -0700] "GET /buttons/ HTTP/1.1" 200 313 "-" "Mozilla/5.0 (compatible; AhrefsBot/7.0; +http://ahrefs.com/robot/)" "www.erctherapy.com"
216.244.66.247 - - [13/Sep/2022:12:43:23 -0700] "GET /robots.txt HTTP/1.1" 404 73 "-" "Mozilla/5.0 (compatible; DotBot/1.2; +https://opensiteexplorer.org/dotbot; help@moz.com)" "www.erctherapy.com"
185.191.171.34 - - [13/Sep/2022:12:48:56 -0700] "GET /cruise/index14.html HTTP/1.1" 200 1522 "-" "Mozilla/5.0 (compatible; SemrushBot/7~bl; +http://www.semrush.com/bot.html)" "www.erctherapy.com"
51.222.253.5 - - [13/Sep/2022:12:57:06 -0700] "GET /cruise/large-219.html HTTP/1.1" 200 893 "-" "Mozilla/5.0 (compatible; AhrefsBot/7.0; +http://ahrefs.com/robot/)" "erctherapy.com"
51.222.253.2 - - [13/Sep/2022:12:57:09 -0700] "GET /cruise/pictures/picture-219.jpg HTTP/1.1" 200 333611 "-" "Mozilla/5.0 (compatible; AhrefsBot/7.0; +http://ahrefs.com/robot/)" "erctherapy.com"
5.45.207.145 - - [13/Sep/2022:13:00:52 -0700] "GET /robots.txt HTTP/1.1" 404 73 "-" "Mozilla/5.0 (compatible; YandexBot/3.0; +http://yandex.com/bots)" "erctherapy.com"
87.250.224.104 - - [13/Sep/2022:13:00:56 -0700] "GET /cruise/large-211.html HTTP/1.1" 200 916 "-" "Mozilla/5.0 (compatible; YandexBot/3.0; +http://yandex.com/bots)" "erctherapy.com"
185.191.171.41 - - [13/Sep/2022:13:11:06 -0700] "GET /clipart/?C=D%3BO%3DA HTTP/1.1" 200 369 "-" "Mozilla/5.0 (compatible; SemrushBot/7~bl; +http://www.semrush.com/bot.html)" "www.erctherapy.com"
185.191.171.17 - - [13/Sep/2022:13:12:02 -0700] "GET /cruise/large-89.html HTTP/1.1" 200 898 "-" "Mozilla/5.0 (compatible; SemrushBot/7~bl; +http://www.semrush.com/bot.html)" "www.erctherapy.com"
51.222.253.1 - - [13/Sep/2022:13:13:50 -0700] "GET /images/navbars/sidenav/?C=M;O=D HTTP/1.1" 200 458 "-" "Mozilla/5.0 (compatible; AhrefsBot/7.0; +http://ahrefs.com/robot/)" "erctherapy.com"
185.191.171.8 - - [13/Sep/2022:13:19:56 -0700] "GET /robots.txt HTTP/1.1" 404 88 "-" "Mozilla/5.0 (compatible; SemrushBot/7~bl; +http://www.semrush.com/bot.html)" "www.erctherapy.com"
185.191.171.14 - - [13/Sep/2022:13:19:56 -0700] "GET /cruise/index3.html HTTP/1.1" 200 1593 "-" "Mozilla/5.0 (compatible; SemrushBot/7~bl; +http://www.semrush.com/bot.html)" "www.erctherapy.com"
51.222.253.3 - - [13/Sep/2022:13:31:27 -0700] "GET /cruise/large-184.html HTTP/1.1" 200 898 "-" "Mozilla/5.0 (compatible; AhrefsBot/7.0; +http://ahrefs.com/robot/)" "erctherapy.com"
51.222.253.1 - - [13/Sep/2022:13:31:29 -0700] "GET /cruise/pictures/picture-184.jpg HTTP/1.1" 200 208549 "-" "Mozilla/5.0 (compatible; AhrefsBot/7.0; +http://ahrefs.com/robot/)" "erctherapy.com"
216.244.66.247 - - [13/Sep/2022:13:37:52 -0700] "GET /robots.txt HTTP/1.1" 404 73 "-" "Mozilla/5.0 (compatible; DotBot/1.2; +https://opensiteexplorer.org/dotbot; help@moz.com)" "erctherapy.com"
185.191.171.42 - - [13/Sep/2022:13:40:11 -0700] "GET /images/?C=M%3BO%3DA HTTP/1.1" 200 753 "-" "Mozilla/5.0 (compatible; SemrushBot/7~bl; +http://www.semrush.com/bot.html)" "www.erctherapy.com"
185.191.171.34 - - [13/Sep/2022:13:49:23 -0700] "GET /cruise/large-197.html HTTP/1.1" 200 894 "-" "Mozilla/5.0 (compatible; SemrushBot/7~bl; +http://www.semrush.com/bot.html)" "www.erctherapy.com"
51.222.253.19 - - [13/Sep/2022:13:49:40 -0700] "GET /cruise/large-9.html HTTP/1.1" 200 891 "-" "Mozilla/5.0 (compatible; AhrefsBot/7.0; +http://ahrefs.com/robot/)" "erctherapy.com"
51.222.253.19 - - [13/Sep/2022:13:49:43 -0700] "GET /cruise/pictures/picture-9.jpg HTTP/1.1" 200 240478 "-" "Mozilla/5.0 (compatible; AhrefsBot/7.0; +http://ahrefs.com/robot/)" "erctherapy.com"
185.191.171.3 - - [13/Sep/2022:13:51:31 -0700] "GET /cruise/large-80.html HTTP/1.1" 200 905 "-" "Mozilla/5.0 (compatible; SemrushBot/7~bl; +http://www.semrush.com/bot.html)" "www.erctherapy.com"
185.191.171.35 - - [13/Sep/2022:13:53:48 -0700] "GET /cruise/large-17.html HTTP/1.1" 200 894 "-" "Mozilla/5.0 (compatible; SemrushBot/7~bl; +http://www.semrush.com/bot.html)" "www.erctherapy.com"
51.222.253.16 - - [13/Sep/2022:14:03:18 -0700] "GET /cruise/large-8.html HTTP/1.1" 200 891 "-" "Mozilla/5.0 (compatible; AhrefsBot/7.0; +http://ahrefs.com/robot/)" "erctherapy.com"
51.222.253.7 - - [13/Sep/2022:14:03:20 -0700] "GET /cruise/pictures/picture-8.jpg HTTP/1.1" 200 257341 "-" "Mozilla/5.0 (compatible; AhrefsBot/7.0; +http://ahrefs.com/robot/)" "erctherapy.com"
